{"id":8566,"date":"2019-03-20T09:55:41","date_gmt":"2019-03-20T08:55:41","guid":{"rendered":"https:\/\/www.cgjung.net\/espace\/?page_id=8566"},"modified":"2019-08-13T21:08:29","modified_gmt":"2019-08-13T19:08:29","slug":"travail-alchimique","status":"publish","type":"page","link":"https:\/\/www.cgjung.net\/espace\/ariaga-poesie\/travail-alchimique\/","title":{"rendered":"Travail alchimique"},"content":{"rendered":"<h2>Le labeur<\/h2>\n<h4 style=\"text-align: center;\">Les pi\u00e8ges et les chim\u00e8res<\/h4>\n<h4 style=\"text-align: center;\">obscurcissent la lumi\u00e8re<\/h4>\n<h4 style=\"text-align: center;\">et cette note unique<\/h4>\n<h4 style=\"text-align: center;\">que l&rsquo;on m&rsquo;avait donn\u00e9e<\/h4>\n<h4 style=\"text-align: center;\">s&rsquo;est lentement dispers\u00e9e<\/h4>\n<h4 style=\"text-align: center;\">en d&rsquo;inaudibles octaves.<\/h4>\n<p>&nbsp;<\/p>\n<h4 style=\"text-align: center;\">Dans un monde qui sonne faux<\/h4>\n<h4 style=\"text-align: center;\">les caquetages angoiss\u00e9s<\/h4>\n<h4 style=\"text-align: center;\">comme ils sont durs \u00e0 monter<\/h4>\n<h4 style=\"text-align: center;\">les alchimiques degr\u00e9s<\/h4>\n<h4 style=\"text-align: center;\">qui montent au temple int\u00e9rieur<\/h4>\n<h4 style=\"text-align: center;\">o\u00f9 s&rsquo;accomplit le labeur.<\/h4>\n<p>&nbsp;<\/p>\n<h2>La langue de la calcination<\/h2>\n<h4 style=\"text-align: center;\">Dans un monde o\u00f9 les vagues sont de Pierre<\/h4>\n<h4 style=\"text-align: center;\">l\u00e0 o\u00f9 dansent \u00e9ternellement<\/h4>\n<h4 style=\"text-align: center;\">les atomes des corps qui s&rsquo;aimaient<\/h4>\n<h4 style=\"text-align: center;\">l\u00e0 o\u00f9 les oiseaux<\/h4>\n<h4 style=\"text-align: center;\">disent des secrets<\/h4>\n<h4 style=\"text-align: center;\">\u00e0 l&rsquo;oreille des alchimistes<\/h4>\n<h4 style=\"text-align: center;\">l\u00e0 o\u00f9 dans la pens\u00e9e tout existe<\/h4>\n<h4 style=\"text-align: center;\">on parle la langue de la calcination.<\/h4>\n<p>&nbsp;<\/p>\n<h2>Beaut\u00e9 de la dissolution<\/h2>\n<h4 style=\"text-align: center;\">Elle est v\u00e9rit\u00e9<\/h4>\n<h4 style=\"text-align: center;\">l&rsquo;erreur qui monte des failles<\/h4>\n<h4 style=\"text-align: center;\">o\u00f9 plus rien n&rsquo;est jug\u00e9.<\/h4>\n<h4 style=\"text-align: center;\">Elle est musique<\/h4>\n<h4 style=\"text-align: center;\">la stridence nourrici\u00e8re<\/h4>\n<h4 style=\"text-align: center;\">de la danse des contraires.<\/h4>\n<h4 style=\"text-align: center;\">Elle est beaut\u00e9<\/h4>\n<h4 style=\"text-align: center;\">l&rsquo;explosion en \u00e9toile<\/h4>\n<h4 style=\"text-align: center;\">d&rsquo;une ligne trop droite<\/h4>\n<h4 style=\"text-align: center;\">qui se tord de d\u00e9sir<\/h4>\n<h4 style=\"text-align: center;\">pour la grande explosion.<\/h4>\n<h4 style=\"text-align: center;\">Elle est promesse<\/h4>\n<h4 style=\"text-align: center;\">cette porte qui s&rsquo;ouvre<\/h4>\n<h4 style=\"text-align: center;\">vers l&rsquo;\u00e9ternel retour<\/h4>\n<h4 style=\"text-align: center;\">dans les fours alchimiques<\/h4>\n<h4 style=\"text-align: center;\">de la dissolution.<\/h4>\n<h2><\/h2>\n<p>&nbsp;<\/p>\n<h2>Jardinier de lumi\u00e8re<\/h2>\n<h4 style=\"text-align: center;\">Dans le labyrinthe alchimique<\/h4>\n<h4 style=\"text-align: center;\">trouver la Cl\u00e9 du jardin,<\/h4>\n<h4 style=\"text-align: center;\">voir si le temps et l&rsquo;espace se tissent,<\/h4>\n<h4 style=\"text-align: center;\">pour offrir un temps propice,<\/h4>\n<h4 style=\"text-align: center;\">aux travaux philosophiques.<\/h4>\n<h4 style=\"text-align: center;\">Commencer par arracher<\/h4>\n<h4 style=\"text-align: center;\">les mauvaises herbes du caquetage mental.<\/h4>\n<h4 style=\"text-align: center;\">Enlever la premi\u00e8re couche de terre,<\/h4>\n<h4 style=\"text-align: center;\">celle \u00e9paisse et grasse de la persona.<\/h4>\n<h4 style=\"text-align: center;\">A\u00e9rer la terre jusqu&rsquo;aux racines,<\/h4>\n<h4 style=\"text-align: center;\">promesses des fruits vivants de l&rsquo;Amour,<\/h4>\n<h4 style=\"text-align: center;\">recouvrir le tout du riche terreau de l&rsquo;exp\u00e9rience,<\/h4>\n<h4 style=\"text-align: center;\">laisser agir la ros\u00e9e de la patience et de l&rsquo;imagination cr\u00e9ative.<\/h4>\n<h4 style=\"text-align: center;\">C&rsquo;est ainsi que l&rsquo;on deviendra un jardinier<\/h4>\n<h4 style=\"text-align: center;\">qui cultive sa parcelle de lumi\u00e8re.<\/h4>\n<h2>Po\u00e9sies d&rsquo;Ariane Callot<\/h2>\n<p><strong>Po\u00e9sies alchimiques<\/strong><\/p>\n<ul>\n<li><a href=\"https:\/\/www.cgjung.net\/espace\/ariaga-poesie\/alchimie-oeuvre-noir\/\">Alchimie, \u0153uvre au noir<\/a><\/li>\n<li><a href=\"https:\/\/www.cgjung.net\/espace\/ariaga-poesie\/alchimie-matiere-premiere\/\">Alchimie, mati\u00e8re premi\u00e8re<\/a><\/li>\n<li><a href=\"https:\/\/www.cgjung.net\/espace\/ariaga-poesie\/alchimique-conjonction\/\">Alchimique conjonction<\/a><\/li>\n<li><a href=\"https:\/\/www.cgjung.net\/espace\/ariaga-poesie\/alchimie-ici-maintenant\/\">Alchimie de l&rsquo;ici et maintenant<\/a><\/li>\n<li><a href=\"https:\/\/www.cgjung.net\/espace\/ariaga-poesie\/alchimie-de-la-mort\/\">Alchimie de la mort<\/a><\/li>\n<li><a href=\"https:\/\/www.cgjung.net\/espace\/ariaga-poesie\/alchimie-de-nature\/\">Alchimie de la nature<\/a><\/li>\n<li><a href=\"https:\/\/www.cgjung.net\/espace\/ariaga-poesie\/alchimie-divine\/\">Alchimie divine<\/a><\/li>\n<li><a href=\"https:\/\/www.cgjung.net\/espace\/ariaga-poesie\/amours-alchimiques\/\">Amours alchimiques<\/a><\/li>\n<li><a href=\"https:\/\/www.cgjung.net\/espace\/ariaga-poesie\/travail-alchimique\/\">Travail alchimique<\/a><\/li>\n<li><a href=\"https:\/\/www.cgjung.net\/espace\/ariaga-poesie\/echo-a-c-g-jung\/\">En \u00e9cho \u00e0 C.G. Jung<\/a><\/li>\n<li><a href=\"https:\/\/www.cgjung.net\/espace\/ariaga-poesie\/regards\/\">Regards<\/a><\/li>\n<li><a href=\"https:\/\/www.cgjung.net\/espace\/ariaga-poesie\/reves-visions-alchimiques\/\">R\u00eaves et visions alchimiques<\/a><\/li>\n<li><a href=\"https:\/\/www.cgjung.net\/espace\/ariaga-poesie\/microcosme\/\">Microcosme<\/a><\/li>\n<li><a href=\"https:\/\/www.cgjung.net\/espace\/ariaga-poesie\/profondeurs\/\">Dans les profondeurs<\/a><\/li>\n<li><a href=\"https:\/\/www.cgjung.net\/espace\/ariaga-poesie\/musiques\/\">Musiques<\/a><\/li>\n<\/ul>\n<p><strong>M\u00e9moires de l&rsquo;Oc\u00e9an<\/strong><\/p>\n<ul>\n<li><a href=\"https:\/\/www.cgjung.net\/espace\/ariaga-poesie\/memoires-ocean\/#plainte\">Plainte des \u00e2mes perdues<\/a><\/li>\n<li><a href=\"https:\/\/www.cgjung.net\/espace\/ariaga-poesie\/memoires-ocean\/#bateaux\">Bateaux oubli\u00e9s<\/a><\/li>\n<li><a href=\"https:\/\/www.cgjung.net\/espace\/ariaga-poesie\/memoires-ocean\/#racines\">Racines marines<\/a><\/li>\n<\/ul>\n<p><strong>Article de pr\u00e9sentation des po\u00e9sies<\/strong><\/p>\n<ul>\n<li><a href=\"https:\/\/www.cgjung.net\/espace\/accueil\/alchimie-poetique\/\">Jung, Rimbaud, vers l\u2019alchimie po\u00e9tique<\/a><\/li>\n<\/ul>\n\n","protected":false},"excerpt":{"rendered":"<p>Le labeur Les pi\u00e8ges et les chim\u00e8res obscurcissent la lumi\u00e8re et cette note unique que l&rsquo;on m&rsquo;avait donn\u00e9e s&rsquo;est lentement dispers\u00e9e en d&rsquo;inaudibles octaves. &nbsp; Dans un monde qui sonne faux les caquetages angoiss\u00e9s comme ils sont durs \u00e0 monter les alchimiques degr\u00e9s qui montent au temple int\u00e9rieur o\u00f9 s&rsquo;accomplit le labeur. &nbsp; La langue [&hellip;]<\/p>\n","protected":false},"author":1,"featured_media":0,"parent":142,"menu_order":65,"comment_status":"closed","ping_status":"closed","template":"","meta":{"footnotes":""},"class_list":["post-8566","page","type-page","status-publish","hentry"],"_links":{"self":[{"href":"https:\/\/www.cgjung.net\/espace\/wp-json\/wp\/v2\/pages\/8566","targetHints":{"allow":["GET"]}}],"collection":[{"href":"https:\/\/www.cgjung.net\/espace\/wp-json\/wp\/v2\/pages"}],"about":[{"href":"https:\/\/www.cgjung.net\/espace\/wp-json\/wp\/v2\/types\/page"}],"author":[{"embeddable":true,"href":"https:\/\/www.cgjung.net\/espace\/wp-json\/wp\/v2\/users\/1"}],"replies":[{"embeddable":true,"href":"https:\/\/www.cgjung.net\/espace\/wp-json\/wp\/v2\/comments?post=8566"}],"version-history":[{"count":11,"href":"https:\/\/www.cgjung.net\/espace\/wp-json\/wp\/v2\/pages\/8566\/revisions"}],"predecessor-version":[{"id":9707,"href":"https:\/\/www.cgjung.net\/espace\/wp-json\/wp\/v2\/pages\/8566\/revisions\/9707"}],"up":[{"embeddable":true,"href":"https:\/\/www.cgjung.net\/espace\/wp-json\/wp\/v2\/pages\/142"}],"wp:attachment":[{"href":"https:\/\/www.cgjung.net\/espace\/wp-json\/wp\/v2\/media?parent=8566"}],"curies":[{"name":"wp","href":"https:\/\/api.w.org\/{rel}","templated":true}]}}