{"id":6307,"date":"2018-02-12T17:11:20","date_gmt":"2018-02-12T16:11:20","guid":{"rendered":"https:\/\/www.cgjung.net\/espace\/?page_id=6307"},"modified":"2018-09-10T15:12:20","modified_gmt":"2018-09-10T13:12:20","slug":"loeuvre-inconsciente-reveuse","status":"publish","type":"page","link":"https:\/\/www.cgjung.net\/espace\/ariaga-ecrits-jung\/loeuvre-inconsciente-reveuse\/","title":{"rendered":"L\u2019\u0153uvre inconsciente de la r\u00eaveuse"},"content":{"rendered":"<p><strong>Dans la premi\u00e8re partie de sa s\u00e9rie de r\u00eaves, la R\u00eaveuse livr\u00e9e \u00e0 elle m\u00eame produit un mat\u00e9riau alchimique brut mais tr\u00e8s significatif.<\/strong><\/p>\n<p><img loading=\"lazy\" decoding=\"async\" class=\"size-full wp-image-6308 aligncenter\" src=\"https:\/\/www.cgjung.net\/espace\/wp-content\/uploads\/2018\/02\/centre-des-reeves.jpg\" alt=\"\" width=\"487\" height=\"481\" srcset=\"https:\/\/www.cgjung.net\/espace\/wp-content\/uploads\/2018\/02\/centre-des-reeves.jpg 487w, https:\/\/www.cgjung.net\/espace\/wp-content\/uploads\/2018\/02\/centre-des-reeves-300x296.jpg 300w\" sizes=\"auto, (max-width: 487px) 100vw, 487px\" \/><\/p>\n<p><a href=\"https:\/\/www.cgjung.net\/espace\/ariaga-ecrits-jung\/loeuvre-inconsciente-reveuse\/emergences-alchimiques\/\">Les \u00e9mergences alchimiques dans la s\u00e9rie de la R\u00eaveuse<\/a><br \/>\nExpos\u00e9 du projet d\u2019analyse de la s\u00e9rie de la R\u00eaveuse, du mat\u00e9riau alchimique brut \u00e0 la prise de conscience du moi conscient.<\/p>\n<p><a href=\"https:\/\/www.cgjung.net\/espace\/ariaga-ecrits-jung\/loeuvre-inconsciente-reveuse\/reves-initiaux\/\">L\u2019importance des r\u00eaves initiaux<\/a><br \/>\nUn grand r\u00eave isol\u00e9 qui contient d\u00e9j\u00e0 des \u00e9l\u00e9ments essentiels de l\u2019\u00e9mergence de th\u00e8mes alchimiques dans la premi\u00e8re partie de la s\u00e9rie de la R\u00eaveuse.<\/p>\n<p><a href=\"https:\/\/www.cgjung.net\/espace\/ariaga-ecrits-jung\/loeuvre-inconsciente-reveuse\/un-projet-de-travail-alchimique\/\">Un projet de travail alchimique<\/a><br \/>\nRe\u00e7u plusieurs ann\u00e9es apr\u00e8s, un second r\u00eave initial de la R\u00eaveuse est l&rsquo;annonce d&rsquo;un long travail sur soi semblable \u00e0 l\u2019\u0153uvre des alchimistes.<\/p>\n<p><a href=\"https:\/\/www.cgjung.net\/espace\/ariaga-ecrits-jung\/loeuvre-inconsciente-reveuse\/lumiere-nature-conscience\/\">Lumi\u00e8re de la Nature et lumi\u00e8re de la conscience<\/a><br \/>\nL&rsquo;id\u00e9e de Lumi\u00e8re de la Nature a \u00e9t\u00e9 \u00e9nonc\u00e9e par la plupart des philosophes alchimistes de l\u2019Occident. Elle va l\u2019instruire, c\u2019est \u00e0 dire lui montrer comment il faut proc\u00e9der intuitivement.<\/p>\n<p><a href=\"https:\/\/www.cgjung.net\/espace\/ariaga-ecrits-jung\/loeuvre-inconsciente-reveuse\/medecin-dieu\/\">Le m\u00e9decin est le pr\u00e9f\u00e9r\u00e9 de Dieu<\/a><br \/>\nLe m\u00e9decin \u00e9tait, pour les alchimistes, cens\u00e9 conna\u00eetre les merveilles de la nature.<\/p>\n<p><a href=\"https:\/\/www.cgjung.net\/espace\/ariaga-ecrits-jung\/loeuvre-inconsciente-reveuse\/submersion-inconscient\/\">Menace de submersion par l&rsquo;inconscient<\/a><br \/>\nLe conscient choisit et juge. L&rsquo;inconscient s&rsquo;affranchit de la dualit\u00e9 au risque de submerger le conscient.<\/p>\n<p><a href=\"https:\/\/www.cgjung.net\/espace\/ariaga-ecrits-jung\/loeuvre-inconsciente-reveuse\/monter-et-descendre-dans-les-series-de-reves\/\">Monter et descendre dans les s\u00e9ries de r\u00eaves<\/a><br \/>\nMonter et descendre en r\u00eave, la mauvaise r\u00e9putation du nombre vingt et la possibilit\u00e9 de concevoir en \u00e9tant vierge.<\/p>\n<p><a href=\"https:\/\/www.cgjung.net\/espace\/ariaga-ecrits-jung\/loeuvre-inconsciente-reveuse\/marcher-sans-jambes\/\">Marcher sans jambes<\/a><br \/>\nPour rentrer dans le jardin des philosophes alchimistes il faut quatre cl\u00e9s sinon on est comme priv\u00e9 de jambes.<\/p>\n<p><a href=\"https:\/\/www.cgjung.net\/espace\/ariaga-ecrits-jung\/loeuvre-inconsciente-reveuse\/la-maison-avec-cuisine-alchimique\/\">L\u2019alchimiste, sa cuisine et son fourneau<\/a><br \/>\nComment, dans la s\u00e9rie de r\u00eaves, apparait la maison symbolique de l\u2019alchimiste, l\u2019important \u00e9tant la cuisine et son fourneau.<\/p>\n<p><a href=\"https:\/\/www.cgjung.net\/espace\/ariaga-ecrits-jung\/loeuvre-inconsciente-reveuse\/morts-renaissances\/\">Morts et renaissances<\/a><br \/>\nComment dans le travail de l\u2019alchimiste et en psychologie analytique on observe les m\u00eames cycles de morts et de r\u00e9surrections.<\/p>\n<p><a href=\"https:\/\/www.cgjung.net\/espace\/ariaga-ecrits-jung\/loeuvre-inconsciente-reveuse\/oeuvre-des-femmes\/\">L\u2019\u0153uvre des femmes<\/a><br \/>\nLa R\u00eaveuse n\u2019est que la spectatrice de ses songes. Il est aussi question de l\u2019importance de la cuisson, \u0153uvre des femmes, en alchimie et dans la s\u00e9rie de r\u00eaves.<\/p>\n<p><a href=\"https:\/\/www.cgjung.net\/espace\/ariaga-ecrits-jung\/loeuvre-inconsciente-reveuse\/le-serpent-qui-se-mord-la-queue\/\">Le serpent qui se mord la queue<\/a><br \/>\nLa R\u00eaveuse rencontre dans ses songes une repr\u00e9sentation symbolique incompl\u00e8te de l\u2019Ouroboros, le serpent qui se mord la queue des alchimistes.<\/p>\n<p><a href=\"https:\/\/www.cgjung.net\/espace\/ariaga-ecrits-jung\/loeuvre-inconsciente-reveuse\/excrements-supplices\/\">Excr\u00e9ments et supplices en alchimie<\/a><br \/>\nEn alchimie les excr\u00e9ments peuvent devenir de l\u2019Or et de terribles supplices symbolisent les phases de mort et de r\u00e9surrection de la mati\u00e8re.<\/p>\n<p><a href=\"https:\/\/www.cgjung.net\/espace\/ariaga-ecrits-jung\/loeuvre-inconsciente-reveuse\/necessite-ecoute-reves\/\">N\u00e9cessite de l\u2019\u00e9coute du message des r\u00eaves<\/a><br \/>\nIl faut apprendre \u00e0 lire les messages que la Nature envoie par l\u2019interm\u00e9diaire de l\u2019inconscient.<\/p>\n<p><a href=\"https:\/\/www.cgjung.net\/espace\/ariaga-ecrits-jung\/loeuvre-inconsciente-reveuse\/messe-rouge-alchimique\/\">La messe rouge alchimique<\/a><br \/>\nL\u2019\u0153uvre alchimique au rouge et la symbolique du sang du Christ qui fascinent Jung dans la messe chr\u00e9tienne.<\/p>\n<p><a href=\"https:\/\/www.cgjung.net\/espace\/ariaga-ecrits-jung\/loeuvre-inconsciente-reveuse\/necessite-analyse\/\">Prendre conscience de la n\u00e9cessit\u00e9 d\u2019une analyse<\/a><br \/>\nLes deux derniers r\u00eaves de la s\u00e9rie avant la rencontre avec l\u2019analyste et les conclusions sur le but \u00e0 poursuivre : lier ensemble l\u2019\u0153uvre de la nature et l\u2019\u0153uvre de la pens\u00e9e.<\/p>\n<h3><svg class=\"genericon genericond-genericons-neue genericons-neue-document genericond-genericons-neue-1x genericond-rotate-normal\" style=\"fill:#19486B;\" title=\"document\" role=\"img\" aria-labelledby=\"title\"><use xlink:href=\"https:\/\/www.cgjung.net\/espace\/wp-content\/plugins\/genericond\/\/icons\/genericons-neue\/svg-sprite\/genericons-neue.svg#document\" \/><\/svg> <a href=\"https:\/\/www.cgjung.net\/espace\/ariaga-ecrits-jung\/reves-et-alchimie\/\">Page pr\u00e9c\u00e9dente<\/a> | <a href=\"https:\/\/www.cgjung.net\/espace\/ariaga-ecrits-jung\/oeuvre-nature-individuation\/\">Page suivante<\/a><\/h3>\n<p style=\"text-align: right;\"><span style=\"font-size: 10pt;\"><em><a href=\"https:\/\/www.cgjung.net\/espace\/cg-jung\/avertissement\/\">Publi\u00e9 initialement dans le cadre d&rsquo;une th\u00e8se<\/a> cette page a \u00e9t\u00e9 adapt\u00e9e par Ariaga (Ariane Callot), son auteure.<br \/>\nLes ouvrages cit\u00e9s <a href=\"https:\/\/www.cgjung.net\/espace\/cg-jung\/bibliographie\/\">sont r\u00e9f\u00e9renc\u00e9s \u00e0 la page bibliographie<\/a>.<\/em><\/span><\/p>\n\n","protected":false},"excerpt":{"rendered":"<p>Dans la premi\u00e8re partie de sa s\u00e9rie de r\u00eaves, la R\u00eaveuse livr\u00e9e \u00e0 elle m\u00eame produit un mat\u00e9riau alchimique brut mais tr\u00e8s significatif. Les \u00e9mergences alchimiques dans la s\u00e9rie de la R\u00eaveuse Expos\u00e9 du projet d\u2019analyse de la s\u00e9rie de la R\u00eaveuse, du mat\u00e9riau alchimique brut \u00e0 la prise de conscience du moi conscient. L\u2019importance [&hellip;]<\/p>\n","protected":false},"author":1,"featured_media":0,"parent":2023,"menu_order":31,"comment_status":"closed","ping_status":"closed","template":"","meta":{"footnotes":""},"class_list":["post-6307","page","type-page","status-publish","hentry"],"_links":{"self":[{"href":"https:\/\/www.cgjung.net\/espace\/wp-json\/wp\/v2\/pages\/6307","targetHints":{"allow":["GET"]}}],"collection":[{"href":"https:\/\/www.cgjung.net\/espace\/wp-json\/wp\/v2\/pages"}],"about":[{"href":"https:\/\/www.cgjung.net\/espace\/wp-json\/wp\/v2\/types\/page"}],"author":[{"embeddable":true,"href":"https:\/\/www.cgjung.net\/espace\/wp-json\/wp\/v2\/users\/1"}],"replies":[{"embeddable":true,"href":"https:\/\/www.cgjung.net\/espace\/wp-json\/wp\/v2\/comments?post=6307"}],"version-history":[{"count":22,"href":"https:\/\/www.cgjung.net\/espace\/wp-json\/wp\/v2\/pages\/6307\/revisions"}],"predecessor-version":[{"id":7471,"href":"https:\/\/www.cgjung.net\/espace\/wp-json\/wp\/v2\/pages\/6307\/revisions\/7471"}],"up":[{"embeddable":true,"href":"https:\/\/www.cgjung.net\/espace\/wp-json\/wp\/v2\/pages\/2023"}],"wp:attachment":[{"href":"https:\/\/www.cgjung.net\/espace\/wp-json\/wp\/v2\/media?parent=6307"}],"curies":[{"name":"wp","href":"https:\/\/api.w.org\/{rel}","templated":true}]}}