{"id":5418,"date":"2017-11-21T14:45:46","date_gmt":"2017-11-21T13:45:46","guid":{"rendered":"https:\/\/www.cgjung.net\/espace\/?page_id=5418"},"modified":"2019-05-24T17:09:05","modified_gmt":"2019-05-24T15:09:05","slug":"themes-alchimiques-interpretation-reves","status":"publish","type":"page","link":"https:\/\/www.cgjung.net\/espace\/cg-jung\/themes-alchimiques-interpretation-reves\/","title":{"rendered":"Th\u00e8mes alchimiques importants pour l&rsquo;interpr\u00e9tation des r\u00eaves"},"content":{"rendered":"<p style=\"text-align: justify;\"><strong>La m\u00e9thode de C.G. Jung pour son interpr\u00e9tation alchimique d&rsquo;une s\u00e9rie de r\u00eaves et le choix de certains th\u00e8mes parmi ceux mis en \u00e9vidence dans <em>Psychologie et alchimie<\/em>.<\/strong><\/p>\n<p><img loading=\"lazy\" decoding=\"async\" class=\"size-full wp-image-5745 aligncenter\" src=\"https:\/\/www.cgjung.net\/espace\/wp-content\/uploads\/2017\/11\/oeil-de-jung.jpg\" alt=\"\" width=\"640\" height=\"452\" srcset=\"https:\/\/www.cgjung.net\/espace\/wp-content\/uploads\/2017\/11\/oeil-de-jung.jpg 640w, https:\/\/www.cgjung.net\/espace\/wp-content\/uploads\/2017\/11\/oeil-de-jung-300x212.jpg 300w\" sizes=\"auto, (max-width: 640px) 100vw, 640px\" \/><\/p>\n<h2>La m\u00e9thode de Jung<\/h2>\n<p style=\"text-align: justify;\">Dans<em> Psychologie et alchimie,<\/em> Jung explique qu&rsquo;il analyse<strong> la s\u00e9rie du R\u00eaveur<\/strong> qu&rsquo;il propose <strong>comme si les r\u00eaves \u00e9taient les siens<\/strong> (cf. p.65). En effet, il est cens\u00e9 en ignorer le contexte et c&rsquo;est <strong>la s\u00e9rie elle-m\u00eame, consid\u00e9r\u00e9e comme un objet de recherche<\/strong>, qui constitue le mat\u00e9riau de sa r\u00e9flexion.<\/p>\n<p>Nous employons <strong>la m\u00eame m\u00e9thode pour la s\u00e9rie de la R\u00eaveuse<\/strong>.<\/p>\n<p style=\"text-align: justify;\">D&rsquo;autres rayons de signification ont d\u00e9j\u00e0 \u00e9t\u00e9 explor\u00e9s tels que l&rsquo;\u00e9dification d&rsquo;une structure o\u00f9 l&rsquo;importance des nombres. Nous allons maintenant nous int\u00e9resser, avec Jung, au <strong>rayon de la symbolique alchimique<\/strong>.<\/p>\n<p style=\"text-align: justify;\">Jung se livre, dans<em> Psychologie et alchimie<\/em>, \u00e0 de nombreuses et parfois tr\u00e8s longues amplifications qui s&rsquo;expliquent par son immense culture. <strong>Il nous a fallu simplifier<\/strong>, condenser et ne garder, ceci est tr\u00e8s subjectif, que ce qui nous semblait le plus important.<\/p>\n<p style=\"text-align: right;\"><span class=\"su-lightbox\" data-mfp-src=\"https:\/\/www.cgjung.net\/espace\/ariaga-ecrits-jung\/serie-du-reveur\/#reve-1-1\" data-mfp-type=\"iframe\" data-mobile=\"yes\"><a href=\"https:\/\/www.cgjung.net\/espace\" class=\"su-button su-button-style-default\" style=\"color:#FFFFFF;background-color:#2D89EF;border-color:#246ec0;border-radius:5px\" target=\"_self\"><span style=\"color:#FFFFFF;padding:0px 16px;font-size:13px;line-height:26px;border-color:#6cadf4;border-radius:5px;text-shadow:none\">  Voir les r\u00eaves de la s\u00e9rie du r\u00eaveur <\/span><\/a><\/span>\n<h2>Les visions de l&rsquo;alchimiste grec Zozime de Panopolis<\/h2>\n<p style=\"text-align: justify;\">Comme aux autres niveaux d&rsquo;interpr\u00e9tation, <strong>certains th\u00e8mes sont seulement latents<\/strong> dans les d\u00e9buts de la s\u00e9rie du R\u00eaveur de Jung mais on distingue plus nettement la repr\u00e9sentation des degr\u00e9s du processus alchimique, une allusion \u00e0 l\u2019intellect sous la forme de <em>Mercurius<\/em>, ou bien la pr\u00e9sence de l&rsquo;eau ou de l&rsquo;or.<\/p>\n<p style=\"text-align: justify;\">La pr\u00e9sence <strong>d\u2019escaliers, d\u2019\u00e9chelles, <\/strong>aux <strong>r\u00eaves initiaux 6 et 12 <\/strong>s\u2019observe sur de nombreuses illustrations et descriptions alchimiques des diff\u00e9rents stades du travail de l\u2019<strong>Artiste<\/strong>. Elle annonce le processus de transformation psychique, d\u00e9j\u00e0 d\u00e9crit par le texte sur la mont\u00e9e et la descente attribu\u00e9 \u00e0 Zozime<strong>. <\/strong><\/p>\n<p style=\"text-align: left;\"><svg class=\"genericon genericond-genericons-neue genericons-neue-download genericond-genericons-neue-1x genericond-rotate-normal\" style=\"fill:#19486B;\" title=\"download\" role=\"img\" aria-labelledby=\"title\"><use xlink:href=\"https:\/\/www.cgjung.net\/espace\/wp-content\/plugins\/genericond\/\/icons\/genericons-neue\/svg-sprite\/genericons-neue.svg#download\" \/><\/svg> R\u00eave no 6 : \n\t\t<a id=\"h1\" href=\"javascript:toggle('c1','h1');\" >l'afficher<\/a>\n\t\t<div id=\"c1\" style=\"display:none\">\n\t\t<blockquote><p style=\"text-align:justify\"> Une forme f\u00e9minine voil\u00e9e est assise sur un escalier. <\/p><\/blockquote><\/div>\n<svg class=\"genericon genericond-genericons-neue genericons-neue-download genericond-genericons-neue-1x genericond-rotate-normal\" style=\"fill:#19486B;\" title=\"download\" role=\"img\" aria-labelledby=\"title\"><use xlink:href=\"https:\/\/www.cgjung.net\/espace\/wp-content\/plugins\/genericond\/\/icons\/genericons-neue\/svg-sprite\/genericons-neue.svg#download\" \/><\/svg> R\u00eave no 12 : \n\t\t<a id=\"h2\" href=\"javascript:toggle('c2','h2');\" >l'afficher<\/a>\n\t\t<div id=\"c2\" style=\"display:none\">\n\t\t<blockquote><p style=\"text-align:justify\"> Une excursion dangereuse avec p\u00e8re et m\u00e8re, en montant et en descendant de nombreuses \u00e9chelles. <\/p><\/blockquote><\/div>\n<p style=\"text-align: justify;\">Jung consacre aussi plusieurs chapitres des <em>Racines de la conscience<\/em> au r\u00e9cit, tr\u00e8s dramatis\u00e9, des <strong>visions de Zozime de Panopolis <\/strong>alchimiste et gnostique notable du III\u00b0 si\u00e8cle.<sup class='footnote'><a href='#fn-5418-1' id='fnref-5418-1' onclick='return fdfootnote_show(5418)'>1<\/a><\/sup> Il voit un lien entre la mont\u00e9e et la descente, par Zozime, des marches de lumi\u00e8re et de t\u00e9n\u00e8bres et le processus qui se met en mouvement chez le R\u00eaveur.<\/p>\n<p style=\"text-align: justify;\"><strong>Zozime, sous forme de r\u00eaves et de visions, d\u00e9crit les diff\u00e9rentes phases du processus alchimique.<\/strong><\/p>\n<p style=\"text-align: justify;\">Cruels supplices, personnifications, projections, sont la mati\u00e8re d\u2019une exp\u00e9rience significative qu\u2019il ne peut transmettre que sous une forme all\u00e9gorique. <strong>Le r\u00eave est r\u00e9el mais, \u00e9crit Jung<\/strong> :<\/p>\n<blockquote>\n<p style=\"text-align: justify;\">\u201cJ\u2019incline \u00e0 penser que la vision ou les visions de Zozime est de ces \u00e9v\u00e9nements qui se produisent durant l\u2019op\u00e9ration et d\u00e9voilent la nature du processus psychique qui l\u2019accompagne \u00e0 l\u2019arri\u00e8re plan. Ces visions font appara\u00eetre au jour les contenus qui, demeurent inconscients chez l\u2019alchimiste, se projettent dans les processus chimiques et sont alors per\u00e7us en eux comme s\u2019ils \u00e9taient des propri\u00e9t\u00e9s de la mati\u00e8re.\u201d(les racines de la conscience,p.146)<\/p>\n<\/blockquote>\n<p style=\"text-align: justify;\">Ceci conforte l\u2019hypoth\u00e8se de <strong>ph\u00e9nom\u00e8nes hallucinatoires li\u00e9s au travail alchimique<\/strong>.<\/p>\n<p style=\"text-align: justify;\">D\u2019autre part, dans la perspective d\u2019une recherche de concordance entre les r\u00eaves contemporains et l\u2019alchimie, cette derni\u00e8re d\u00e9crirait alors symboliquement l\u2019\u0153uvre de transformation, on pourrait dire de transmutation, que repr\u00e9sente <strong>le processus d\u2019individuation<\/strong>.<\/p>\n<h2>La richesse symbolique des th\u00e8mes de l&rsquo;eau et de l&rsquo;or<\/h2>\n<p style=\"text-align: justify;\">Parvenu au <strong>r\u00eave 14<\/strong> Jung nous d\u00e9crit l\u2019homme \u00e0 la barbe en pointe, pr\u00e9c\u00e9demment assimil\u00e9 \u00e0 une repr\u00e9sentation m\u00e9phistoph\u00e9lique de l\u2019intellect, comme <strong>un personnage de la litt\u00e9rature alchimique.<\/strong><\/p>\n<svg class=\"genericon genericond-genericons-neue genericons-neue-download genericond-genericons-neue-1x genericond-rotate-normal\" style=\"fill:#19486B;\" title=\"download\" role=\"img\" aria-labelledby=\"title\"><use xlink:href=\"https:\/\/www.cgjung.net\/espace\/wp-content\/plugins\/genericond\/\/icons\/genericons-neue\/svg-sprite\/genericons-neue.svg#download\" \/><\/svg> R\u00eave no 14 : \n\t\t<a id=\"h3\" href=\"javascript:toggle('c3','h3');\" >l'afficher<\/a>\n\t\t<div id=\"c3\" style=\"display:none\">\n\t\t<blockquote><p style=\"text-align:justify\"> Le r\u00eaveur est en Am\u00e9rique et recherche un employ\u00e9 ayant une barbe en pointe. On dit que tout le monde a un tel employ\u00e9. <\/p><\/blockquote><\/div>\n<p style=\"text-align: justify;\">Il s&rsquo;agit d&rsquo;un jeune homme que l\u2019on rencontre g\u00e9n\u00e9ralement en compagnie de philosophes chenus. Il pourrait symboliser soit le diable, soit le <em>Mercurius<\/em>, un personnage aux multiples r\u00f4les, qui serait ici en tant qu&rsquo;esprit serviteur, mais aussi eau, annon\u00e7ant le r\u00eave suivant.<\/p>\n<p style=\"text-align: justify;\"><svg class=\"genericon genericond-genericons-neue genericons-neue-download genericond-genericons-neue-1x genericond-rotate-normal\" style=\"fill:#19486B;\" title=\"download\" role=\"img\" aria-labelledby=\"title\"><use xlink:href=\"https:\/\/www.cgjung.net\/espace\/wp-content\/plugins\/genericond\/\/icons\/genericons-neue\/svg-sprite\/genericons-neue.svg#download\" \/><\/svg> <strong>Au r\u00eave no 15<\/strong> : \n\t\t<a id=\"h4\" href=\"javascript:toggle('c4','h4');\" >l'afficher<\/a>\n\t\t<div id=\"c4\" style=\"display:none\">\n\t\t<blockquote><p style=\"text-align:justify\"> La m\u00e8re verse de l\u2019eau d\u2019une cuvette dans une autre (au r\u00eave 28 de la deuxi\u00e8me s\u00e9rie le sujet se souviendra que cette cuvette \u00e9tait celle de sa s\u0153ur) Cette op\u00e9ration est accomplie avec une grande solennit\u00e9 car elle est aussi de la plus haute importance pour l\u2019entourage. Puis le r\u00eaveur est reni\u00e9 par son p\u00e8re. <\/p><\/blockquote><\/div> <strong>le th\u00e8me de l\u2019eau, est, en effet, pr\u00e9sent\u00e9 avec solennit\u00e9.<\/strong><\/p>\n<blockquote>\n<p style=\"text-align: justify;\">La M\u00e8re verse de l&rsquo;eau d&rsquo;une cuvette dans une autre<\/p>\n<\/blockquote>\n<p style=\"text-align: justify;\">et cette op\u00e9ration au sujet de<strong> l&rsquo;eau<\/strong> est consid\u00e9r\u00e9e comme \u00e9tant de la plus haute importance.<\/p>\n<p style=\"text-align: justify;\">Le discours du r\u00eave attire, ainsi, l\u2019attention sur cette<strong> substance<\/strong> <strong>vivante<\/strong>, celle que les alchimistes appelaient souvent <em>aqua nostra<\/em> (notre eau), ou <em>aqua vitae<\/em> (eau de vie). <strong>Ils l\u2019opposaient, alors, \u00e0 l\u2019incorporalit\u00e9 de l\u2019esprit abstrait<\/strong>.<\/p>\n<p style=\"text-align: justify;\"><strong>La richesse symbolique du th\u00e8me de l\u2019eau<\/strong> est telle que <em>le Dictionnaire Mytho-herm\u00e9tique<\/em> de Dom Pernety ne pr\u00e9sente pas moins de quatre-vingt-douze sortes d\u2019eau tant mat\u00e9rielles que spirituelles.<\/p>\n<p><strong>Au r\u00eave no 18 :<\/strong> \n\t\t<a id=\"h5\" href=\"javascript:toggle('c5','h5');\" >l'afficher<\/a>\n\t\t<div id=\"c5\" style=\"display:none\">\n\t\t<blockquote><p style=\"text-align:justify\"> Un homme offre des pi\u00e8ces d\u2019or au r\u00eaveur dans sa main ouverte. Indign\u00e9, le r\u00eaveur les jette \u00e0 terre et, imm\u00e9diatement apr\u00e8s, regrette profond\u00e9ment son geste. Ensuite un spectacle de vari\u00e9t\u00e9s a lieu sur une place ferm\u00e9e. <\/p><\/blockquote><\/div>\n<p style=\"text-align: justify;\"><strong>Jung pense que l&rsquo;or a d\u00e9j\u00e0<\/strong><strong> le sens attribu\u00e9 \u00e0 l\u2019or philosophique.<\/strong> Il est rejet\u00e9 par un R\u00eaveur incapable de comprendre, \u00e0 ce stade de son \u00e9volution, le grand secret qui pourrait lui \u00eatre transmis. Il le prend pour<strong> l\u2019or vulgaire<\/strong>, avec lequel il peut facilement \u00eatre confondu.<\/p>\n<p style=\"text-align: justify;\">C\u2019est d\u2019ailleurs \u00e0 cause d\u2019une trop grande difficult\u00e9 pour distinguer l<em>\u2019aurum nostrum<\/em> (notre or) de la mat\u00e9rialit\u00e9 grossi\u00e8re du m\u00e9tal que <strong>la<\/strong> <strong>philosophie alchimiste lui d\u00e9nia la dignit\u00e9 philosophique supr\u00eame pour l\u2019attribuer \u00e0 la pierre philosophale<\/strong>. En effet, \u00e9crit Jung dans Philosophie et alchimie (p.105) :<\/p>\n<blockquote>\n<p style=\"text-align: justify;\">\u00ab\u00a0Ce qui transforme est sup\u00e9rieur \u00e0 ce qui est transform\u00e9, et le pouvoir de transformer est pr\u00e9cis\u00e9ment l\u2019une des qualit\u00e9s magiques de la pierre miraculeuse\u201d.<\/p>\n<\/blockquote>\n<h2>Les r\u00eaves noyaux<\/h2>\n<p style=\"text-align: justify;\">Il existe, au d\u00e9but des s\u00e9ries, <strong>\u00e0 chaque niveau d\u2019interpr\u00e9tation, des r\u00eaves noyaux<\/strong> dont la v\u00e9ritable signification n\u2019appara\u00eet pas encore, alors qu\u2019ils concentrent en eux l\u2019essentiel du sens qui sera <strong>progressivement diffus\u00e9<\/strong> vers le conscient du r\u00eaveur.<\/p>\n<p style=\"text-align: justify;\">Les r\u00eaves noyaux, nous pensons ici au r\u00eave des pi\u00e8ces d\u2019or que nous venons d\u2019\u00e9voquer, r\u00eave au cours duquel est propos\u00e9 au r\u00eaveur le r\u00e9sultat de la transmutation, <strong>indiquent, d\u00e9j\u00e0, le cheminement et l\u2019aboutissement.<\/strong> Totalit\u00e9s dans la Totalit\u00e9, on pourrait comparer ces r\u00eaves \u00e0 la plus petite d\u2019un ensemble de poup\u00e9es russes.<\/p>\n<p style=\"text-align: justify;\"><strong>Les d\u00e9ploiements du discours du r\u00eave, \u00e0 partir du noyau<\/strong>, interviennent \u00e0 un moment ult\u00e9rieur de la s\u00e9rie.<\/p>\n<p style=\"text-align: justify;\">Pour donner un exemple, l&rsquo;histoire des pi\u00e8ces d&rsquo;or sera \u00e0 nouveau propos\u00e9e sous une autre forme au <strong>r\u00eave 13 <\/strong>de la seconde partie de la s\u00e9rie que Jung appelle <em>R\u00eaves d&rsquo;\u00e9dification du mandala<\/em><strong>. <\/strong>Il s&rsquo;agira alors du mythique tr\u00e9sor difficile \u00e0 atteindre. Cela correspond, en langage alchimique, au <strong>tr\u00e9sor qui est la pierre philosophale<\/strong>.<\/p>\n<svg class=\"genericon genericond-genericons-neue genericons-neue-download genericond-genericons-neue-1x genericond-rotate-normal\" style=\"fill:#19486B;\" title=\"download\" role=\"img\" aria-labelledby=\"title\"><use xlink:href=\"https:\/\/www.cgjung.net\/espace\/wp-content\/plugins\/genericond\/\/icons\/genericons-neue\/svg-sprite\/genericons-neue.svg#download\" \/><\/svg> R\u00eave no 13 : \n\t\t<a id=\"h6\" href=\"javascript:toggle('c6','h6');\" >l'afficher<\/a>\n\t\t<div id=\"c6\" style=\"display:none\">\n\t\t<blockquote><p style=\"text-align:justify\"> Un tr\u00e9sor g\u00eet dans la mer. Pour l\u2019atteindre, il faut plonger par une \u00e9troite ouverture. C\u2019est dangereux mais, en bas, on trouvera un compagnon. Le r\u00eaveur ose le saut dans l\u2019obscurit\u00e9 et d\u00e9couvre, dans les profondeurs, un beau jardin dispos\u00e9 sym\u00e9triquement, avec une fontaine au milieu. <\/p><\/blockquote><\/div>\n<h2>Le R\u00eaveur est un porte-parole inconscient<\/h2>\n<p style=\"text-align: justify;\">Il est tr\u00e8s important de souligner avec insistance , comme le fait Jung dans <em>Psychologie et alchimie<\/em> (p.115), que :<\/p>\n<blockquote>\n<p style=\"text-align: justify;\">\u201cLe r\u00eaveur n\u2019a <strong>consciemment<\/strong> pas la moindre id\u00e9e de toutes ces choses. Mais, dans son inconscient, il est plong\u00e9 dans ces intrications qui se sont aussi exprim\u00e9es historiquement ; il se comporte donc dans ses r\u00eaves comme s\u2019il connaissait parfaitement ces singuliers d\u00e9roulements de l\u2019histoire de l\u2019esprit humain. En r\u00e9alit\u00e9, il est un porte-parole inconscient du d\u00e9veloppement psychique autonome, au m\u00eame titre que l\u2019alchimiste du Moyen Age ou que le neo-platonicien de l\u2019Antiquit\u00e9. Il serait donc possible &#8211; pourrions-nous dire cum grano salis &#8211; d\u2019\u00e9crire tout aussi bien l\u2019histoire en partant de son inconscient qu\u2019en s\u2019appuyant sur des textes existant objectivement\u201d.<\/p>\n<\/blockquote>\n<p style=\"text-align: justify;\"><strong>Le d\u00e9veloppement psychique autonome,<\/strong> auquel Jung fait allusion, est le d\u00e9veloppement d\u2019un <strong>psychisme personnel, laissant se manifester un fonds a-temporel et collectif.<\/strong><\/p>\n<p style=\"text-align: justify;\">Le fonds commun que repr\u00e9sente l\u2019inconscient collectif serait, si l\u2019on suit Jung, \u00e0 la disposition du R\u00eaveur c<strong>omme le sont les exp\u00e9riences et<\/strong> <strong>le langage quotidien au cours de la vie \u00e9veill\u00e9e<\/strong>. La derni\u00e8re phrase du texte peut sembler hardie, mais nous pensons qu\u2019elle s\u2019origine dans la Tradition qui enseigne que l\u2019histoire enti\u00e8re de l\u2019humanit\u00e9 est, en quelque sorte, inscrite sur un invisible grand livre, les archives akashiques, que l\u2019initi\u00e9 peut consulter.<\/p>\n<h2>Un choix de th\u00e8mes essentiels pour Jung<\/h2>\n<p style=\"text-align: justify;\"><strong>Dans la deuxi\u00e8me partie de la s\u00e9rie du R\u00eaveur<\/strong>, les connotations alchimiques sont nombreuses et il serait tentant de suivre tous leurs d\u00e9veloppements. Cependant, un probl\u00e8me m\u00e9thodologique est apparu, probl\u00e8me dont les cons\u00e9quences sont d\u2019ailleurs fort positives.<\/p>\n<p style=\"text-align: justify;\"><strong> La majeure partie des th\u00e8mes ou symboles pouvant \u00eatre rattach\u00e9s \u00e0 l\u2019alchimie, pr\u00e9sents chez le R\u00eaveur, le sont aussi chez la R\u00eaveuse<\/strong>. Cela conforte notre id\u00e9e qu\u2019une recherche s\u2019appuyant sur de nombreuses s\u00e9ries, plus facile \u00e0 effectuer gr\u00e2ce \u00e0 l\u2019informatique que du temps de Jung, montrerait certaines <strong>constantes du discours de l\u2019inconscient<\/strong>. De plus, la reprise de ces mat\u00e9riaux, quand nous commenterons la s\u00e9rie de la R\u00eaveuse, risquerait alors de lasser le lecteur.<\/p>\n<p style=\"text-align: justify;\">Nous avons, pour les raisons \u00e9voqu\u00e9es, choisi de ne pas nous attarder sur des th\u00e8mes alchimiques aussi importants que le lapis, l\u2019eau, le vase, auquel il a d\u00e9j\u00e0 \u00e9t\u00e9 fait allusion, le jardin, la roue.<\/p>\n<p style=\"text-align: justify;\">Nous avons aussi fait le choix nous <strong>attacher seulement \u00e0 quelques th\u00e8mes<\/strong>, essentiels aux yeux de Jung. Ils sont, aussi, pr\u00e9sents chez la R\u00eaveuse, car il est peu de symboles enracin\u00e9s dans l\u2019alchimie, dont on ne retrouve pas au moins des traces chez les deux r\u00eaveurs.<\/p>\n<p style=\"text-align: justify;\">Nous avons donc choisi de privil\u00e9gier : le <strong>chaos alchimique<\/strong>, la <strong>concentration sur le centre<\/strong>, la <strong>quadrature du cercle<\/strong>, la <strong>Trinit\u00e9<\/strong> et la ressemblance entre <strong>l\u2019iconographie des anciens trait\u00e9s alchimiques<\/strong> et certaines repr\u00e9sentations oniriques du R\u00eaveur que l&rsquo;on retrouvera aussi chez la R\u00eaveuse.<\/p>\n<h3><svg class=\"genericon genericond-genericons-neue genericons-neue-document genericond-genericons-neue-1x genericond-rotate-normal\" style=\"fill:#19486B;\" title=\"document\" role=\"img\" aria-labelledby=\"title\"><use xlink:href=\"https:\/\/www.cgjung.net\/espace\/wp-content\/plugins\/genericond\/\/icons\/genericons-neue\/svg-sprite\/genericons-neue.svg#document\" \/><\/svg> <a href=\"https:\/\/www.cgjung.net\/espace\/cg-jung\/nombres-serie-reves\/\">Page pr\u00e9c\u00e9dente<\/a> | <a href=\"https:\/\/www.cgjung.net\/espace\/cg-jung\/le-chaos-alchimique\/\">Page suivante<\/a><\/h3>\n<p style=\"text-align: right;\"><span style=\"font-size: 10pt;\"><em><a href=\"https:\/\/www.cgjung.net\/espace\/cg-jung\/avertissement\/\">Publi\u00e9 initialement dans le cadre d&rsquo;une th\u00e8se<\/a> cette page a \u00e9t\u00e9 adapt\u00e9e par Ariaga (Ariane Callot), son auteure.<br \/>\nLes ouvrages cit\u00e9s <a href=\"https:\/\/www.cgjung.net\/espace\/cg-jung\/bibliographie\/\">sont r\u00e9f\u00e9renc\u00e9s \u00e0 la page bibliographie<\/a>.<\/em><\/span><\/p>\n\n<p><strong>Notes :<\/strong><\/p>\n<div class='footnotes' id='footnotes-5418'>\n<div class='footnotedivider'><\/div>\n<ol>\n<li id='fn-5418-1'>Les textes attribu\u00e9s \u00e0 Zozime se trouvent dans Berthelot, Collection des anciens alchimistes grecs, troisi\u00e8me partie, p. 117 \u00e0 141. <span class='footnotereverse'><a href='#fnref-5418-1'>&#8617;<\/a><\/span><\/li>\n<\/ol>\n<\/div>\n","protected":false},"excerpt":{"rendered":"<p>La m\u00e9thode de C.G. Jung pour son interpr\u00e9tation alchimique d&rsquo;une s\u00e9rie de r\u00eaves et le choix de certains th\u00e8mes parmi ceux mis en \u00e9vidence dans Psychologie et alchimie. La m\u00e9thode de Jung Dans Psychologie et alchimie, Jung explique qu&rsquo;il analyse la s\u00e9rie du R\u00eaveur qu&rsquo;il propose comme si les r\u00eaves \u00e9taient les siens (cf. p.65). [&hellip;]<\/p>\n","protected":false},"author":1,"featured_media":0,"parent":110,"menu_order":276,"comment_status":"closed","ping_status":"closed","template":"","meta":{"footnotes":""},"class_list":["post-5418","page","type-page","status-publish","hentry"],"_links":{"self":[{"href":"https:\/\/www.cgjung.net\/espace\/wp-json\/wp\/v2\/pages\/5418","targetHints":{"allow":["GET"]}}],"collection":[{"href":"https:\/\/www.cgjung.net\/espace\/wp-json\/wp\/v2\/pages"}],"about":[{"href":"https:\/\/www.cgjung.net\/espace\/wp-json\/wp\/v2\/types\/page"}],"author":[{"embeddable":true,"href":"https:\/\/www.cgjung.net\/espace\/wp-json\/wp\/v2\/users\/1"}],"replies":[{"embeddable":true,"href":"https:\/\/www.cgjung.net\/espace\/wp-json\/wp\/v2\/comments?post=5418"}],"version-history":[{"count":50,"href":"https:\/\/www.cgjung.net\/espace\/wp-json\/wp\/v2\/pages\/5418\/revisions"}],"predecessor-version":[{"id":8908,"href":"https:\/\/www.cgjung.net\/espace\/wp-json\/wp\/v2\/pages\/5418\/revisions\/8908"}],"up":[{"embeddable":true,"href":"https:\/\/www.cgjung.net\/espace\/wp-json\/wp\/v2\/pages\/110"}],"wp:attachment":[{"href":"https:\/\/www.cgjung.net\/espace\/wp-json\/wp\/v2\/media?parent=5418"}],"curies":[{"name":"wp","href":"https:\/\/api.w.org\/{rel}","templated":true}]}}