{"id":5417,"date":"2017-11-05T18:40:11","date_gmt":"2017-11-05T17:40:11","guid":{"rendered":"https:\/\/www.cgjung.net\/espace\/?page_id=5417"},"modified":"2018-02-12T17:24:51","modified_gmt":"2018-02-12T16:24:51","slug":"alchimistes-auteurs-livres-alchimie","status":"publish","type":"page","link":"https:\/\/www.cgjung.net\/espace\/ariaga-ecrits-jung\/reves-et-alchimie\/alchimistes-auteurs-livres-alchimie\/","title":{"rendered":"Alchimistes et auteurs de livres sur l\u2019alchimie"},"content":{"rendered":"<p style=\"text-align: justify;\"><strong>Pr\u00e9sentation de quelques auteurs de livres sur l&rsquo;alchimie qui ont inspir\u00e9 l&rsquo;interpr\u00e9tation des s\u00e9ries de r\u00eaves.<\/strong><\/p>\n<p><img loading=\"lazy\" decoding=\"async\" class=\"aligncenter wp-image-5607 size-full\" src=\"https:\/\/www.cgjung.net\/espace\/wp-content\/uploads\/2017\/11\/livres-alchimie-epheme.jpg\" alt=\"\" width=\"523\" height=\"487\" srcset=\"https:\/\/www.cgjung.net\/espace\/wp-content\/uploads\/2017\/11\/livres-alchimie-epheme.jpg 523w, https:\/\/www.cgjung.net\/espace\/wp-content\/uploads\/2017\/11\/livres-alchimie-epheme-300x279.jpg 300w\" sizes=\"auto, (max-width: 523px) 100vw, 523px\" \/><\/p>\n<p>&nbsp;<\/p>\n<p style=\"text-align: justify;\"><span style=\"color: #ff0000;\"><span style=\"color: #000000;\">Certains auteurs ont \u00e9t\u00e9 privil\u00e9gi\u00e9s par Jung pour ses interpr\u00e9tations alchimiques des r\u00eaves. Il en fut de m\u00eame quand nous avons recherch\u00e9\u00a0 des r\u00e9surgences de cette symbolique dans la s\u00e9rie de la R\u00eaveuse. Nous y avons ajout\u00e9 quelques ouvrages plus r\u00e9cents qui nous ont apport\u00e9 de pr\u00e9cieux mat\u00e9riaux. \u00c9videmment la liste est tr\u00e8s subjective et <strong>beaucoup d&rsquo;autres travaux de valeur seraient \u00e0 citer. <\/strong><\/span><br \/>\n<\/span><\/p>\n<h2>Paracelse<\/h2>\n<p style=\"text-align: justify;\">Si on se fonde \u00e0 la fois sur l\u2019ordre chronologique et sur l\u2019int\u00e9r\u00eat port\u00e9 par Jung envers les auteurs sur lesquels il appuie ses commentaires, on voit appara\u00eetre<strong> Paracelse<\/strong>. Il lui a consacr\u00e9 un ouvrage passionnant intitul\u00e9<em> Synchronicit\u00e9 et Paracelsica<\/em>.<\/p>\n<p style=\"text-align: justify;\">Paracelse, <strong>m\u00e9decin, philosophe, alchimiste,<\/strong> est <strong>n\u00e9<\/strong> \u00e0 Einsiedeln (Suisse) en <strong>1493<\/strong> et mort \u00e0 Salzbourg en 1540. On trouve dans son oeuvre <strong>une pens\u00e9e uniciste<\/strong> o\u00f9 les fronti\u00e8res sont ouvertes entre la m\u00e9decine, l\u2019astrologie, une certaine forme de magie, l\u2019alchimie, la philosophie.<br \/>\nParacelse cultivait le paradoxe et acceptait les contraires. Dans son ouvrage intitul\u00e9<em> Paracelse<\/em>\u00a0 (p.148) <strong>Lucien Braun<\/strong> \u00e9crit :<\/p>\n<blockquote>\n<p style=\"text-align: justify;\">\u201cParacelse, dans sa recherche de l\u2019intuition fondatrice, ne conna\u00eet pas de s\u00e9paration entre le rationnel et l\u2019irrationnel. Il ne cherche m\u00eame pas une image non contradictoire du monde.\u201d<\/p>\n<\/blockquote>\n<p style=\"text-align: justify;\">Paracelse n\u2019avait <strong>nulle crainte des Autorit\u00e9s et de la Tradition<\/strong> et ne reconnaissait que l\u2019autonomie et l\u2019exp\u00e9rience de la Nature.<\/p>\n<p style=\"text-align: justify;\">Vivant dans un monde unitaire en tant que chr\u00e9tien du Moyen-\u00c2ge, il ne voyait pas de conflit entre les sources de connaissance divine et naturelle puisque, pour lui, <strong>tout avait son origine en Dieu<\/strong>.<\/p>\n<p style=\"text-align: justify;\">Dans <strong>le syst\u00e8me de Paracelse<\/strong>, o\u00f9 tout semble gouvern\u00e9 par une sorte de <strong>principe g\u00e9n\u00e9ral de structuration et d\u2019individuation<\/strong>, se d\u00e9ployant du macrocosme au microcosme, il y a une place pour ce qui <strong>se rapproche le plus du concept moderne de l\u2019inconscient<\/strong>.<\/p>\n<p style=\"text-align: justify;\">Nous pensons \u00e0 l<em>\u2019Aquaster,<\/em> principe \u00e0 la fois <em>humide<\/em> et <em>spirituel<\/em>, maternel aussi, qui est le lieu o\u00f9 est engendr\u00e9 <em>l\u2019esprit de Vie<\/em>. Paracelse savait que la <strong>Nature n\u2019est pas seulement physico-chimique, mais aussi psychique<\/strong>.<\/p>\n<p style=\"text-align: justify;\">M\u00eame s\u2019ils ne le d\u00e9clarent pas toujours ouvertement, et s\u2019ils se plaignent de ses obscurit\u00e9s, <strong>Paracelse a \u00e9t\u00e9 l\u2019inspirateur de nombre de ses<\/strong> <strong>successeurs<\/strong> qu\u2019ils soient m\u00e9decins, alchimistes ou philosophes, ou les trois en m\u00eame temps.<\/p>\n<h2>Michel Ma\u00efer et l&rsquo;<em>Atalante fugitive<\/em><\/h2>\n<p style=\"text-align: justify;\"><a href=\"https:\/\/www.cgjung.net\/publications\/etienne-perrot\/atalante_fugitive_michel_maier.htm\" target=\"_blank\" rel=\"noopener\"><img loading=\"lazy\" decoding=\"async\" class=\"alignright size-full wp-image-5618\" src=\"https:\/\/www.cgjung.net\/espace\/wp-content\/uploads\/2017\/11\/atalante-fugitive.png\" alt=\"\" width=\"150\" height=\"225\" \/><\/a>En suivant toujours l\u2019ordre chronologique, nous avons fr\u00e9quemment eu recours \u00e0 l\u2019ouvrage de <strong>Michel Ma\u00efer<\/strong>\u00a0 <em>l\u2019Atalante fugitive<\/em>.<\/p>\n<p style=\"text-align: justify;\">L&rsquo;Atalante fugitive est d\u2019une grande utilit\u00e9 pour le chercheur. D\u2019abord parce qu\u2019il est accessible dans une remarquable traduction <strong>d\u2019\u00c9tienne Perrot\u00a0<\/strong> qui a consacr\u00e9 \u00e0 un commentaire sur cet ouvrage un livre intitul\u00e9 <em>Les trois pommes d\u2019or<\/em>.<\/p>\n<p style=\"text-align: justify;\">Ensuite, <strong>la personnalit\u00e9 m\u00eame de Michel Ma\u00efer,<\/strong> homme instruit, \u00e9pris de coh\u00e9rence, se m\u00e9fiant des racontars et des chim\u00e8res. Il occupa une place de choix dans la soci\u00e9t\u00e9 de son \u00e9poque ce qui donne <strong>une certaine garantie de s\u00e9rieux \u00e0 son cheminement alchimique<\/strong>.<\/p>\n<p style=\"text-align: justify;\">Allemand, <strong>n\u00e9 en 1568<\/strong>, il semble qu\u2019il se soit consacr\u00e9 tr\u00e8s t\u00f4t \u00e0 l\u2019\u00e9tude de l\u2019herm\u00e9tisme, ce qui ne l\u2019emp\u00eacha pas de devenir le <strong>m\u00e9decin priv\u00e9 de l\u2019empereur<\/strong> Rodolphe II \u00e0 Prague. Apr\u00e8s diverses activit\u00e9s dans cette ville, puis \u00e0 Londres, il finit ses jours en 1622 \u00e0 Magdebourg o\u00f9 il \u00e9tait le m\u00e9decin du Landgrave de Hesse.<\/p>\n<p style=\"text-align: justify;\"><em>Atalante fugitive<\/em>, <strong>publi\u00e9e en 1617,<\/strong> a \u00e9t\u00e9 pr\u00e9c\u00e9d\u00e9e et suivie par une bonne quinzaine d\u2019autres \u0153uvres. Mais l\u2019Atalante eut un succ\u00e8s tel qu\u2019elle lui valut des critiques, le v\u00e9ritable adepte \u00e9tant <strong>cens\u00e9 garder le silence sur le fruit de ses travaux.<\/strong> Or, m\u00eame si l\u2019auteur proc\u00e8de par all\u00e9gories et allusions, s\u2019il utilise parfois la<em> langue des oiseaux,<\/em> <strong>il fait un v\u00e9ritable effort de clart\u00e9<\/strong> et emploie tous les moyens \u00e0 sa port\u00e9e pour transmettre ce qu\u2019il voulait bien dire de sa connaissance et de sa pratique de l\u2019Art Royal.<\/p>\n<h2>Atalante fugitive s&rsquo;adresse \u00e0 tous les sens<\/h2>\n<p style=\"text-align: justify;\">Il ne s\u2019est pas content\u00e9 de s\u2019adresser \u00e0 l\u2019esprit du lecteur, mais aussi \u00e0 sa vue et \u00e0 son ou\u00efe. C\u2019est ainsi qu\u2019il \u00e9crit au centre du frontispice de l\u2019ouvrage :<\/p>\n<blockquote>\n<p style=\"text-align: justify;\">\u00ab\u00a0Atalante fugitive ou nouveaux embl\u00e8mes chymiques des secrets de la Nature, <strong>adapt\u00e9s en partie aux yeux<\/strong> et \u00e0 l\u2019intelligence par des<strong> figures<\/strong> <strong>grav\u00e9es dans le cuivre<\/strong> et <strong>des l\u00e9gendes qui leur sont adjointes<\/strong>, par des \u00e9pigrammes et des notes, <strong>et en partie aux oreilles<\/strong> et \u00e0 la r\u00e9cr\u00e9ation de l\u2019esprit par plus ou moins <strong>50 fugues musicales<\/strong> \u00e0 trois voix dont deux correspondent \u00e0 une seule m\u00e9lodie, simple, tr\u00e8s adapt\u00e9es au chant des distiques,<strong> destin\u00e9es \u00e0 \u00eatre vues, lues, m\u00e9dit\u00e9es, jug\u00e9es, chant\u00e9es<\/strong> et \u00e9cout\u00e9es non sans un agr\u00e9ment particulier.\u201d<\/p>\n<\/blockquote>\n<p style=\"text-align: justify;\">Il pense que <strong>Dieu a cach\u00e9 dans la Nature des quantit\u00e9s de secrets<\/strong> (<em>Arcana<\/em> ) et qu\u2019un des moyens pour l\u2019homme de d\u00e9velopper son intelligence est de tenter de les extraire, les secrets chymiques \u00e9tant \u201c<em>les plus pr\u00e9cieux de tous apr\u00e8s la recherche des choses divines\u201d<\/em>. Ces secrets ne sont pas \u00e0 l\u2019usage des charlatans, seulement des esprits \u00e9lev\u00e9s, et Michel Ma\u00efer s\u2019adresse \u00e0 eux avec un enthousiasme et une sorte de pros\u00e9lytisme dont il se rend compte au moment o\u00f9 il \u00e9crit <strong>les derni\u00e8res lignes de l\u2019Atalante fugitive<\/strong> :<\/p>\n<blockquote>\n<p style=\"text-align: justify;\">\u201cDonc, une fois qu\u2019on a saisi cela, on comprend l\u2019aigle et la femme, comme aussi les secrets de l\u2019art presque entier, secret que nous avons en ouvrant<strong> peut-\u00eatre trop largement <\/strong>le sein de la Nature, expos\u00e9 et manifest\u00e9 dans ces pages au fil de l\u2019enseignement, afin qu\u2019ainsi GLOIRE SOIT RENDUE \u00c0 DIEU. \u201c<\/p>\n<\/blockquote>\n<p style=\"text-align: justify;\">Ajoutons que <strong>les illustrations sont tr\u00e8s r\u00e9v\u00e9latrices de la perduration de symboles vivants puissants,<\/strong> ce qui se v\u00e9rifie par leur <strong>capacit\u00e9 \u00e0 provoquer attraction ou r\u00e9pulsion<\/strong>.<\/p>\n<p style=\"text-align: justify;\">En dehors du fait que<strong> des r\u00eaveurs reproduisent<\/strong>, en utilisant un mat\u00e9riau plus contemporain, des sc\u00e8nes tr\u00e8s proches des embl\u00e8mes de l\u2019Atalante, le fait de pr\u00e9senter, \u00e0 des non-r\u00eaveurs, des images extraites de cet ouvrage provoque de <strong>vives r\u00e9actions.<\/strong> Il nous a souvent \u00e9t\u00e9 dit : Je ne veux pas voir \u00e7a ! ou, au contraire, le sujet regarde l\u2019image avec une sorte de fascination.<\/p>\n<p style=\"text-align: justify;\"><strong>Ceci tend \u00e0 prouver que les illustrations de l\u2019Atalante sont en relation avec le monde arch\u00e9typique.<br \/>\n<\/strong><\/p>\n<h2>Mutus liber ou Le Livre muet<\/h2>\n<p style=\"text-align: justify;\">L\u2019iconographie peut se suffire \u00e0 elle-m\u00eame et le <em>Mutus liber<\/em> (Le livre muet) se veut <strong>une description de l\u2019\u0153uvre alchimique uniquement par des images.<\/strong> Il fut publi\u00e9 en 1677 \u00e0 La Rochelle, par un certain Pierre Savouret, mais <strong>son auteur est rest\u00e9 anonyme.<\/strong> Il est \u00e9crit sur la premi\u00e8re planche :<\/p>\n<blockquote>\n<p style=\"text-align: justify;\">\u201cLe livre sans paroles dans lequel se trouve n\u00e9anmoins toute la philosophie herm\u00e9tique est ici pr\u00e9sent\u00e9 en figures hi\u00e9roglyphiques, sacr\u00e9es pour le Dieu mis\u00e9ricordieux, trois fois grand et saint, et il est d\u00e9di\u00e9 aux fils de l\u2019art uniquement. Le nom de son auteur est Altus.\u00a0\u00bb<\/p>\n<\/blockquote>\n<p style=\"text-align: justify;\">Notons que la premi\u00e8re planche de l\u2019ouvrage repr\u00e9sente l\u2019alchimiste, r\u00e9alisant le songe proph\u00e9tique de Jacob, ce qui montre, une fois de plus, <strong>l\u2019importance du r\u00eave<\/strong> par l\u2019interm\u00e9diaire duquel l\u2019adepte prend conscience des ph<strong>\u00e9nom\u00e8nes qui se traduisent, ensuite, d\u2019une mani\u00e8re sensible dans son laboratoire.<\/strong><\/p>\n<h2>Dom Antoine-Joseph Pernety<\/h2>\n<p style=\"text-align: justify;\"><em>Le dictionnaire Mytho-herm\u00e9tique<\/em> de <strong>Dom Antoine-Joseph Pernety<\/strong> s\u2019est aussi r\u00e9v\u00e9l\u00e9 comme \u00e9tant un pr\u00e9cieux outil. \u0152uvre d\u2019un religieux b\u00e9n\u00e9dictin, r\u00e9dig\u00e9 en fran\u00e7ais il fut <strong>publi\u00e9 en 1758<\/strong>. Il en existe une reproduction que l&rsquo;on peut consulter.<\/p>\n<p style=\"text-align: justify;\"><strong>Ce moine tr\u00e8s chr\u00e9tien faisait preuve d\u2019une grande culture et d\u2019une largesse d\u2019id\u00e9es \u00e9tonnante<\/strong>.<\/p>\n<p style=\"text-align: justify;\">Il utilise pour ses d\u00e9finitions des termes qui, le plus souvent, ne sont pas de son invention. Il prend appui sur les auteurs \u00e0 ses yeux les plus r\u00e9put\u00e9s et, m\u00eame s\u2019il ne le cite pas souvent, <strong>on devine l\u2019influence de Paracelse<\/strong>. Il nous procure, ainsi, un vaste panorama de la philosophie herm\u00e9tique \u00e0 l\u2019\u00e9poque de son travail.<strong> Il justifie ses recherches, sur le plan religieux,<\/strong> en \u00e9crivant au cours de <strong>sa pr\u00e9face<\/strong> :<\/p>\n<blockquote>\n<p style=\"text-align: justify;\">\u201cCette Science est un don de Dieu, et un myst\u00e8re cach\u00e9 dans les livres des philosophes, sous le voile obscur des \u00e9nigmes, des m\u00e9taphores, des paraboles et des discours envelopp\u00e9s, afin qu\u2019elle <strong>ne vienne pas \u00e0 la connaissance des insens\u00e9s<\/strong> qui en abuseraient et <strong>des ignorants qui ne se donnent pas la peine d\u2019\u00e9tudier la Nature<\/strong>.\u201d(p.XVIII)<\/p>\n<\/blockquote>\n<p style=\"text-align: justify;\">Ces gens qui refusent d\u2019\u00e9tudier la Nature sont ceux qu\u2019il avait d\u00e9j\u00e0 fustig\u00e9s par ces lignes, qui nous semblent avoir conserv\u00e9 toute leur actualit\u00e9 :<\/p>\n<blockquote>\n<p style=\"text-align: justify;\">\u201cMal \u00e0 propos traite-t-on de fous les Philosophes Herm\u00e9tiques : n\u2019est-ce pas se donner un vrai ridicule que de d\u00e9cider hardiment que l\u2019objet de leur Science est une chim\u00e8re, parce qu\u2019on ne peut pas le p\u00e9n\u00e9trer, ou qu\u2019on l\u2019ignore absolument ? C\u2019est en juger comme un aveugle des couleurs.\u201c(p.III)<\/p>\n<\/blockquote>\n<p style=\"text-align: justify;\">Il multiplie les exemples pour donner au lecteur la possibilit\u00e9 de se faire une vaste id\u00e9e <strong>au sujet des obscurit\u00e9s<\/strong> qui peuvent \u00eatre \u00e0 l\u2019origine d\u2019erreurs, mais aussi de d\u00e9couvertes extraordinaires.<\/p>\n<p style=\"text-align: justify;\"><strong>C\u2019\u00e9tait un homme qui ne craignait pas de prendre des risques,<\/strong> on le voit dans les derni\u00e8res lignes de cette pr\u00e9face fort int\u00e9ressante, car elle contient aussi un bref r\u00e9sum\u00e9 des op\u00e9rations alchimiques :<\/p>\n<blockquote>\n<p style=\"text-align: justify;\">\u201cIl me semble que plus un homme a d\u2019\u00e9tendue de g\u00e9nie et de connaissances moins il doit nier et plus il doit voir de possibilit\u00e9s dans la Nature. \u00c0 \u00eatre cr\u00e9dule il y a plus \u00e0 gagner qu\u2019\u00e0 perdre. La cr\u00e9dulit\u00e9 engage un homme d\u2019esprit dans des recherches qui le d\u00e9sabusent, s\u2019il \u00e9tait dans l\u2019erreur, et qui toujours l\u2019instruisent de ce qu\u2019il ignorait.\u201c (p XX)<\/p>\n<\/blockquote>\n<p style=\"text-align: justify;\">Comme pour Paracelse la Nature toute puissante est assimilable \u00e0 Dieu et, en retournant la proposition, on peut s\u2019interroger sur le fait que ces philosophes, sans en \u00eatre conscients, <strong>assimilaient peut-\u00eatre Dieu \u00e0 la nature.<\/strong> On lit chez Pernety \u00e0 l\u2019article Nature :<\/p>\n<blockquote>\n<p style=\"text-align: justify;\">\u201cL\u2019\u0153il de Dieu, Dieu-m\u00eame toujours attentif \u00e0 son ouvrage, est proprement la Nature-m\u00eame, et les lois qu\u2019il a pos\u00e9es pour sa conservation sont les causes de tout ce qui s\u2019op\u00e8re dans l\u2019univers\u201d (p.319)<\/p>\n<p>&nbsp;<\/p><\/blockquote>\n<h2>Marcelin Berthelot<\/h2>\n<p style=\"text-align: justify;\">Pour ce qui concerne les auteurs plus anciens, Jung et Marie-Louise von Franz, utilisent abondamment les ouvrages de<strong> Marcelin Berthelot<\/strong>, en particulier <em>La collection des anciens alchimistes grecs<\/em>.<\/p>\n<p style=\"text-align: justify;\">On peut trouver, par exemple, dans <em>Les Racines de la conscience<\/em>, la quasi-totalit\u00e9 des<strong> visions de Zozime.<\/strong> Nous n\u2019avons pu n\u00e9gliger ces textes, dont certains s\u2019enracinent dans l\u2019alchimie \u00e9gyptienne en passant par l\u2019alchimie arabe, car il nous est apparu que les \u00e9mergences alchimiques, visibles <strong>chez la R\u00eaveuse<\/strong>, se rattachent \u00e0 des <strong>th\u00e8mes symboliques extr\u00eamement anciens<\/strong>.<\/p>\n<h2>Johanes Fabricus et Fran\u00e7oise Bonardel<\/h2>\n<p style=\"text-align: justify;\"><strong>D&rsquo;autres livres, plus r\u00e9cents, nous ont fourni un appui solide.<\/strong><\/p>\n<p style=\"text-align: justify;\">Il s\u2019agit tout d\u2019abord de <em>L\u2019alchimie<\/em> (Les alchimistes du moyen \u00e2ge et leur art royal) de <strong>Johanes Fabricus,<\/strong> (\u00e9videmment un pseudonyme) \u00e9crit en 1976 et traduit de l\u2019anglais en 1996 . Ce travail pr\u00e9sente une iconographie extr\u00eamement riche, \u00e0 laquelle s\u2019ajoute le grand m\u00e9rite d\u2019<strong>utiliser conjointement les th\u00e8ses freudiennes et jungiennes,<\/strong> <strong>et d\u2019en mettre en valeur la compl\u00e9mentarit\u00e9<\/strong>.<\/p>\n<p style=\"text-align: justify;\">Il montre les \u00e9chos, dans l\u2019alchimie, d\u2019un <strong>processus d\u2019individuation<\/strong> dont les manifestations refl\u00e8tent \u00e0 la fois le d\u00e9veloppement biologique et psychique de l\u2019homme. Ceci est en concordance avec les allusions, faites par les alchimistes, sur <strong>l\u2019unit\u00e9 de l\u2019esprit et de la mati\u00e8re. <\/strong>Ce<strong>\u00a0<\/strong> th\u00e8me\u00a0 est repris par Jung, principalement au cours de ses derni\u00e8res \u0153uvres.<\/p>\n<p style=\"text-align: justify;\">Nous avons aussi trouv\u00e9 une mine de renseignements dans l\u2019anthologie de textes alchimiques occidentaux de <strong>Fran\u00e7oise Bonardel<\/strong> intitul\u00e9e<em> Philosopher par le feu <\/em>et son remarquable ouvrage<em> Philosophie de l\u2019alchimie<\/em> (PUF 1993) qui nous a prouv\u00e9 que l&rsquo;on peut, d&rsquo;une mani\u00e8re tr\u00e8s actuelle, m\u00e9diter sur le Grand \u0152uvre philosophal.<\/p>\n<h3><svg class=\"genericon genericond-genericons-neue genericons-neue-document genericond-genericons-neue-1x genericond-rotate-normal\" style=\"fill:#19486B;\" title=\"document\" role=\"img\" aria-labelledby=\"title\"><use xlink:href=\"https:\/\/www.cgjung.net\/espace\/wp-content\/plugins\/genericond\/\/icons\/genericons-neue\/svg-sprite\/genericons-neue.svg#document\" \/><\/svg> <a href=\"https:\/\/www.cgjung.net\/espace\/ariaga-ecrits-jung\/reves-et-alchimie\/rolongement-psychologie-des-profondeurs\/\">Page pr\u00e9c\u00e9dente<\/a>\u00a0| <a href=\"https:\/\/www.cgjung.net\/espace\/ariaga-ecrits-jung\/loeuvre-inconsciente-reveuse\/\">Page suivante<\/a><\/h3>\n<p style=\"text-align: right;\"><span style=\"font-size: 10pt;\"><em><a href=\"https:\/\/www.cgjung.net\/espace\/cg-jung\/avertissement\/\">Publi\u00e9 initialement dans le cadre d&rsquo;une th\u00e8se<\/a> cette page a \u00e9t\u00e9 adapt\u00e9e par Ariaga (Ariane Callot), son auteure.<br \/>\nLes ouvrages cit\u00e9s <a href=\"https:\/\/www.cgjung.net\/espace\/cg-jung\/bibliographie\/\">sont r\u00e9f\u00e9renc\u00e9s \u00e0 la page bibliographie<\/a>.<\/em><\/span><\/p>\n\n<p>&nbsp;<\/p>\n<p style=\"text-align: justify;\">\u201c<\/p>\n","protected":false},"excerpt":{"rendered":"<p>Pr\u00e9sentation de quelques auteurs de livres sur l&rsquo;alchimie qui ont inspir\u00e9 l&rsquo;interpr\u00e9tation des s\u00e9ries de r\u00eaves. &nbsp; Certains auteurs ont \u00e9t\u00e9 privil\u00e9gi\u00e9s par Jung pour ses interpr\u00e9tations alchimiques des r\u00eaves. Il en fut de m\u00eame quand nous avons recherch\u00e9\u00a0 des r\u00e9surgences de cette symbolique dans la s\u00e9rie de la R\u00eaveuse. Nous y avons ajout\u00e9 quelques [&hellip;]<\/p>\n","protected":false},"author":1,"featured_media":0,"parent":5499,"menu_order":46,"comment_status":"closed","ping_status":"closed","template":"","meta":{"footnotes":""},"class_list":["post-5417","page","type-page","status-publish","hentry"],"_links":{"self":[{"href":"https:\/\/www.cgjung.net\/espace\/wp-json\/wp\/v2\/pages\/5417","targetHints":{"allow":["GET"]}}],"collection":[{"href":"https:\/\/www.cgjung.net\/espace\/wp-json\/wp\/v2\/pages"}],"about":[{"href":"https:\/\/www.cgjung.net\/espace\/wp-json\/wp\/v2\/types\/page"}],"author":[{"embeddable":true,"href":"https:\/\/www.cgjung.net\/espace\/wp-json\/wp\/v2\/users\/1"}],"replies":[{"embeddable":true,"href":"https:\/\/www.cgjung.net\/espace\/wp-json\/wp\/v2\/comments?post=5417"}],"version-history":[{"count":54,"href":"https:\/\/www.cgjung.net\/espace\/wp-json\/wp\/v2\/pages\/5417\/revisions"}],"predecessor-version":[{"id":6319,"href":"https:\/\/www.cgjung.net\/espace\/wp-json\/wp\/v2\/pages\/5417\/revisions\/6319"}],"up":[{"embeddable":true,"href":"https:\/\/www.cgjung.net\/espace\/wp-json\/wp\/v2\/pages\/5499"}],"wp:attachment":[{"href":"https:\/\/www.cgjung.net\/espace\/wp-json\/wp\/v2\/media?parent=5417"}],"curies":[{"name":"wp","href":"https:\/\/api.w.org\/{rel}","templated":true}]}}