{"id":33297,"date":"2026-03-08T18:46:55","date_gmt":"2026-03-08T17:46:55","guid":{"rendered":"https:\/\/www.cgjung.net\/espace\/?page_id=33297"},"modified":"2026-03-08T18:46:55","modified_gmt":"2026-03-08T17:46:55","slug":"introverti-extraverti","status":"publish","type":"page","link":"https:\/\/www.cgjung.net\/espace\/accueil\/michelle-nahon\/introverti-extraverti\/","title":{"rendered":"Introversion et extraversion : opposition ou compl\u00e9mentarit\u00e9 ?"},"content":{"rendered":"<p><strong>Nous croyons savoir ce que sont l\u2019introversion et l\u2019extraversion : le sociable d\u2019un c\u00f4t\u00e9, le r\u00e9serv\u00e9 de l\u2019autre. Pourtant, \u00e0 la lumi\u00e8re de Jung, ces attitudes se r\u00e9v\u00e8lent plus complexes qu\u2019il n\u2019y para\u00eet, car l\u2019extraversion de l\u2019introverti n\u2019est pas celle de l\u2019extraverti, et inversement.<\/strong>&nbsp;<span style=\"color: #808080;\">Michelle Nahon<\/span><\/p>\n<h6 style=\"text-align: center;\"><img loading=\"lazy\" decoding=\"async\" class=\"aligncenter size-full wp-image-33844\" src=\"https:\/\/www.cgjung.net\/espace\/wp-content\/uploads\/2026\/03\/introverti-extraverti.png\" alt=\"\" width=\"600\" height=\"415\" \/><\/h6>\n<h2><strong>Quand la valeur<\/strong><strong> de l&rsquo;un devient la non-valeur de l&rsquo;autre &nbsp;<\/strong><\/h2>\n<p>Sans relier l\u2019introversion et l\u2019extraversion aux ombres, il s\u2019agit d\u2019une dualit\u00e9&nbsp;que nous vivons tous et dont il est important, voire essentiel, de prendre conscience.<\/p>\n<p>Les noms introverti et extraverti sont pass\u00e9s dans la langue courante. L&rsquo;extraverti est le joyeux luron, le m\u00e9diterran\u00e9en accueillant, volubile, chaleureux, fonceur, adaptable \u00e0 toutes les situations, il sera, en bande dessin\u00e9e, le capitaine Haddock&nbsp;! L&rsquo;introverti, froid, distant, peu loquace, perdu dans ses pens\u00e9es, est lent \u00e0 prendre une d\u00e9cision. M\u00e9fiant, un peu repli\u00e9 sur lui, souvent peu r\u00e9aliste, gu\u00e8re pratique, il est du style professeur Tournesol qui d&rsquo;ailleurs n&rsquo;entend pas, n&rsquo;y voit gu\u00e8re, il vit dans son monde\u2026<\/p>\n<p>L&rsquo;acception populaire est vraie en grande partie mais caricaturale. Ce qui n&rsquo;est pas per\u00e7u par ces st\u00e9r\u00e9otypes, c&rsquo;est que l&rsquo;extraverti peut s&rsquo;introvertir et l&rsquo;introverti, s&rsquo;extravertir. Herg\u00e9 l&rsquo;a bien&nbsp;soulign\u00e9 pourtant. Lorsque le professeur Tournesol&nbsp;s&rsquo;extravertit, c&rsquo;est le d\u00e9cha\u00eenement qui se termine toujours par une catastrophe, et lorsque le Capitaine Haddock&nbsp;se tait, r\u00e9fl\u00e9chit, doit attendre, alors c&rsquo;est le plus souvent l&rsquo;enfer de l&rsquo;inaction, la d\u00e9prime\u2026<\/p>\n<p>Que r\u00e9v\u00e8le cette mise en sc\u00e8ne ? <strong>Que l&rsquo;extraversion de l&rsquo;introverti n&rsquo;est pas semblable \u00e0 celle de l&rsquo;extraverti et vice-versa.<\/strong><\/p>\n<p>Selon Jung, il s&rsquo;agit d&rsquo;attitudes antinomiques, une moiti\u00e9 de l&rsquo;humanit\u00e9 a la plus grande difficult\u00e9 \u00e0 comprendre l&rsquo;autre et notre civilisation, \u00e0 l\u2019\u00e9vidence, favorise l&rsquo;extraversion.<\/p>\n<p>L&rsquo;extraverti s&rsquo;int\u00e9resse plus aux objets ext\u00e9rieurs, choses ou personnes, qu&rsquo;\u00e0 lui-m\u00eame&nbsp;; l&rsquo;introverti s&rsquo;attache plus \u00e0 lui-m\u00eame qu&rsquo;\u00e0 l&rsquo;objet ext\u00e9rieur. Cela va m\u00eame plus loin. L&rsquo;extraverti, dont le moi r\u00e9side dans la relation affective \u00e0 l&rsquo;objet, se r\u00e9v\u00e8le \u00e0 lui-m\u00eame par cet objet. L&rsquo;introverti, qui est son propre sujet d&rsquo;\u00e9tude, se perd, lui, par et dans l&rsquo;objet.<\/p>\n<p>Cette diff\u00e9rence est-elle vraiment importante&nbsp;? Oui, dit Jung, elle est capitale m\u00eame, car la valeur de l&rsquo;un est la non-valeur de l&rsquo;autre. Il ne s&rsquo;agit pas en fait d&rsquo;une diff\u00e9rence de constitution. Chaque \u00eatre humain poss\u00e8de les deux attitudes, mais pour des raisons diverses, celui-ci aura d\u00e9velopp\u00e9 l&rsquo;extraversion en tant que fonction d&rsquo;adaptation et celui-l\u00e0, l&rsquo;introversion. L&rsquo;autre possibilit\u00e9 sommeille \u00e0 l&rsquo;arri\u00e8re plan, dans un \u00e9tat l\u00e9thargique ou embryonnaire. Ainsi l&rsquo;attention de l&rsquo;introverti est-elle toujours centr\u00e9e sur le sujet si bien qu&rsquo;il n&rsquo;a pas conscience de sa facult\u00e9 d&rsquo;extraversion. Il voit bien l&rsquo;objet mais ce dernier ne l&rsquo;int\u00e9resse gu\u00e8re, il s&rsquo;en m\u00e9fie m\u00eame.<\/p>\n<h2>La visite du ch\u00e2teau : un exemple donn\u00e9 par Jung<\/h2>\n<p>Jung donne un excellent exemple dans <a href=\"https:\/\/www.amazon.fr\/exec\/obidos\/ASIN\/2253904422\/carlgustavjungen\">Psychologie de l&rsquo;inconscient<\/a> \u00e0 la page 107, permettant de comprendre les deux attitudes.<\/p>\n<p>Deux jeunes gens font une excursion et passent devant un ch\u00e2teau. \u00ab J&rsquo;aimerais voir l&rsquo;int\u00e9rieur \u00bb dit l&rsquo;introverti. \u00ab Entrons-y \u00bb dit l&rsquo;extraverti. L&rsquo;introverti le retient par crainte de l&rsquo;inconnu, des dangers, de la police\u2026 mais l&rsquo;extraverti tente de visiter, avec l&rsquo;esp\u00e9rance d&rsquo;aventures, peut-\u00eatre romanesques, de ch\u00e2telains hospitaliers\u2026<\/p>\n<p>Bref l&rsquo;un voit l&rsquo;objet dangereux, l&rsquo;autre aimable. L&rsquo;extraverti r\u00e9ussit \u00e0 entrer, mais d\u00e9ception pour lui, le ch\u00e2teau est transform\u00e9 en mus\u00e9e, avec des collections de vieux manuscrits, aucun int\u00e9r\u00eat pour lui, pas de relationnel, rien qui ne l&rsquo;int\u00e9resse. Notre introverti, fort int\u00e9ress\u00e9 par les vieilles choses, se passionne aussit\u00f4t, demande mille d\u00e9tails au gardien, veut rencontrer le conservateur ; il s&rsquo;exprime avec enthousiasme, sa timidit\u00e9 a disparu, les objets ont acquis un \u00e9clat s\u00e9duisant\u2026<\/p>\n<p>Pendant ce temps, l&rsquo;extraverti s&rsquo;ennuie, se souvient des \u00e9tudes p\u00e9nibles, des heures fastidieuses dans les biblioth\u00e8ques. Le ch\u00e2teau qui l&rsquo;avait fait r\u00eaver de rencontres seigneuriales est devenu un objet&nbsp;n\u00e9gatif, sans int\u00e9r\u00eat pour lui, ennuyeux m\u00eame, ce qu&rsquo;il montre et dit, alors que l&rsquo;introverti se r\u00e9pand en propos \u00e9logieux sur la splendide collection d\u00e9couverte et d\u00e9sire tout voir. Bref, l&rsquo;un manifeste une humeur ex\u00e9crable, l&rsquo;autre d\u00e9plore d&rsquo;\u00eatre oblig\u00e9 de partir, ils sont fort m\u00e9contents l&rsquo;un et l&rsquo;autre et l&rsquo;un de l&rsquo;autre.<\/p>\n<h2>Pourquoi et comment concilier ces deux attitudes antinomiques&nbsp;?<\/h2>\n<p>Analysons le comportement des deux&nbsp;amis<em>. <\/em><strong>La r\u00e9flexion pr\u00e9c\u00e8de l&rsquo;action chez l&rsquo;introverti&nbsp;<\/strong>: il d\u00e9sire conna\u00eetre l&rsquo;int\u00e9rieur&nbsp;du ch\u00e2teau, ce qui d&rsquo;ailleurs est significatif de ce qu&rsquo;il est, l&rsquo;homme de l&rsquo;int\u00e9riorit\u00e9<em>. <\/em><strong>L&rsquo;extraverti, homme actif et dont l&rsquo;action pr\u00e9c\u00e8de la r\u00e9flexion, entreprend les d\u00e9marches.<\/strong><\/p>\n<p>Puis renversement du type&nbsp;pour chacun. L&rsquo;introverti qui h\u00e9sitait \u00e0 entrer ne souhaite plus quitter le ch\u00e2teau, il est fascin\u00e9 par l&rsquo;objet. L&rsquo;extraverti, lui, regrette le moment o\u00f9 il passa le porche&nbsp;; il est sous l&#8217;emprise de ses pens\u00e9es n\u00e9gatives. L&rsquo;objet (les manuscrits) ayant pris possession de l&rsquo;introverti, il s&rsquo;y abandonne de bon gr\u00e9&nbsp;; son compagnon, au contraire, sentant une r\u00e9sistance croissante contre l&rsquo;objet, tombe sous la domination de son sujet, c&rsquo;est-\u00e0-dire de lui-m\u00eame et de sa mauvaise humeur. Le premier s&rsquo;est transform\u00e9 en extraverti et le second en introverti, mais, attention&nbsp;!<\/p>\n<p>L&rsquo;extraversion de l&rsquo;introverti est vraiment diff\u00e9rente de l&rsquo;extraversion de l&rsquo;extraverti comme l&rsquo;introversion de l&rsquo;extraverti est totalement diff\u00e9rente de l&rsquo;introversion de l&rsquo;introverti.<\/p>\n<p>En effet, au d\u00e9but du r\u00e9cit, ils sont chacun dans leur attitude naturelle et sont donc adapt\u00e9s, \u00e0 un degr\u00e9 plus ou moins \u00e9lev\u00e9, \u00e0 la collectivit\u00e9. Ils sont en accord et heureux de se promener ensemble. Tous deux&nbsp;sont d\u00e9sireux d&rsquo;entrer dans le ch\u00e2teau. Les r\u00e9ticences exprim\u00e9es par l&rsquo;introverti sont valables aussi pour son compagnon, de m\u00eame que lui convient l&rsquo;initiative prise par l&rsquo;extraverti. L&rsquo;attitude de l&rsquo;un ne g\u00eane pas l&rsquo;autre. La diff\u00e9rence&nbsp;entre eux, c&rsquo;est&nbsp; que, chez l&rsquo;introverti, rappelons-le, le d\u00e9roulement de la pens\u00e9e&nbsp;va du sujet&nbsp;\u00e0 l&rsquo;objet ou, si l&rsquo;on veut, de lui-m\u00eame \u00e0 l&rsquo;ext\u00e9rieur&nbsp;; chez l&rsquo;extraverti, \u00e0 l&rsquo;inverse, il se fait de l&rsquo;objet au sujet.<\/p>\n<p>A partir du moment o\u00f9, chez l&rsquo;introverti, l&rsquo;objet, par son importance, l&#8217;emporte sur le sujet&nbsp;et l&rsquo;entra\u00eene dans son sillage, son attitude perd son caract\u00e8re social. Il n&rsquo;englobe plus son ami dans ses pr\u00e9occupations et ne per\u00e7oit m\u00eame pas son ennui. Parall\u00e8lement, l&rsquo;extraverti perd sa facult\u00e9 d&rsquo;\u00e9gard pour autrui lorsqu&rsquo;il se retranche dans ses repr\u00e9sentations subjectives. Il manifeste ouvertement sa mauvaise humeur.<\/p>\n<p>Alors un nouvel \u00e9l\u00e9ment risque de se manifester d\u00e8s que, sous l&rsquo;influence d&rsquo;effets positifs&nbsp;ou n\u00e9gatifs, l&rsquo;attitude contraire, habituellement en sommeil, a pris la pr\u00e9\u00e9minence. Se montre alors la susceptibilit\u00e9, sympt\u00f4me qui d\u00e9note l&rsquo;existence d&rsquo;une inf\u00e9riorit\u00e9, car, plus on se sent fragile et peu s\u00fbr, plus on r\u00e9agit et plus on se froisse. Ainsi sont mis en place les fondements psychologiques de la discorde et des malentendus avec autrui ainsi que la d\u00e9sunion avec soi-m\u00eame.<\/p>\n<h2>La domination de l\u2019attitude inf\u00e9rieure<\/h2>\n<p>Jung&nbsp;souligne ici une chose importante. <strong>L&rsquo;attitude habituellement inf\u00e9rieure, lorsqu&rsquo;elle se manifeste, jouit d&rsquo;autonomie.<\/strong> Elle est ind\u00e9pendante, nous assaille, nous fascine, nous enveloppe de ses rets de sorte que nous ne restons pas ma\u00eetres de nous-m\u00eames et que nous ne sommes plus en \u00e9tat de faire un partage \u00e9quitable entre nous et autrui. Inutile de donner ici un exemple, car c&rsquo;est une exp\u00e9rience souvent v\u00e9cue par chacun de nous.<\/p>\n<p>Oui, mais comment alors concilier ces deux attitudes antinomiques ? Nous limitons grandement nos potentialit\u00e9s en restant constamment orient\u00e9s vers notre attitude principale qu&rsquo;elle soit l&rsquo;extraversion ou l&rsquo;introversion mais lorsque nous basculons sur l&rsquo;attitude oppos\u00e9e qui \u00e9largit notre champ, nous ne ma\u00eetrisons plus la situation&nbsp;!<\/p>\n<p>L&rsquo;id\u00e9al ne serait-il pas que l&rsquo;introverti parvienne \u00e0 l&rsquo;action, sans \u00eatre en permanence frein\u00e9 par des h\u00e9sitations et des r\u00e9ticences, et que l&rsquo;extraverti puisse faire un retour sur lui-m\u00eame, sans pour cela nuire \u00e0 sa vie de relation ?<\/p>\n<p style=\"text-align: right;\">Mars 2026<\/p>\n<p><a href=\"https:\/\/www.cgjung.net\/contact.htm\"><strong>Adresser un message \u00e0 Michelle Nahon<\/strong><\/a><\/p>\n<p>&nbsp;<\/p>\n<h2>Michelle Nahon<\/h2>\n<p>Michelle Nahon est psychologue de formation, attir\u00e9e depuis longtemps par les \u00ab&nbsp;sciences parall\u00e8les \u00bb dites \u00e9sot\u00e9riques. Elle a lu Jung et s\u2019est int\u00e9ress\u00e9e \u00e0 l\u2019astrologie, \u00e0 l\u2019alchimie, \u00e0 la gnose, ainsi qu\u2019aux \u00e9coles de myst\u00e8re de la Gr\u00e8ce antique, qu\u2019elle a pu approcher gr\u00e2ce \u00e0 sa formation de base en latin et en grec.<\/p>\n<p>Elle a travaill\u00e9 plusieurs ann\u00e9es sur ses r\u00eaves&nbsp;<a href=\"https:\/\/www.cgjung.net\/alchimie\/\">avec Rolande Bi\u00e8s<\/a>. Elle a \u00e9galement particip\u00e9 au Groupe de travail jungien de Bordeaux (2001\u20132019), fond\u00e9 par Jean-Pierre Marmonier, docteur en psychologie et enseignant \u00e0 l\u2019Universit\u00e9 de Bordeaux.<\/p>\n<p>Elle est l\u2019auteure d\u2019un ouvrage consacr\u00e9 \u00e0&nbsp;<a href=\"https:\/\/www.dervy-medicis.fr\/martines-de-pasqually-p-7442.html\" target=\"_blank\" rel=\"noopener\">Martin\u00e8s de Pasqually<\/a>&nbsp;et poursuit actuellement l\u2019\u00e9tude de l\u2019\u0153uvre de Raymond Abellio (1907\u20131986).<\/p>\n<p><strong>Article<\/strong><\/p>\n<ul>\n<li><a href=\"https:\/\/www.cgjung.net\/espace\/accueil\/michelle-nahon\/introverti-extraverti\/\">Introversion et extraversion : opposition ou compl\u00e9mentarit\u00e9 ?<\/a><\/li>\n<li><a href=\"https:\/\/www.cgjung.net\/espace\/accueil\/michelle-nahon\/tobit-heros-du-quotidien\/\">Tobit, h\u00e9ros du quotidien<\/a><\/li>\n<li><a href=\"https:\/\/www.cgjung.net\/espace\/accueil\/michelle-nahon\/soi-porte\/\">Quand le Soi vient frapper \u00e0 notre porte<\/a><\/li>\n<\/ul>\n\n","protected":false},"excerpt":{"rendered":"<p>Nous croyons savoir ce que sont l\u2019introversion et l\u2019extraversion : le sociable d\u2019un c\u00f4t\u00e9, le r\u00e9serv\u00e9 de l\u2019autre. Pourtant, \u00e0 la lumi\u00e8re de Jung, ces attitudes se r\u00e9v\u00e8lent plus complexes qu\u2019il n\u2019y para\u00eet, car l\u2019extraversion de l\u2019introverti n\u2019est pas celle de l\u2019extraverti, et inversement.&nbsp;Michelle Nahon Quand la valeur de l&rsquo;un devient la non-valeur de l&rsquo;autre [&hellip;]<\/p>\n","protected":false},"author":20,"featured_media":0,"parent":29831,"menu_order":0,"comment_status":"closed","ping_status":"closed","template":"","meta":{"footnotes":""},"class_list":["post-33297","page","type-page","status-publish","hentry"],"_links":{"self":[{"href":"https:\/\/www.cgjung.net\/espace\/wp-json\/wp\/v2\/pages\/33297","targetHints":{"allow":["GET"]}}],"collection":[{"href":"https:\/\/www.cgjung.net\/espace\/wp-json\/wp\/v2\/pages"}],"about":[{"href":"https:\/\/www.cgjung.net\/espace\/wp-json\/wp\/v2\/types\/page"}],"author":[{"embeddable":true,"href":"https:\/\/www.cgjung.net\/espace\/wp-json\/wp\/v2\/users\/20"}],"replies":[{"embeddable":true,"href":"https:\/\/www.cgjung.net\/espace\/wp-json\/wp\/v2\/comments?post=33297"}],"version-history":[{"count":25,"href":"https:\/\/www.cgjung.net\/espace\/wp-json\/wp\/v2\/pages\/33297\/revisions"}],"predecessor-version":[{"id":33846,"href":"https:\/\/www.cgjung.net\/espace\/wp-json\/wp\/v2\/pages\/33297\/revisions\/33846"}],"up":[{"embeddable":true,"href":"https:\/\/www.cgjung.net\/espace\/wp-json\/wp\/v2\/pages\/29831"}],"wp:attachment":[{"href":"https:\/\/www.cgjung.net\/espace\/wp-json\/wp\/v2\/media?parent=33297"}],"curies":[{"name":"wp","href":"https:\/\/api.w.org\/{rel}","templated":true}]}}