{"id":31836,"date":"2025-12-11T09:28:38","date_gmt":"2025-12-11T08:28:38","guid":{"rendered":"https:\/\/www.cgjung.net\/espace\/?page_id=31836"},"modified":"2025-12-11T21:28:48","modified_gmt":"2025-12-11T20:28:48","slug":"lily-couronne-noel","status":"publish","type":"page","link":"https:\/\/www.cgjung.net\/espace\/accueil\/lise-villemaire\/lily-couronne-noel\/","title":{"rendered":"Lily et la couronne de No\u00ebl : conte pour enfants divins !"},"content":{"rendered":"<p><strong>Dans ce nouveau texte, Lise Villemaire laisse \u00e9merger les images, symboles et synchronicit\u00e9s, r\u00e9v\u00e9lant la dynamique vivante de l\u2019inconscient telle que l\u2019entend la psychologie jungienne. Elle met ainsi en lumi\u00e8re la puissance transformatrice de l\u2019imaginaire, capable de s\u2019incarner dans un conte de No\u00ebl o\u00f9 l\u2019exp\u00e9rience personnelle devient mati\u00e8re de cr\u00e9ation et d\u2019individuation.<\/strong><\/p>\n<p><img loading=\"lazy\" decoding=\"async\" class=\"aligncenter wp-image-32375 \" src=\"https:\/\/www.cgjung.net\/espace\/wp-content\/uploads\/2025\/12\/Lily-couronne-noel-300x257.jpg\" alt=\"\" width=\"402\" height=\"344\" srcset=\"https:\/\/www.cgjung.net\/espace\/wp-content\/uploads\/2025\/12\/Lily-couronne-noel-300x257.jpg 300w, https:\/\/www.cgjung.net\/espace\/wp-content\/uploads\/2025\/12\/Lily-couronne-noel.jpg 600w\" sizes=\"auto, (max-width: 402px) 100vw, 402px\" \/><\/p>\n<p>Ce texte s\u2019inscrit dans la continuit\u00e9 d\u2019une recherche commenc\u00e9e avec Lily et le secret de la plante dans l&rsquo;article <a href=\"https:\/\/www.cgjung.net\/espace\/accueil\/lise-villemaire\/fees-croient-aux-hommes\/\">Est-ce que les f\u00e9es croient encore aux hommes ?<\/a>, un conte qui a ouvert un vaste champ d\u2019associations symboliques et d\u2019exp\u00e9riences int\u00e9rieures. Poursuivant une d\u00e9marche inspir\u00e9e de la psychologie analytique de C. G. Jung, l\u2019auteure explore ici l\u2019\u00e9mergence spontan\u00e9e d\u2019images, de symboles et de synchronicit\u00e9s qui se sont impos\u00e9s au fil du travail.<\/p>\n<p>Loin d\u2019une analyse th\u00e9orique ou lin\u00e9aire, ce cheminement se d\u00e9ploie \u00e0 partir de l\u2019exp\u00e9rience v\u00e9cue : une attitude de r\u00e9ceptivit\u00e9, d\u2019\u00e9coute du moment pr\u00e9sent, d\u2019attention aux manifestations de l\u2019inconscient. \u00c0 travers les motifs du loup, de la licorne, du cheval, du sceptre ou du cercle, mais aussi \u00e0 travers des figures humaines comme Winston Churchill ou Lady Godiva, se tisse progressivement un r\u00e9seau d\u2019images porteuses de sens, r\u00e9v\u00e9latrices du processus d\u2019individuation.<\/p>\n<p>Cette recherche int\u00e9rieure s\u2019est accompagn\u00e9e d\u2019une red\u00e9couverte de la cr\u00e9ativit\u00e9 &#8211; peinture, imagination active, \u00e9criture &#8211; r\u00e9v\u00e9lant l\u2019importance d\u2019\u00e9quilibrer intellect et imaginaire, conscient et inconscient. De nombreux r\u00eaves et synchronicit\u00e9s sont venus jalonner cette travers\u00e9e symbolique, confirmant l\u2019orientation du travail.<\/p>\n<p>De cette aventure est n\u00e9 un conte : Lily et la couronne de No\u00ebl. Il prolonge l\u2019univers f\u00e9erique du premier r\u00e9cit tout en int\u00e9grant, sous forme imag\u00e9e, les symboles, rencontres int\u00e9rieures et exp\u00e9riences v\u00e9cues au cours de ce long processus. Offert \u00e0 \u00ab l\u2019enfant divin \u00bb en chacun de nous, ce r\u00e9cit est aussi une invitation \u00e0 reconna\u00eetre la puissance cr\u00e9atrice et transformatrice des images qui surgissent du Soi.<\/p>\n<p style=\"text-align: center;\"><a class=\"buttonv navigation\" style=\"text-align: center;\" href=\"https:\/\/www.cgjung.net\/espace\/wp-content\/uploads\/2025\/12\/Lily-couronne-noel.pdf\" target=\"_blank\" rel=\"noopener\">Consulter l&rsquo;article complet au format pdf (15 pages)<\/a><\/p>\n<p style=\"text-align: right;\">D\u00e9cembre 2025<\/p>\n<h2><img loading=\"lazy\" decoding=\"async\" class=\"alignright size-full wp-image-28190\" src=\"https:\/\/www.cgjung.net\/espace\/wp-content\/uploads\/2025\/01\/lise-villemaire.jpg\" alt=\"\" width=\"120\" height=\"191\" \/>Lise Villemaire, M.Ps.<\/h2>\n<p>Lise Villemaire, psychologue et psychoth\u00e9rapeute retrait\u00e9e, r\u00e9side \u00e0 Montr\u00e9al, province du Qu\u00e9bec au Canada. Dans un premier temps elle a travaill\u00e9 comme infirmi\u00e8re. En qualit\u00e9 de psychologue elle a plus de 25 ans d&rsquo;exp\u00e9rience de pratique et d&rsquo;enseignement au niveau universitaire.<\/p>\n<p>Elle a \u00e9tudi\u00e9 les diff\u00e9rentes religions et obtenu un certificat en Th\u00e9ologie Orthodoxe. Conf\u00e9renci\u00e8re, elle s&rsquo;int\u00e9resse particuli\u00e8rement au d\u00e9veloppement spirituel chez l&rsquo;adulte et \u00e0 l&rsquo;Art. Elle s&rsquo;adonne au dessin et \u00e0 la peinture de vitraux.<\/p>\n<p align=\"LEFT\"><strong>Articles<\/strong><\/p>\n<ul>\n<li><a href=\"https:\/\/www.cgjung.net\/espace\/accueil\/lise-villemaire\/deuil-mandala\/\">Le contexte de deuil dans l\u2019\u00e9mergence du symbole du mandala<\/a>\n<ul>\n<li><a href=\"https:\/\/www.cgjung.net\/espace\/accueil\/lise-villemaire\/chemin-recherche\/\">Lise Villemaire : les chemins qui m\u2019ont men\u00e9e \u00e0 cette recherche<\/a><\/li>\n<li><a href=\"https:\/\/www.cgjung.net\/espace\/accueil\/lise-villemaire\/mandala-symbole-archetypique-soi\/\">Le mandala comme symbole arch\u00e9typique du Soi<\/a><\/li>\n<li><a href=\"https:\/\/www.cgjung.net\/espace\/accueil\/lise-villemaire\/mandala-jung\/\">Le mandala : l\u2019exp\u00e9rience personnelle de Jung<\/a><\/li>\n<li><a href=\"https:\/\/www.cgjung.net\/espace\/accueil\/lise-villemaire\/le-mandala-lexperience-personnelle-de-lise-villemaire\/\">Le mandala : l\u2019exp\u00e9rience personnelle de Lise Villemaire<\/a><\/li>\n<\/ul>\n<\/li>\n<li><a href=\"https:\/\/www.cgjung.net\/publications\/lise_villemaire\/index.htm\">La primaut\u00e9 de l\u2019exp\u00e9rience en philosophie et en th\u00e9ologie<\/a><\/li>\n<li><a href=\"https:\/\/www.cgjung.net\/espace\/accueil\/lise-villemaire\/imagination-active-symbole-etoile\/\">Imagination active et le symbole-image de l&rsquo;\u00e9toile<\/a><\/li>\n<li><a href=\"https:\/\/www.cgjung.net\/espace\/accueil\/lise-villemaire\/fees-croient-aux-hommes\/\">Est-ce que les f\u00e9es croient encore aux hommes ?<\/a><\/li>\n<li><a href=\"https:\/\/www.cgjung.net\/espace\/accueil\/lise-villemaire\/lily-couronne-noel\/\">Lily et la couronne de No\u00ebl : conte pour enfants divins !<\/a><\/li>\n<\/ul>\n\n<p>&nbsp;<\/p>\n","protected":false},"excerpt":{"rendered":"<p>Dans ce nouveau texte, Lise Villemaire laisse \u00e9merger les images, symboles et synchronicit\u00e9s, r\u00e9v\u00e9lant la dynamique vivante de l\u2019inconscient telle que l\u2019entend la psychologie jungienne. Elle met ainsi en lumi\u00e8re la puissance transformatrice de l\u2019imaginaire, capable de s\u2019incarner dans un conte de No\u00ebl o\u00f9 l\u2019exp\u00e9rience personnelle devient mati\u00e8re de cr\u00e9ation et d\u2019individuation. Ce texte s\u2019inscrit [&hellip;]<\/p>\n","protected":false},"author":19,"featured_media":0,"parent":18208,"menu_order":0,"comment_status":"closed","ping_status":"closed","template":"","meta":{"footnotes":""},"class_list":["post-31836","page","type-page","status-publish","hentry"],"_links":{"self":[{"href":"https:\/\/www.cgjung.net\/espace\/wp-json\/wp\/v2\/pages\/31836","targetHints":{"allow":["GET"]}}],"collection":[{"href":"https:\/\/www.cgjung.net\/espace\/wp-json\/wp\/v2\/pages"}],"about":[{"href":"https:\/\/www.cgjung.net\/espace\/wp-json\/wp\/v2\/types\/page"}],"author":[{"embeddable":true,"href":"https:\/\/www.cgjung.net\/espace\/wp-json\/wp\/v2\/users\/19"}],"replies":[{"embeddable":true,"href":"https:\/\/www.cgjung.net\/espace\/wp-json\/wp\/v2\/comments?post=31836"}],"version-history":[{"count":120,"href":"https:\/\/www.cgjung.net\/espace\/wp-json\/wp\/v2\/pages\/31836\/revisions"}],"predecessor-version":[{"id":32380,"href":"https:\/\/www.cgjung.net\/espace\/wp-json\/wp\/v2\/pages\/31836\/revisions\/32380"}],"up":[{"embeddable":true,"href":"https:\/\/www.cgjung.net\/espace\/wp-json\/wp\/v2\/pages\/18208"}],"wp:attachment":[{"href":"https:\/\/www.cgjung.net\/espace\/wp-json\/wp\/v2\/media?parent=31836"}],"curies":[{"name":"wp","href":"https:\/\/api.w.org\/{rel}","templated":true}]}}