{"id":30903,"date":"2025-09-01T06:40:00","date_gmt":"2025-09-01T04:40:00","guid":{"rendered":"https:\/\/www.cgjung.net\/espace\/?page_id=30903"},"modified":"2025-09-01T06:59:27","modified_gmt":"2025-09-01T04:59:27","slug":"hommes-dieux","status":"publish","type":"page","link":"https:\/\/www.cgjung.net\/espace\/ressources\/hommes-dieux\/","title":{"rendered":"Des hommes et des Dieux &#8211; Marie-Claire Dolghin-Loyer"},"content":{"rendered":"<p><strong>Dans <em>Des hommes et des Dieux<\/em>, Marie-Claire Dolghin-Loyer interroge le rapport de l\u2019homme moderne aux traditions religieuses et philosophiques. Face au d\u00e9senchantement du monde, elle propose une r\u00e9flexion \u00e0 la fois exigeante et accessible, en \u00e9tablissant un dialogue constant entre la science et la spiritualit\u00e9.<\/strong><\/p>\n<p><img loading=\"lazy\" decoding=\"async\" class=\"aligncenter wp-image-30910\" src=\"https:\/\/www.cgjung.net\/espace\/wp-content\/uploads\/2025\/08\/Des-hommes-et-des-Dieux.jpg\" alt=\"\" width=\"280\" height=\"413\" srcset=\"https:\/\/www.cgjung.net\/espace\/wp-content\/uploads\/2025\/08\/Des-hommes-et-des-Dieux.jpg 407w, https:\/\/www.cgjung.net\/espace\/wp-content\/uploads\/2025\/08\/Des-hommes-et-des-Dieux-204x300.jpg 204w\" sizes=\"auto, (max-width: 280px) 100vw, 280px\" \/><\/p>\n<p>Face \u00e0 nos incertitudes, nos fragilit\u00e9s et les crises contemporaines, Marie-Claire Dolghin-Loyer nous invite \u00e0 nous confronter, \u00e0 r\u00e9fl\u00e9chir et \u00e0 explorer notre vision du monde.&nbsp;<\/p>\n<p>Pour cela, elle relit les grands textes bibliques, les contes et les mythes universels \u2013 Job, Esther, Antigone ou encore Ka\u00efdara \u2013 \u00e0 la lumi\u00e8re de la psychanalyse et de l\u2019exp\u00e9rience spirituelle. En s\u2019appuyant sur ces r\u00e9cits, l\u2019auteure montre combien les symboles et les rites sont essentiels \u00e0 la sant\u00e9 psychique et combien le dialogue entre savoir scientifique et sagesse spirituelle permet de mieux comprendre la complexit\u00e9 humaine.<\/p>\n<p>Toutefois, il ne s\u2019agit pas seulement de revisiter le pass\u00e9. Le livre aborde de front les probl\u00e8mes contemporains&nbsp;: crise de l\u2019identit\u00e9, peur de l\u2019autre, disparition des rites, abus de pouvoir, affaiblissement du sens critique, isolement des individus, etc. Les \u00e9preuves les plus r\u00e9centes trouvent \u00e9galement leur place dans cette r\u00e9flexion. Ainsi, la pand\u00e9mie de Covid-19 souligne notre interd\u00e9pendance et nous appelle \u00e0 inventer de nouveaux modes de vie.<\/p>\n<h2>Une invitation \u00e0 l\u2019engagement existentiel<\/h2>\n<p>Au fil des pages, alors se dessine une invitation \u00e0 l\u2019engagement existentiel : \u00ab choisir la vie \u00bb, c\u2019est-\u00e0-dire accepter le mouvement, la perte et le renouveau, mais aussi cultiver un \u00ab c\u0153ur conscient \u00bb capable de d\u00e9passer la haine et la violence pour construire un avenir plus fraternel. Ce livre se pr\u00e9sente moins qu\u2019un trait\u00e9 acad\u00e9mique que comme une m\u00e9ditation vivante, \u00e0 la crois\u00e9e des disciplines. Dans un monde en qu\u00eate de rep\u00e8res et en proie aux crispations identitaires, il rappelle que les ressources de l\u2019\u00e2me humaine sont immenses et qu\u2019au-del\u00e0 de la perte de sens, les \u00ab dieux \u00bb int\u00e9rieurs demeurent pour guider les hommes vers la compl\u00e9tude et l\u2019esp\u00e9rance.<\/p>\n<p>&nbsp;<\/p>\n<h2>Les conf\u00e9rences<\/h2>\n<p><em>Ces conf\u00e9rences ont \u00e9t\u00e9 donn\u00e9es entre 2006 et 2024 \u00e0 l\u2019Amiti\u00e9 Jud\u00e9o-Chr\u00e9tienne de Draguignan.<\/em><\/p>\n<p>Job, Silence et Paroles&nbsp;\u2013 20&nbsp;f\u00e9vrier&nbsp;2006<\/p>\n<p>Ka\u00efdara, un conte initiatique peul&nbsp;\u2013 Ann\u00e9e&nbsp;2007<\/p>\n<p>Au risque de la transmission&nbsp;\u2013 19&nbsp;mai&nbsp;2008<\/p>\n<p>Choisir la vie&nbsp;\u2013 20&nbsp;f\u00e9vrier&nbsp;2009<\/p>\n<p>Du bon et du mauvais usage de la col\u00e8re&nbsp;\u2013 16&nbsp;novembre&nbsp;2009<\/p>\n<p>Le temps et les rites pour la psych\u00e9&nbsp;\u2013 18&nbsp;octobre&nbsp;2010<\/p>\n<p>La femme m\u00e9diatrice&nbsp;\u2013 12&nbsp;d\u00e9cembre&nbsp;2011<\/p>\n<p>La peur de l&rsquo;autre&nbsp;\u2013 15&nbsp;octobre&nbsp;2012<\/p>\n<p>La Bible est-elle actuelle&nbsp;?&nbsp;\u2013 21&nbsp;octobre&nbsp;2013<\/p>\n<p>R\u00eaves remarquables dans les textes bibliques&nbsp;\u2013 9&nbsp;janvier&nbsp;2015<\/p>\n<p>Le Cas Spinoza&nbsp;\u2013 18&nbsp;janvier&nbsp;2016<\/p>\n<p>Hors d&rsquo;une culture, quelle identit\u00e9&nbsp;?&nbsp;\u2013 16&nbsp;janvier&nbsp;2017<\/p>\n<p>Les saisons de l&rsquo;\u00e2me, le temps mythique, le temps historique et le temps psychologique \u2013 15 janvier 2018<\/p>\n<p>De la diversit\u00e9 des langages&nbsp;\u2013 21&nbsp;janvier&nbsp;2019<\/p>\n<p>Le Sacrifice, Esther et Antigone&nbsp;\u2013 20&nbsp;janvier&nbsp;2020<\/p>\n<p>Les Le\u00e7ons du Covid&nbsp;\u2013 3&nbsp;novembre&nbsp;2020<\/p>\n<p>L&rsquo;identit\u00e9, une complexit\u00e9 cr\u00e9atrice&nbsp;\u2013 17&nbsp;janvier&nbsp;2022<\/p>\n<p>Pour ne pas d\u00e9sesp\u00e9rer&nbsp;\u2013 22&nbsp;janvier&nbsp;2024<\/p>\n<p><em>\u00c9diteur&nbsp;: Terre Noire&nbsp;\u2013 2025&nbsp;\u2013 228&nbsp;pages&nbsp;\u2013 ISBN&nbsp;9782487519060&nbsp;\u2013 15&nbsp;x&nbsp;22&nbsp;x&nbsp;1,4&nbsp;cm<\/em><\/p>\n<p>&nbsp;<\/p>\n<h2>Marie-Claire Dolghin-Loyer<\/h2>\n<p>M\u00e9decin et psychanalyste, Marie-Claire Dolghin-Loyer anime des stages consacr\u00e9s \u00e0 la pens\u00e9e de Jung et aux th\u00e8mes traditionnels.<\/p>\n<p>Elle participe aussi \u00e0 la restauration et \u00e0 l\u2019animation culturelle du site cistercien de l\u2019abbaye de Coat Malouen dans les C\u00f4tes-d\u2019Armor.<\/p>\n<p>Ouvrages pr\u00e9sent\u00e9s sur ce site :<\/p>\n<ul>\n<li><a href=\"https:\/\/www.cgjung.net\/espace\/ressources\/voyages-initiatiques\/\">Voyages initiatiques<\/a>&nbsp;(entretien)<\/li>\n<li><a href=\"https:\/\/www.cgjung.net\/publications\/les-concepts-jungiens.htm\">Les concepts jungiens<\/a><\/li>\n<li><a href=\"https:\/\/www.cgjung.net\/publications\/les-contes-une-ecole-de-sagesse.htm\">Les contes, une \u00e9cole de sagesse<\/a><\/li>\n<li><a href=\"https:\/\/www.cgjung.net\/publications\/les-saisons-de-l-ame.htm\">Les saisons de l&rsquo;\u00e2me des labours aux moissons<\/a><\/li>\n<li><a href=\"https:\/\/www.cgjung.net\/publications\/l-adieu-journal-d-un-deuil.htm\">L&rsquo;adieu &#8211; Journal d&rsquo;un deuil<\/a><\/li>\n<\/ul>\n\n","protected":false},"excerpt":{"rendered":"<p>Dans Des hommes et des Dieux, Marie-Claire Dolghin-Loyer interroge le rapport de l\u2019homme moderne aux traditions religieuses et philosophiques. Face au d\u00e9senchantement du monde, elle propose une r\u00e9flexion \u00e0 la fois exigeante et accessible, en \u00e9tablissant un dialogue constant entre la science et la spiritualit\u00e9. Face \u00e0 nos incertitudes, nos fragilit\u00e9s et les crises contemporaines, [&hellip;]<\/p>\n","protected":false},"author":17,"featured_media":0,"parent":9713,"menu_order":0,"comment_status":"closed","ping_status":"closed","template":"","meta":{"footnotes":""},"class_list":["post-30903","page","type-page","status-publish","hentry"],"_links":{"self":[{"href":"https:\/\/www.cgjung.net\/espace\/wp-json\/wp\/v2\/pages\/30903","targetHints":{"allow":["GET"]}}],"collection":[{"href":"https:\/\/www.cgjung.net\/espace\/wp-json\/wp\/v2\/pages"}],"about":[{"href":"https:\/\/www.cgjung.net\/espace\/wp-json\/wp\/v2\/types\/page"}],"author":[{"embeddable":true,"href":"https:\/\/www.cgjung.net\/espace\/wp-json\/wp\/v2\/users\/17"}],"replies":[{"embeddable":true,"href":"https:\/\/www.cgjung.net\/espace\/wp-json\/wp\/v2\/comments?post=30903"}],"version-history":[{"count":19,"href":"https:\/\/www.cgjung.net\/espace\/wp-json\/wp\/v2\/pages\/30903\/revisions"}],"predecessor-version":[{"id":30953,"href":"https:\/\/www.cgjung.net\/espace\/wp-json\/wp\/v2\/pages\/30903\/revisions\/30953"}],"up":[{"embeddable":true,"href":"https:\/\/www.cgjung.net\/espace\/wp-json\/wp\/v2\/pages\/9713"}],"wp:attachment":[{"href":"https:\/\/www.cgjung.net\/espace\/wp-json\/wp\/v2\/media?parent=30903"}],"curies":[{"name":"wp","href":"https:\/\/api.w.org\/{rel}","templated":true}]}}