{"id":29424,"date":"2025-05-09T18:52:47","date_gmt":"2025-05-09T16:52:47","guid":{"rendered":"https:\/\/www.cgjung.net\/espace\/?page_id=29424"},"modified":"2025-05-11T09:13:08","modified_gmt":"2025-05-11T07:13:08","slug":"enfant-mere-homeopathie","status":"publish","type":"page","link":"https:\/\/www.cgjung.net\/espace\/bernard-long-homeopathie\/enfant-mere-homeopathie\/","title":{"rendered":"L&rsquo;enfant, la m\u00e8re et l&rsquo;hom\u00e9opathie"},"content":{"rendered":"<p style=\"text-align: left;\"><strong>\u00c0 la lumi\u00e8re de l\u2019hom\u00e9opathie, ce livre explore les dynamiques m\u00e8re-p\u00e8re-enfant \u00e0 travers une lecture arch\u00e9typale inspir\u00e9e de Jung. Plus de 80 rem\u00e8des y sont convoqu\u00e9s autour de trois grands axes symboliques. <span style=\"color: #808080;\">Bernard Long<\/span> <\/strong><img loading=\"lazy\" decoding=\"async\" class=\"aligncenter size-full wp-image-29427\" src=\"https:\/\/www.cgjung.net\/espace\/wp-content\/uploads\/2025\/04\/enfant-mere-homeopathie.jpg\" alt=\"\" width=\"280\" height=\"398\" \/><\/p>\n<p style=\"text-align: center;\"><a href=\"https:\/\/librairie.bod.fr\/lenfant-la-mere-et-lhomeopathie-bernard-long-9782322570218\" target=\"_blank\" rel=\"noopener\">\u00c9ditions Books On Demand<\/a><\/p>\n<p>J&rsquo;\u00e9voque ici l\u2019enfant qui demeure en chacun de nous \u00e0 travers le langage de la pharmacop\u00e9e hom\u00e9opathique, les synchronicit\u00e9s qui existent entre la mati\u00e8re m\u00e9dicale d\u00e9crite dans les pathog\u00e9n\u00e9sies classiques, les cas gu\u00e9ris (v\u00e9rifi\u00e9s par l\u2019exp\u00e9rience), la forme et le symbole de la substance.<\/p>\n<p>Il s&rsquo;agit de confronter le contenu latent du langage de la mati\u00e8re m\u00e9dicale et de sa grammaire avec la description qui lui correspond, \u00e0 la recherche de sympt\u00f4mes arch\u00e9typaux et d\u2019une repr\u00e9sentation centr\u00e9e des rem\u00e8des sous forme de mandala. Je vais tenter de vous donner une id\u00e9e et quelques exemples du contenu de l&rsquo;ouvrage.<\/p>\n<h2>La symbiose<\/h2>\n<p>L\u2019\u00e9tat symbiotique peut \u00eatre repr\u00e9sent\u00e9 particuli\u00e8rement par l\u2019image de la coquille qui prot\u00e8ge le stade non diff\u00e9renci\u00e9 du tout-petit. C\u2019est un \u00e9tat fragile, comme celui de l\u2019embryon dans la coquille d\u2019un \u0153uf ou de l\u2019hu\u00eetre dans son habitat. C\u2019est l\u2019\u00e9tat <em>calcarea carbonica ou ostreica<\/em>, qui est extrait de la coquille d\u2019hu\u00eetre. Il y a identit\u00e9 entre le corps et le monde et, pour le b\u00e9b\u00e9, l\u2019image du corps est encore indiff\u00e9renci\u00e9e et illimit\u00e9e. <em>Calcarea <\/em>redoute de quitter&nbsp;coquille, l\u2019angoisse de ne pas se d\u00e9velopper, la peur d\u2019\u00eatre englouti et d\u2019\u00eatre faible.<\/p>\n<p>Le double aspect de l\u2019arch\u00e9type maternel, celui de la m\u00e8re aimante et celui de la m\u00e8re terrible, se retrouve bien entendu chez <em>calcarea<\/em>, la coquille, avec son aspect de matrice rassurante et son aspect de d\u00e9voration. La grotte (comme la coquille) peut repr\u00e9senter l\u2019\u00e9l\u00e9ment maternel. Cette cavit\u00e9 naturelle \u00e9voque irr\u00e9sistiblement la matrice.<\/p>\n<p>On conna\u00eet de nombreux contes qui parlent de grottes souvent d\u00e9fendues par des \u00eatres terribles comme des dragons ou des sorci\u00e8res. L\u2019aspect n\u00e9gatif de l\u2019arch\u00e9type, l\u2019aspect de \u00ab d\u00e9voration \u00bb, est projet\u00e9 principalement chez l\u2019enfant dans des images d\u2019animaux mena\u00e7ants, susceptibles de mordre, de d\u00e9vorer. Cette facette d\u00e9vorante est particuli\u00e8rement illustr\u00e9e par le rem\u00e8de <em>belladona. <\/em><\/p>\n<p><em>Belladona<\/em> est hant\u00e9 par le chien. C&rsquo;est un rem\u00e8de de la \u00ab peur des chiens \u00bb, de \u00ab l&rsquo;illusion de chiens \u00bb, un rem\u00e8de qui a la propension \u00e0 mordre, \u00e0 aboyer comme un chien avec une toux aboyante. C&rsquo;est un rem\u00e8de de la \u00ab d\u00e9voration \u00bb et aussi de la \u00ab s\u00e9duction \u00bb (la s\u00e9duction de l&rsquo;enfant par la m\u00e8re et r\u00e9ciproquement).<\/p>\n<p>On conna\u00eet l&rsquo;\u00e9tymologie de la \u00ab belle dame \u00bb et son \u0153il enj\u00f4leur. Si <em>calcarea<\/em> montre parfois certaines manifestations de type <em>belladona<\/em>, c&rsquo;est qu&rsquo;il peut \u00e9ventuellement exprimer \u00e0 ce moment-l\u00e0 la peur de la d\u00e9voration, et ceci est en liaison avec sa probl\u00e9matique fondamentale.<\/p>\n<p><em>Belladona <\/em> fait partie des rem\u00e8des de fi\u00e8vres violentes infantiles, au moment o\u00f9 l\u2019enfant (au stade de la dentition) sort d\u2019une symbiose qui pourrait l\u2019\u00e9touffer et commence \u00e0 mordre la vie \u00e0 pleines dents.<\/p>\n<p>Dans ce livre je parle, entre autres, de rem\u00e8des de la grossesse, tout particuli\u00e8rement de <em>pulsatilla, sepia<\/em>, l\u2019ombre de <em>calcarea.<\/em><\/p>\n<p>Les rem\u00e8des d\u2019allaitement suivent, en particulier ceux issus du lait de diff\u00e9rentes esp\u00e8ces animales.<\/p>\n<h2>La s\u00e9paration<\/h2>\n<p><em>Pulsatilla <\/em>est un grand rem\u00e8de de l\u2019enfant et de la femme (mais pas uniquement).<\/p>\n<p>Le th\u00e8me central de <em>pulsatilla <\/em>semble \u00eatre l\u2019impermanence de l\u2019amour maternel. Le sujet <em>Pulsatilla <\/em>a peur de perdre l&rsquo;amour maternel. Pour r\u00e9sister \u00e0 cette inqui\u00e9tude, elle fera tout pour retenir cet amour, se fera timide et douce, aspirera \u00e0 l&rsquo;amour maternel, \u00e0 la maternit\u00e9, voudra la stabilit\u00e9 affective et pourra m\u00eame se faire nonne, en demeurant dans la symbiose sans prendre le risque du sexe oppos\u00e9.<\/p>\n<p>D\u00e9compens\u00e9e, elle se sent seule et abandonn\u00e9e, pleure, ressent de la jalousie et vit une vie physique et \u00e9motionnelle instable et changeante. Elle craint la s\u00e9paration, para\u00eet palpitante, maternelle et changeante.<\/p>\n<p>La s\u00e9paration est \u00e9videmment la p\u00e9riode de la dentition. <em>Chamomilla <\/em>dit non<em>. <\/em><\/p>\n<p><em>Natrum muriaticum<\/em> \u00e9voque <em>Novalis<\/em>. C\u2019est l\u2019histoire d\u2019un amour impossible. Il est le sel cristallis\u00e9 dans une symbiose irr\u00e9sistible. Il est triste, sec, introverti, amoureux transi, pouvant donner le change dans une <em>persona<\/em> parfois plaisante.<\/p>\n<p>Chez <em>natrum<\/em> il y a une recherche de relation vitale, un d\u00e9sir de se mixer \u00e0 l&rsquo;eau, de se fondre dans l&rsquo;\u00e9l\u00e9ment liquide f\u00e9minin aquatique, un besoin irr\u00e9sistible et nostalgique de la relation, tout particuli\u00e8rement avec l&rsquo;\u00e9l\u00e9ment f\u00e9minin de la sensibilit\u00e9, de l&rsquo;accueil et de l&rsquo;amour.<\/p>\n<p><em>Silicea <\/em> peine \u00e0 se confronter. Il redoute les contacts et se prot\u00e8ge dans une sorte d&rsquo;hygiaphone. Il oscille entre le fait de plier et la rigidit\u00e9. Il redoute l&rsquo;autre et son opinion. Sa vuln\u00e9rabilit\u00e9, son angoisse profonde s&rsquo;inscrit dans le squelette spicul\u00e9 des radiolaires dont il provient, organis\u00e9s comme des armures et&nbsp; comme sculpt\u00e9s en fil de fer par une main minuscule et experte. On dirait une arm\u00e9e de petits soldats prot\u00e9g\u00e9s par des cuirasses \u00e9l\u00e9gantes et subtiles. <em>Silicea<\/em> garde la m\u00e9moire de ces cuirasses, de ces cottes de mailles, il en garde aussi la rigidit\u00e9 fragile et l&rsquo;horreur des aiguilles.<\/p>\n<h2>L\u2019autonomie<\/h2>\n<p>Arrive le stade de l\u2019autonomie, du sacrifice de la m\u00e8re.<\/p>\n<p><em>Lycopodium<\/em>, le pied de loup est arch\u00e9typal dans cette \u00e9tape et pr\u00e9sente dans son profil des aspects qui \u00e9voquent singuli\u00e8rement l\u2019histoire du loup.<\/p>\n<p>La constatation, dans notre inconscient collectif occidental, de la pr\u00e9sence quasi obs\u00e9dante du loup, particuli\u00e8rement dans l&rsquo;imaginaire de l&rsquo;enfant, accentue son importance dans les profondeurs de notre inconscient. Une des notions les plus marquantes dans la vie du loup semble \u00eatre la recherche et l\u2019acquisition du territoire, avec la diff\u00e9renciation des g\u00e9n\u00e9rations et des sexes. Certes ces notions sont communes \u00e0 la plupart des esp\u00e8ces, mais elles paraissent particuli\u00e8rement fondatrices chez le loup qui a peupl\u00e9 notre inconscient.<\/p>\n<p>La p\u00e9riode <em>lycopodium <\/em>est la p\u00e9riode de la d\u00e9couverte de l\u2019identit\u00e9, de l\u2019accomplissement du <em>moi<\/em>, de son impact sur l\u2019environnement, la phase de l\u2019agir. Le sujet <em>Lycopodium<\/em> est pr\u00e9occup\u00e9 par son territoire et le probl\u00e8me de l&rsquo;autorit\u00e9. Il veut \u00eatre grand et craint les castrations.<\/p>\n<p>Quant \u00e0 <em>Mercurius, <\/em>il est insaisissable, ne connaissant ni limites, ni lois, sinon les siennes, un v\u00e9ritable Rimbaud de l\u2019hom\u00e9opathie, tr\u00e8s intelligent et capable du pire.<\/p>\n<p>Le texte se termine par des pages sur la marche, le langage et le probl\u00e8me des sphincters.<\/p>\n<p><strong>Bien entendu, la pratique hom\u00e9opathique ne peut se contenter de ce tableau qui peut para\u00eetre caricatural, car les rem\u00e8des cit\u00e9s ne sont certainement pas les seuls \u00e0 illustrer un arch\u00e9type. C\u2019est la connaissance de la mati\u00e8re m\u00e9dicale et la recherche individualis\u00e9e d\u2019un rem\u00e8de qui permettent seules une approche pratique de la th\u00e9rapeutique. Cet ouvrage tente seulement de r\u00e9v\u00e9ler une logique possible dans l\u2019\u00e9cheveau de la mati\u00e8re m\u00e9dicale hom\u00e9opathique.<\/strong><\/p>\n<p style=\"text-align: right;\">Mai 2025<\/p>\n<p><i>\u00c9diteur : Books On Demand\u2013 2025 \u2013 296 pages \u2013 ISBN 9782322570218 \u2013 14,8 x 21 x 1,8 cm<\/i><\/p>\n<p style=\"text-align: left;\"><p style=\"text-align: justify;\"><em><strong>Important<\/strong> : il est possible que l&rsquo;un des rem\u00e8des d\u00e9crits sur ce site vous convienne, mais on ne peut l&rsquo;affirmer sans un interrogatoire et un examen s\u00e9rieux effectu\u00e9s par un m\u00e9decin hom\u00e9opathe. Le site est fait pour faire conna\u00eetre l&rsquo;hom\u00e9opathie, en aucun cas il ne peut se substituer \u00e0 un th\u00e9rapeute. Le docteur Bernard Long n&rsquo;assure plus de consultations.<\/em><\/p>\n<p><a href=\"https:\/\/www.cgjung.net\/contact.htm\"><strong>Adresser un message \u00e0 Bernard Long<\/strong><\/a>&nbsp;<span style=\"color: #ff0000;\">(Il ne doit pas concerner une consultation \u00e0 caract\u00e8re m\u00e9dical).<\/span><\/p>\n<h2>Bernard Long<\/h2>\n<p><a href=\"https:\/\/www.cgjung.net\/espace\/bernard-long-homeopathie\/\">Pr\u00e9sentation du docteur Bernard Long<\/a><\/p>\n<h2>Ouvrages<\/h2>\n<ul>\n<li><a href=\"https:\/\/www.cgjung.net\/espace\/bernard-long-homeopathie\/symboles-archetypes\/\">Symboles et arch\u00e9types en hom\u00e9opathie<\/a>, reprend un certain nombre d\u2019articles publi\u00e9s sur ce site et les compl\u00e8te.<\/li>\n<li><a href=\"https:\/\/www.cgjung.net\/espace\/bernard-long-homeopathie\/symboles-archetypes\/#repertoire\">Le R\u00e9pertoire hom\u00e9opathique des maladies aigu\u00ebs<\/a> compl\u00e8te utilement cet ouvrage.<\/li>\n<li><a href=\"https:\/\/www.cgjung.net\/espace\/bernard-long-homeopathie\/enfant-mere-homeopathie\/\">L&rsquo;enfant, la m\u00e8re et l&rsquo;hom\u00e9opathie<\/a><\/li>\n<\/ul>\n<h2>Articles de Bernard Long<\/h2>\n<div class=\"menu-bernard-long-container\">\n<ul id=\"menu-bernard-long\" class=\"menu\">\n<li id=\"menu-item-2211\" class=\"menu-item menu-item-type-post_type menu-item-object-page current-page-ancestor menu-item-2211\"><a href=\"https:\/\/www.cgjung.net\/espace\/bernard-long-homeopathie\/lexique-de-lhomeopathie\/\">Lexique de l\u2019hom\u00e9opathie<\/a><\/li>\n<li id=\"menu-item-3010\" class=\"menu-item menu-item-type-post_type menu-item-object-page menu-item-3010\"><a href=\"https:\/\/www.cgjung.net\/espace\/bernard-long-homeopathie\/homeopathie-et-synchronicite\/\">Hom\u00e9opathie et synchronicit\u00e9<\/a><\/li>\n<li id=\"menu-item-2212\" class=\"menu-item menu-item-type-post_type menu-item-object-page menu-item-2212\"><a href=\"https:\/\/www.cgjung.net\/espace\/bernard-long-homeopathie\/le-reve-en-pratique-homeopathique\/\">R\u00eave en hom\u00e9opathie<\/a><\/li>\n<li id=\"menu-item-2213\" class=\"menu-item menu-item-type-post_type menu-item-object-page menu-item-2213\"><a href=\"https:\/\/www.cgjung.net\/espace\/bernard-long-homeopathie\/homeopathie-mandala\/\">Hom\u00e9opathie et mandala<\/a><\/li>\n<li id=\"menu-item-2214\" class=\"menu-item menu-item-type-post_type menu-item-object-page menu-item-2214\"><a href=\"https:\/\/www.cgjung.net\/espace\/bernard-long-homeopathie\/le-mercure\/\">Le Mercure<\/a><\/li>\n<li id=\"menu-item-2215\" class=\"menu-item menu-item-type-post_type menu-item-object-page menu-item-2215\"><a href=\"https:\/\/www.cgjung.net\/espace\/bernard-long-homeopathie\/coquille-philosophique\/\">Calcarea carbonica<\/a><\/li>\n<li id=\"menu-item-2216\" class=\"menu-item menu-item-type-post_type menu-item-object-page menu-item-2216\"><a href=\"https:\/\/www.cgjung.net\/espace\/bernard-long-homeopathie\/pulsatilla\/\">Pulsatilla<\/a><\/li>\n<li id=\"menu-item-2217\" class=\"menu-item menu-item-type-post_type menu-item-object-page menu-item-2217\"><a href=\"https:\/\/www.cgjung.net\/espace\/bernard-long-homeopathie\/jung-et-lhomeopathie\/\">Jung et l\u2019hom\u00e9opathie<\/a><\/li>\n<li id=\"menu-item-2218\" class=\"menu-item menu-item-type-post_type menu-item-object-page menu-item-2218\"><a href=\"https:\/\/www.cgjung.net\/espace\/bernard-long-homeopathie\/aconit\/\">Aconit<\/a><\/li>\n<li id=\"menu-item-2257\" class=\"menu-item menu-item-type-post_type menu-item-object-page menu-item-has-children menu-item-2257\"><a href=\"https:\/\/www.cgjung.net\/espace\/bernard-long-homeopathie\/arsenic\/\">Arsenic : aspects philosophique et psychologique<\/a><\/li>\n<li id=\"menu-item-2219\" class=\"menu-item menu-item-type-post_type menu-item-object-page menu-item-2219\"><a href=\"https:\/\/www.cgjung.net\/espace\/bernard-long-homeopathie\/arsenic\/vie-maladie-mortelle\/\">Arsenic : la vie est une maladie mortelle<\/a><\/li>\n<li id=\"menu-item-2220\" class=\"menu-item menu-item-type-post_type menu-item-object-page menu-item-has-children menu-item-2220\"><a href=\"https:\/\/www.cgjung.net\/espace\/bernard-long-homeopathie\/plante-belladona-belladone\/\">Belladona, la belle qui a du chien<\/a><\/li>\n<li id=\"menu-item-2446\" class=\"menu-item menu-item-type-post_type menu-item-object-page menu-item-2446\"><a href=\"https:\/\/www.cgjung.net\/espace\/bernard-long-homeopathie\/plante-belladona-belladone\/plante-homeopathique-belladona-belladone\/\">Belladona, un combat pour la vie<\/a><\/li>\n<li id=\"menu-item-3433\" class=\"menu-item menu-item-type-post_type menu-item-object-page menu-item-3433\"><a href=\"https:\/\/www.cgjung.net\/espace\/bernard-long-homeopathie\/information-compensatoire\/\">Hom\u00e9opathie : information compensatoire ?<\/a><\/li>\n<li id=\"menu-item-4301\" class=\"menu-item menu-item-type-post_type menu-item-object-page menu-item-4301\"><a href=\"https:\/\/www.cgjung.net\/espace\/bernard-long-homeopathie\/alumine-matiere-alchimie-symbolique\/\">D\u2019alumine \u00e0 alumina : mati\u00e8re, alchimie, symbolique<\/a><\/li>\n<li id=\"menu-item-5163\" class=\"menu-item menu-item-type-post_type menu-item-object-page menu-item-5163\"><a href=\"https:\/\/www.cgjung.net\/espace\/bernard-long-homeopathie\/symbolisme-du-sel\/\">Symbolisme du sel et hom\u00e9opathie<\/a><\/li>\n<li id=\"menu-item-5686\" class=\"menu-item menu-item-type-post_type menu-item-object-page menu-item-5686\"><a href=\"https:\/\/www.cgjung.net\/espace\/bernard-long-homeopathie\/ambre-gris\/\">L\u2019ambre gris, ambra grisea<\/a><\/li>\n<li id=\"menu-item-6253\" class=\"menu-item menu-item-type-post_type menu-item-object-page menu-item-6253\"><a href=\"https:\/\/www.cgjung.net\/espace\/bernard-long-homeopathie\/de-soleil-dor-aurum-metallicum\/\">De soleil et d\u2019or : aurum m\u00e9tallicum<\/a><\/li>\n<li id=\"menu-item-6699\" class=\"menu-item menu-item-type-post_type menu-item-object-page menu-item-6699\"><a href=\"https:\/\/www.cgjung.net\/espace\/bernard-long-homeopathie\/argent-argentum\/\">Lune d\u2019argent : argentum<\/a><\/li>\n<li id=\"menu-item-7142\" class=\"menu-item menu-item-type-post_type menu-item-object-page menu-item-7142\"><a href=\"https:\/\/www.cgjung.net\/espace\/bernard-long-homeopathie\/le-charbon-de-bois-carbo-vegetabilis\/\">Le charbon de bois : carbo vegetabilis<\/a><\/li>\n<li id=\"menu-item-7203\" class=\"menu-item menu-item-type-post_type menu-item-object-page menu-item-7203\"><a href=\"https:\/\/www.cgjung.net\/espace\/bernard-long-homeopathie\/cuivre-et-remede\/\">Cuivre et rem\u00e8de \u2013 Cuprum metallicum<\/a><\/li>\n<li id=\"menu-item-7266\" class=\"menu-item menu-item-type-post_type menu-item-object-page menu-item-7266\"><a href=\"https:\/\/www.cgjung.net\/espace\/bernard-long-homeopathie\/symptomes-symboles\/\">Sympt\u00f4mes et Symboles en hom\u00e9opathie<\/a><\/li>\n<li id=\"menu-item-7975\" class=\"menu-item menu-item-type-post_type menu-item-object-page menu-item-7975\"><a href=\"https:\/\/www.cgjung.net\/espace\/bernard-long-homeopathie\/soufre-sulfur\/\">Le soufre, sulfur<\/a><\/li>\n<li id=\"menu-item-8444\" class=\"menu-item menu-item-type-post_type menu-item-object-page menu-item-8444\"><a href=\"https:\/\/www.cgjung.net\/espace\/bernard-long-homeopathie\/serpent-lachesis-mutus\/\">Le serpent : Lachesis mutus<\/a><\/li>\n<li id=\"menu-item-8857\" class=\"menu-item menu-item-type-post_type menu-item-object-page menu-item-8857\"><a href=\"https:\/\/www.cgjung.net\/espace\/bernard-long-homeopathie\/la-belle-et-le-crapaud\/\">La belle et le crapaud<\/a><\/li>\n<li id=\"menu-item-9847\" class=\"menu-item menu-item-type- menu-item-object- menu-item-9847\"><a href=\"https:\/\/www.cgjung.net\/espace\/bernard-long-homeopathie\/lycopodium\/\">Au loup ! Le rem\u00e8de hom\u00e9opathique lycopodium clavatum<\/a><\/li>\n<li><a href=\"https:\/\/www.cgjung.net\/espace\/bernard-long-homeopathie\/le-plomb-plumbum-metallicum\/\">Le plomb, plumbum m\u00e9tallicum hom\u00e9opathique<\/a><\/li>\n<li><a href=\"https:\/\/www.cgjung.net\/espace\/bernard-long-homeopathie\/camomille-remede\/\">La camomille : le rem\u00e8de hom\u00e9opathique chamomilla<\/a><\/li>\n<li><a href=\"https:\/\/www.cgjung.net\/espace\/bernard-long-homeopathie\/bore-borax\/\">Le bore, borax, rem\u00e8de hom\u00e9opathique<\/a><\/li>\n<li><a href=\"https:\/\/www.cgjung.net\/espace\/bernard-long-homeopathie\/rhus-toxicodendron\/\">Rhus toxicodendron, le rem\u00e8de et le sujet<\/a><\/li>\n<li><a href=\"https:\/\/www.cgjung.net\/espace\/bernard-long-homeopathie\/bryonia-alba-le-remede-du-confine\/\">Bryonia alba le rem\u00e8de du confin\u00e9<\/a><\/li>\n<li><a href=\"https:\/\/www.cgjung.net\/espace\/bernard-long-homeopathie\/staphysagria-remede-pouilleux\/\">Staphysagria le rem\u00e8de du pouilleux<\/a><\/li>\n<li><a href=\"https:\/\/www.cgjung.net\/espace\/bernard-long-homeopathie\/veratrum-album-remede-vantard\/\">Veratrum album, rem\u00e8de pr\u00e9tentieux et vantard<\/a><\/li>\n<li><a href=\"https:\/\/www.cgjung.net\/espace\/bernard-long-homeopathie\/hepar-sulfur-calcareum-un-pyromane-frileux\/\">Hepar Sulfur Calcareum, un pyromane frileux<\/a><\/li>\n<li><a href=\"https:\/\/www.cgjung.net\/espace\/bernard-long-homeopathie\/sepia-sang-encre\/\">Le sujet sepia se fait un sang d\u2019encre<\/a><\/li>\n<li><a href=\"https:\/\/www.cgjung.net\/espace\/bernard-long-homeopathie\/zincum-metallicum\/\">Zincum metallicum&nbsp;un sujet galvanis\u00e9<\/a><\/li>\n<li><a href=\"https:\/\/www.cgjung.net\/espace\/bernard-long-homeopathie\/natrum-carbonicum-lessive-alchimique\/\">Natrum carbonicum : la grande lessive alchimique<\/a><\/li>\n<li><a href=\"https:\/\/www.cgjung.net\/espace\/bernard-long-homeopathie\/silicea\/\">Silicea sent le sol se d\u00e9rober sous ses pieds<\/a><\/li>\n<li><a href=\"https:\/\/www.cgjung.net\/espace\/bernard-long-homeopathie\/hyoscyamus-niger\/\">La jusquiame noire, hyoscyamus niger, au pays des sorci\u00e8res<\/a><\/li>\n<li><a href=\"https:\/\/www.cgjung.net\/espace\/bernard-long-homeopathie\/ammonium-muriaticum\/\">Ammonium muriaticum et l&rsquo;histoire du Petit Poucet<\/a><\/li>\n<li><a href=\"https:\/\/www.cgjung.net\/espace\/bernard-long-homeopathie\/capsicum-annuum\/\">La nostalgie du pays de Capsicum annuum<\/a><\/li>\n<li><a href=\"https:\/\/www.cgjung.net\/espace\/bernard-long-homeopathie\/kalium-carbonicum\/\">Kalium carbonicum, purification et destruction<\/a><\/li>\n<li><a href=\"https:\/\/www.cgjung.net\/espace\/bernard-long-homeopathie\/causticum-caustique\/\">Causticum : un \u00eatre caustique et empathique<\/a><\/li>\n<li><a href=\"https:\/\/www.cgjung.net\/espace\/bernard-long-homeopathie\/thuya-occidentalis\/\">Thuya occidentalis et le mythe d\u2019osiris<\/a><\/li>\n<li><a href=\"https:\/\/www.cgjung.net\/espace\/bernard-long-homeopathie\/anacardium-orientale-ange-ou-demon\/\">Anacardium orientale, ange ou d\u00e9mon ?<\/a><\/li>\n<li><a href=\"https:\/\/www.cgjung.net\/espace\/bernard-long-homeopathie\/china-officinalis\/\">China officinalis, Hahnemann et les d\u00e9buts de l\u2019hom\u00e9opathie<\/a><\/li>\n<li><a href=\"https:\/\/www.cgjung.net\/espace\/bernard-long-homeopathie\/ignatia-amara-est-fou-damour\/\">Ignatia amara est fou d\u2019amour<\/a><\/li>\n<li><a href=\"https:\/\/www.cgjung.net\/espace\/bernard-long-homeopathie\/nux-vomica\/\">Nux vomica, le juste milieu entre l\u2019abus et la rigueur<\/a><\/li>\n<li><a href=\"https:\/\/www.cgjung.net\/espace\/bernard-long-homeopathie\/ombre-lumiere\/\">Datura Stramonium, ombre, lumi\u00e8re, symbiose et magie<\/a><\/li>\n<li><a href=\"https:\/\/www.cgjung.net\/espace\/bernard-long-homeopathie\/alchimie-homeopathie\/\">Le cinabre : alchimie et hom\u00e9opathie<\/a><\/li>\n<li><a href=\"https:\/\/www.cgjung.net\/espace\/bernard-long-homeopathie\/cicuta-virosa\/\">Cicuta virosa, une ombellif\u00e8re infantile<\/a><\/li>\n<li><a href=\"https:\/\/www.cgjung.net\/espace\/bernard-long-homeopathie\/tuberculinum\/\">Tuberculinum, un rem\u00e8de pneumatique<\/a><\/li>\n<li><a href=\"https:\/\/www.cgjung.net\/espace\/bernard-long-homeopathie\/camphora\/\">Camphora &#8211; La solitude de ces espaces infinis me glace !<\/a><\/li>\n<li id=\"menu-item-3149\" class=\"menu-item menu-item-type-post_type menu-item-object-page menu-item-3149\"><a href=\"https:\/\/www.cgjung.net\/espace\/bernard-long-homeopathie\/poesies-de-bernard-long\/\">Po\u00e9sies de Bernard Long<\/a><\/li>\n<\/ul>\n<\/div>\n\n","protected":false},"excerpt":{"rendered":"<p>\u00c0 la lumi\u00e8re de l\u2019hom\u00e9opathie, ce livre explore les dynamiques m\u00e8re-p\u00e8re-enfant \u00e0 travers une lecture arch\u00e9typale inspir\u00e9e de Jung. Plus de 80 rem\u00e8des y sont convoqu\u00e9s autour de trois grands axes symboliques. Bernard Long \u00c9ditions Books On Demand J&rsquo;\u00e9voque ici l\u2019enfant qui demeure en chacun de nous \u00e0 travers le langage de la pharmacop\u00e9e hom\u00e9opathique, [&hellip;]<\/p>\n","protected":false},"author":1,"featured_media":0,"parent":61,"menu_order":0,"comment_status":"closed","ping_status":"closed","template":"","meta":{"footnotes":""},"class_list":["post-29424","page","type-page","status-publish","hentry"],"_links":{"self":[{"href":"https:\/\/www.cgjung.net\/espace\/wp-json\/wp\/v2\/pages\/29424","targetHints":{"allow":["GET"]}}],"collection":[{"href":"https:\/\/www.cgjung.net\/espace\/wp-json\/wp\/v2\/pages"}],"about":[{"href":"https:\/\/www.cgjung.net\/espace\/wp-json\/wp\/v2\/types\/page"}],"author":[{"embeddable":true,"href":"https:\/\/www.cgjung.net\/espace\/wp-json\/wp\/v2\/users\/1"}],"replies":[{"embeddable":true,"href":"https:\/\/www.cgjung.net\/espace\/wp-json\/wp\/v2\/comments?post=29424"}],"version-history":[{"count":18,"href":"https:\/\/www.cgjung.net\/espace\/wp-json\/wp\/v2\/pages\/29424\/revisions"}],"predecessor-version":[{"id":29553,"href":"https:\/\/www.cgjung.net\/espace\/wp-json\/wp\/v2\/pages\/29424\/revisions\/29553"}],"up":[{"embeddable":true,"href":"https:\/\/www.cgjung.net\/espace\/wp-json\/wp\/v2\/pages\/61"}],"wp:attachment":[{"href":"https:\/\/www.cgjung.net\/espace\/wp-json\/wp\/v2\/media?parent=29424"}],"curies":[{"name":"wp","href":"https:\/\/api.w.org\/{rel}","templated":true}]}}