{"id":29033,"date":"2025-03-21T08:29:24","date_gmt":"2025-03-21T07:29:24","guid":{"rendered":"https:\/\/www.cgjung.net\/espace\/?page_id=29033"},"modified":"2025-03-21T08:31:38","modified_gmt":"2025-03-21T07:31:38","slug":"lumieres-nuits","status":"publish","type":"page","link":"https:\/\/www.cgjung.net\/espace\/ressources\/lumieres-nuits\/","title":{"rendered":"Les lumi\u00e8res de mes nuits"},"content":{"rendered":"<p><strong>Le Dr Jean-Michel Crabb\u00e9 analyse syst\u00e9matiquement ses r\u00eaves, explorant leur r\u00f4le initiatique et th\u00e9rapeutique. Les lumi\u00e8res de mes nuits prolonge ce voyage int\u00e9rieur avec 320 nouveaux r\u00eaves, offrant au lecteur des cl\u00e9s pour mieux comprendre les siens et renouer avec cette fonction essentielle de la psych\u00e9.<\/strong><\/p>\n<p><img loading=\"lazy\" decoding=\"async\" class=\"aligncenter size-full wp-image-29006\" src=\"https:\/\/www.cgjung.net\/espace\/wp-content\/uploads\/2025\/03\/la-lumiere-de-mes-nuits.jpg\" alt=\"\" width=\"280\" height=\"398\" \/><\/p>\n<p><a href=\"http:\/\/www.amazon.fr\/exec\/obidos\/ASIN\/2322537586\/carlgustavjungen\" target=\"_blank\" rel=\"noopener\"><img loading=\"lazy\" decoding=\"async\" class=\"aligncenter\" src=\"https:\/\/www.cgjung.net\/images\/achat-2.gif\" alt=\"La voie des r\u00eaves de Marie-Louise von Franz\" width=\"300\" height=\"25\" border=\"0\" \/><\/a><\/p>\n<h2>Pr\u00e9sentation de l&rsquo;\u00e9diteur<\/h2>\n<p>Ce livre est un r\u00e9cit autobiographique, v\u00e9ridique, bas\u00e9 sur les r\u00eaves. Sur les traces du psychiatre suisse C.G. Jung, le docteur Jean-Michel Crabb\u00e9 se livre, depuis 1984, \u00e0 un travail d&rsquo;analyse syst\u00e9matique de ses propres r\u00eaves. Avec <a href=\"https:\/\/www.cgjung.net\/publications\/le-journal-de-mes-nuits-jean-michel-crabbe.htm\">Le journal de mes nuits<\/a>, il pr\u00e9sentait d\u00e9j\u00e0 trois-cent r\u00eaves personnels des ann\u00e9es 1984 \u00e0 2001.<\/p>\n<p><em>Les lumi\u00e8res de mes nuits<\/em> enrichit ce voyage int\u00e9rieur avec 320 nouveaux r\u00eaves des ann\u00e9es 2000 \u00e0 2020. Personnels, collectifs ou initiatiques, chacun d&rsquo;eux est analys\u00e9 en fonction des aspects familiaux, professionnels, culturels et existentiels de la vie de l&rsquo;auteur. D&rsquo;un exemple \u00e0 l&rsquo;autre, le lecteur pourra d\u00e9couvrir, par analogie, le sens de ses propres r\u00eaves.<\/p>\n<p>Une infinie vari\u00e9t\u00e9 de r\u00eaves rendent manifeste ce qui est au c\u0153ur de l&rsquo;homme, l&rsquo;\u00e2me et le Soi. Ils \u00e9clairent nos zones d&rsquo;ombre et nous ouvrent les portes d&rsquo;un univers illimit\u00e9. Bien compris, le r\u00eave guide le d\u00e9veloppement int\u00e9rieur au milieu des al\u00e9as de la vie et il devient une fonction naturelle salutaire, th\u00e9rapeutique et initiatique. Il nous parle sans d\u00e9tours de la Vie, de l&rsquo;Amour, du Bien et du Mal, de la Sagesse, de la maladie et de la mort, des vivants et des d\u00e9funts, de l&rsquo;Au-del\u00e0, du pass\u00e9, du pr\u00e9sent et de l&rsquo;avenir.<\/p>\n<p>Les r\u00eaves \u00e9clairent et guident tous ceux qui sont d\u00e9sorient\u00e9s par l&rsquo;effondrement des religions et la perte de sens du monde moderne, tous ceux qui aspirent \u00e0 l&rsquo;infini et \u00e0 une r\u00e9alisation personnelle. Notre soci\u00e9t\u00e9 a un besoin urgent de renouer avec les r\u00eaves, et le temps nous est compt\u00e9.<\/p>\n<p><i>\u00c9diteur : BoD \u2013 2024 \u2013 380 pages \u2013 ISBN 9782322537587 \u2013 15,5 x 22 x 2,5 cm<\/i><\/p>\n<h2><img loading=\"lazy\" decoding=\"async\" class=\"size-full wp-image-29024 alignright\" src=\"https:\/\/www.cgjung.net\/espace\/wp-content\/uploads\/2025\/03\/jean-michel-crabbe.jpg\" alt=\"\" width=\"120\" height=\"160\" \/>Jean-Michel Crabb\u00e9<\/h2>\n<p>Le docteur Jean-Michel Crabb\u00e9 a exerc\u00e9 la m\u00e9decine g\u00e9n\u00e9rale pendant quarante ans. Depuis 1980, il \u00e9tudie la chronobiologie, les interactions psychosomatiques, la toxicologie, C.G. Jung et la psychologie analytique, le sommeil et le r\u00eave. <a href=\"https:\/\/www.jm-crabbe.fr\/\">Site de Jean-Michel Crabb\u00e9<\/a>.<\/p>\n<p><strong>Pr\u00e9sentation d&rsquo;ouvrages sur ce site :<\/strong><\/p>\n<ul>\n<li><a href=\"https:\/\/www.cgjung.net\/espace\/ressources\/jung-ovnis\/\">C.G. Jung et le myst\u00e8re des Ovnis<\/a><\/li>\n<li><a href=\"https:\/\/www.cgjung.net\/espace\/ressources\/lumieres-nuits\/\">Les lumi\u00e8res de mes nuit<\/a><\/li>\n<li><a href=\"https:\/\/www.cgjung.net\/publications\/le-journal-de-mes-nuits-jean-michel-crabbe.htm\">Le journal de mes nuits<\/a><\/li>\n<\/ul>\n","protected":false},"excerpt":{"rendered":"<p>Le Dr Jean-Michel Crabb\u00e9 analyse syst\u00e9matiquement ses r\u00eaves, explorant leur r\u00f4le initiatique et th\u00e9rapeutique. Les lumi\u00e8res de mes nuits prolonge ce voyage int\u00e9rieur avec 320 nouveaux r\u00eaves, offrant au lecteur des cl\u00e9s pour mieux comprendre les siens et renouer avec cette fonction essentielle de la psych\u00e9. Pr\u00e9sentation de l&rsquo;\u00e9diteur Ce livre est un r\u00e9cit autobiographique, [&hellip;]<\/p>\n","protected":false},"author":1,"featured_media":0,"parent":9713,"menu_order":0,"comment_status":"closed","ping_status":"closed","template":"","meta":{"footnotes":""},"class_list":["post-29033","page","type-page","status-publish","hentry"],"_links":{"self":[{"href":"https:\/\/www.cgjung.net\/espace\/wp-json\/wp\/v2\/pages\/29033","targetHints":{"allow":["GET"]}}],"collection":[{"href":"https:\/\/www.cgjung.net\/espace\/wp-json\/wp\/v2\/pages"}],"about":[{"href":"https:\/\/www.cgjung.net\/espace\/wp-json\/wp\/v2\/types\/page"}],"author":[{"embeddable":true,"href":"https:\/\/www.cgjung.net\/espace\/wp-json\/wp\/v2\/users\/1"}],"replies":[{"embeddable":true,"href":"https:\/\/www.cgjung.net\/espace\/wp-json\/wp\/v2\/comments?post=29033"}],"version-history":[{"count":3,"href":"https:\/\/www.cgjung.net\/espace\/wp-json\/wp\/v2\/pages\/29033\/revisions"}],"predecessor-version":[{"id":29036,"href":"https:\/\/www.cgjung.net\/espace\/wp-json\/wp\/v2\/pages\/29033\/revisions\/29036"}],"up":[{"embeddable":true,"href":"https:\/\/www.cgjung.net\/espace\/wp-json\/wp\/v2\/pages\/9713"}],"wp:attachment":[{"href":"https:\/\/www.cgjung.net\/espace\/wp-json\/wp\/v2\/media?parent=29033"}],"curies":[{"name":"wp","href":"https:\/\/api.w.org\/{rel}","templated":true}]}}