{"id":28460,"date":"2025-02-04T06:39:10","date_gmt":"2025-02-04T05:39:10","guid":{"rendered":"https:\/\/www.cgjung.net\/espace\/?page_id=28460"},"modified":"2025-02-04T08:07:01","modified_gmt":"2025-02-04T07:07:01","slug":"pas-de-therapie-sans-ame","status":"publish","type":"page","link":"https:\/\/www.cgjung.net\/espace\/ressources\/pas-de-therapie-sans-ame\/","title":{"rendered":"Pas de th\u00e9rapie sans \u00e2me &#8211; Pierre Willequet"},"content":{"rendered":"<p><strong>Que devient l\u2019\u00e2me dans un monde qui l\u2019ignore ? Pierre Willequet nous entra\u00eene dans une r\u00e9flexion profonde sur l\u2019\u00e9coute, le lien entre psych\u00e9 et corps, et la qu\u00eate d\u2019une int\u00e9riorit\u00e9 souvent n\u00e9glig\u00e9e. \u00c0 travers une approche \u00e0 la fois philosophique et clinique, il nous rappelle que l\u2019\u00e2me, tapie dans les replis de l\u2019\u00eatre, attend d\u2019\u00eatre r\u00e9entendue.<\/strong><\/p>\n<p><img loading=\"lazy\" decoding=\"async\" class=\"size-full wp-image-28463 aligncenter\" src=\"https:\/\/www.cgjung.net\/espace\/wp-content\/uploads\/2025\/02\/pas-de-therapie-sans-ame.jpg\" alt=\"\" width=\"280\" height=\"412\" srcset=\"https:\/\/www.cgjung.net\/espace\/wp-content\/uploads\/2025\/02\/pas-de-therapie-sans-ame.jpg 280w, https:\/\/www.cgjung.net\/espace\/wp-content\/uploads\/2025\/02\/pas-de-therapie-sans-ame-204x300.jpg 204w\" sizes=\"auto, (max-width: 280px) 100vw, 280px\" \/><\/p>\n<p style=\"text-align: center;\"><a href=\"https:\/\/editions-terrenoire.fr\/catalogue\/pas-de-th-rapie-sans-me\" target=\"_blank\" rel=\"noopener\">\u00c9ditions Terre Noire<\/a><\/p>\n<h2>Quelques extraits<\/h2>\n<p>Ces mots d&rsquo;introduction de Pierre Willequet situent le contexte de son ouvrage :<\/p>\n<blockquote>\n<p>\u00ab\u00a0Nous sommes aujourd&rsquo;hui t\u00e9moins d&rsquo;un ph\u00e9nom\u00e8ne sid\u00e9rant, tout autant qu&rsquo;ind\u00e9niable&nbsp;: la fin d&rsquo;un cycle civilisationnel, marqu\u00e9 par ce que d&rsquo;aucuns qualifient comme <em>agonie de la Chr\u00e9tient\u00e9<\/em>, accompagn\u00e9 d&rsquo;une s\u00e9rie d&rsquo;\u00e9v\u00e9nements connexes mena\u00e7ant \u2014 entend-on dire \u2014 toute possibilit\u00e9 de survie en ce bas monde.<\/p>\n<p>Ce qui s&rsquo;impose avec force, aussi bien au niveau global qu&rsquo;au c\u0153ur des innombrables collectivit\u00e9s \u00e9maillant nos territoires, c&rsquo;est une forme de <em>n\u00e9gation de l&rsquo;ancien<\/em> au profit d&rsquo;un \u00e9ventuel renouveau dont personne ne pr\u00e9tend pouvoir cerner les contours.\u00a0\u00bb p&nbsp;9<\/p>\n<\/blockquote>\n<p>Cette observation de l&rsquo;auteur met en lumi\u00e8re l\u2019importance de l\u2019\u00e9coute&nbsp;:<\/p>\n<blockquote>\n<p>\u00ab\u00a0En \u00e9coutant quelqu&rsquo;un, je per\u00e7ois \u00e9galement la tonalit\u00e9 de sa voix, ses inflexions et h\u00e9sitations ; je capte \u2014 au-del\u00e0 de cette action et de sa focalisation sur le signifi\u00e9 \u2014 une masse impressionnante de signes qui g\u00e9n\u00e9ralement ne trompent pas. Qui plus est, le regard port\u00e9 sur mon interlocuteur m&rsquo;informe \u00e9galement bien au-del\u00e0 de ce qui est \u00e9nonc\u00e9 et ces informations, entrelac\u00e9es aux pr\u00e9c\u00e9dentes, commencent \u00e0 former un agr\u00e9gat qu&rsquo;il n&rsquo;est pas erron\u00e9 de qualifier de <em>synth\u00e9tique<\/em>.\u00a0\u00bb p&nbsp;166<\/p>\n<\/blockquote>\n<p>Ce passage illustre combien les d\u00e9couvertes scientifiques r\u00e9centes remettent en question une vision dualiste de l\u2019\u00eatre humain&nbsp;:<\/p>\n<blockquote>\n<p>\u00ab\u00a0S&rsquo;il est au monde et par d\u00e9finition un syst\u00e8me complexe, c&rsquo;est bien celui qui se d\u00e9voile lorsqu&rsquo;on se penche sur l&rsquo;\u00eatre humain, compris en tant que mixte psychophysique, et non pas uniquement psychique. En effet, il est d\u00e9sormais infond\u00e9 de consid\u00e9rer les fonctionnements mentaux comme <em>s\u00e9par\u00e9s<\/em> de leur socle somatique dont on a peine \u00e0 entrevoir l&rsquo;incroyable intelligence et organisation, notamment \u00e0 travers maintes d\u00e9couvertes faites par la biologie, la physique ou la m\u00e9decine au cours des d\u00e9cennies pass\u00e9es.\u00a0\u00bb p&nbsp;202<\/p>\n<\/blockquote>\n<p>Selon l&rsquo;auteur, l\u2019\u00e2me h\u00e9rit\u00e9e des traditions anciennes appara\u00eet comme un lien entre le divin et l\u2019humain, aspirant \u00e0 retrouver sa source premi\u00e8re&nbsp;:<\/p>\n<blockquote>\n<p>\u00ab\u00a0L&rsquo;\u00e2me s&rsquo;int\u00e9resse au monde arch\u00e9typal parce qu&rsquo;elle en proc\u00e8de immanquablement. De la m\u00eame mani\u00e8re que le <em>daim\u00f4n<\/em> avait, aux yeux des Anciens, pour origine un double arrimage aux dieux et \u00e0 la cr\u00e9ature, l&rsquo;\u00e2me semble capable ou, en tout cas, a pour aspiration le fait d&rsquo;appr\u00e9hender l&rsquo;ineffable et l&rsquo;indicible dont, pour une part, elle provient \u00e9galement.\u00a0\u00bb p&nbsp;249<\/p>\n<\/blockquote>\n<p>L\u2019ouvrage de Pierre Willequet s\u2019ach\u00e8ve sur cette mise en garde&nbsp;:<\/p>\n<blockquote>\n<p>\u00ab\u00a0Si le th\u00e9rapeute d&rsquo;aujourd&rsquo;hui se d\u00e9tourne de l&rsquo;\u00e2me, de son insondable profondeur et de sa sauvagerie, de son animalit\u00e9 et de sa fureur, si, en d&rsquo;autres termes, il induit et se rend complice de son effacement, mieux vaut qu&rsquo;il se tourne vers d&rsquo;autres horizons. Sa mission, \u00e2pre, souvent humiliante, le projette sans cesse dans une impuissance sans fond.\u00a0\u00bb&nbsp; 294<\/p>\n<\/blockquote>\n<h2>Pr\u00e9sentation de l&rsquo;\u00e9diteur<\/h2>\n<p>H\u00e9raclite d\u00e9clare, dans un de ses plus beaux fragments (no 45)&nbsp;:<\/p>\n<blockquote>\n<p style=\"text-align: left;\">\u00ab\u00a0Tu ne trouveras pas les limites de l&rsquo;\u00e2me, m\u00eame parcourant toutes les routes, tant elle tient un discours profond.\u00a0\u00bb<\/p>\n<\/blockquote>\n<p>Profond, en effet. Et parfois vertigineux. Toutefois, les \u00e9coles psychoth\u00e9rapeutiques en vogue n&rsquo;en tiennent pas, ou peu, compte. Et pour cause : loin des vocif\u00e9rations pulsionnelles ou des aboiements \u00e9gotiques, elle est difficile \u00e0 d\u00e9crire, ou m\u00eame \u00e0 atteindre. Tapie dans les replis de l&rsquo;\u00eatre, dans le del de la tradition persane &#8211; le ventre, la maison de l&rsquo;\u00e2me &#8211; elle se tait. Et attend. Attend que silence se fasse et que l&rsquo;on se tourne, enfin, vers elle. Vers la profondeur. L&rsquo;int\u00e9riorit\u00e9.<\/p>\n<p>Notre belle modernit\u00e9 n&rsquo;a souvent que faire de ses murmures et de leur incomparable perspicacit\u00e9. Elle s&rsquo;en d\u00e9tourne, les jugeant encombrants. Certains s&rsquo;y confrontent toutefois, comme le firent maints auteurs depuis la nuit des temps. Jung est de ceux-l\u00e0 et d&rsquo;autres \u00e0 sa suite. C&rsquo;est dans cette <em>suite<\/em> que s&rsquo;inscrit le pr\u00e9sent ouvrage.<\/p>\n<p>Un retour \u00e0 l&rsquo;\u00e2me ; \u00e0 son intelligence ; \u00e0 sa facult\u00e9 de r\u00e9colter et de laisser mac\u00e9rer en soi les ingr\u00e9dients spirituels et psychiques les plus provocateurs. Pour, ensuite, les faire \u00e9merger sous une forme nouvelle. R\u00eaves et visions en proviennent, comme autant d&rsquo;indices qu&rsquo;il est utile de consid\u00e9rer.<\/p>\n<p><i>\u00c9diteur : Terre Noire \u2013 2024 \u2013 Collection Transmutation \u2013 312 pages \u2013 ISBN 9782487519077 \u2013 15 x 22 x 1,9 cm<\/i><\/p>\n<h2><h2><img loading=\"lazy\" decoding=\"async\" class=\"alignright size-full wp-image-12071\" src=\"https:\/\/www.cgjung.net\/espace\/wp-content\/uploads\/2020\/04\/pierre-willequet.jpg\" alt=\"\" width=\"90\" height=\"125\" \/>Pierre Willequet<b><\/b><\/h2>\n<p>Docteur en Psychologie et dipl\u00f4m\u00e9 de l&rsquo;Institut C.G. Jung de Zurich, auteur de nombreux ouvrages, il exerce en France pr\u00e8s de Gen\u00e8ve. Il participe au programme de formation des analystes propos\u00e9 par L&rsquo;antenne romande de l&rsquo;Institut Jung de Zurich.<\/p>\n<p><b>Du m\u00eame auteur<br \/>\n<\/b><\/p>\n<ul>\n<li><a href=\"https:\/\/www.cgjung.net\/espace\/accueil\/entretien-pierre-willequet\/\">Entretien avec Pierre Willequet<\/a><\/li>\n<li><a href=\"https:\/\/www.cgjung.net\/espace\/ressources\/pas-de-therapie-sans-ame\/\">Pas de th\u00e9rapie sans \u00e2me<\/a><\/li>\n<li><a href=\"https:\/\/www.cgjung.net\/espace\/ressources\/ego-ultime-divinite\/\">La divinisation du moi<\/a><\/li>\n<li><a href=\"https:\/\/www.cgjung.net\/espace\/ressources\/effarante-vacuite\/\">Une effarante vacuit\u00e9<\/a><\/li>\n<li><a href=\"https:\/\/www.cgjung.net\/espace\/ressources\/delires-splendeurs-religieux\/\">D\u00e9lires et splendeurs du religieux<\/a><\/li>\n<li><a href=\"https:\/\/www.cgjung.net\/publications\/sexualite-homme-femme.htm\">Sexualit\u00e9 Homme-Femme &#8211; L&rsquo;\u00e9ternel malentendu<\/a><\/li>\n<li><a href=\"https:\/\/www.cgjung.net\/publications\/trahir-etre-trahi.htm\">Trahir, \u00eatre trahi<\/a><\/li>\n<li><a href=\"https:\/\/www.cgjung.net\/publications\/l-ego-face-au-divin-pierre-willequet.htm\">L&rsquo;ego face au divin<\/a><\/li>\n<li><a href=\"https:\/\/www.cgjung.net\/publications\/meres_et_filles.htm\">M\u00e8res et filles &#8211; Histoire d&rsquo;une emprise<\/a><\/li>\n<li><a href=\"https:\/\/www.cgjung.net\/publications\/le-reve-sa-creativite-ses-bizarreries.htm\">Le R\u00eave, sa cr\u00e9ativit\u00e9, ses bizarreries<\/a><\/li>\n<li><a href=\"https:\/\/www.cgjung.net\/publications\/roman-psychiatrique.htm\">Histoire d&rsquo;un qui s&rsquo;en alla<\/a>&nbsp;(roman)<\/li>\n<li><a href=\"https:\/\/www.cgjung.net\/espace\/ressources\/deluges-des-sens-pierre-willequet\/\">D\u00e9luges des sens<\/a> (roman)<\/li>\n<li><a href=\"https:\/\/www.cgjung.net\/publications\/jung-elan-createur.htm\">Jung et l&rsquo;\u00e9lan cr\u00e9ateur<\/a> (intervenant au colloque de Bruxelles)<\/li>\n<li><a href=\"https:\/\/www.cgjung.net\/espace\/ressources\/colloque-bruxelles-image\/\">L&rsquo;Image, entre nuisance, inanit\u00e9 et n\u00e9cessit\u00e9<\/a> (intervenant au colloque de Bruxelles)<\/li>\n<li><a href=\"https:\/\/www.cgjung.net\/espace\/ressources\/accueillir-parents-et-enfants\/\">Accueillir parents et enfants<\/a> (intervenant au Cerf-Volant)<\/li>\n<\/ul>\n<\/h2>\n","protected":false},"excerpt":{"rendered":"<p>Que devient l\u2019\u00e2me dans un monde qui l\u2019ignore ? Pierre Willequet nous entra\u00eene dans une r\u00e9flexion profonde sur l\u2019\u00e9coute, le lien entre psych\u00e9 et corps, et la qu\u00eate d\u2019une int\u00e9riorit\u00e9 souvent n\u00e9glig\u00e9e. \u00c0 travers une approche \u00e0 la fois philosophique et clinique, il nous rappelle que l\u2019\u00e2me, tapie dans les replis de l\u2019\u00eatre, attend d\u2019\u00eatre [&hellip;]<\/p>\n","protected":false},"author":1,"featured_media":0,"parent":9713,"menu_order":0,"comment_status":"closed","ping_status":"closed","template":"","meta":{"footnotes":""},"class_list":["post-28460","page","type-page","status-publish","hentry"],"_links":{"self":[{"href":"https:\/\/www.cgjung.net\/espace\/wp-json\/wp\/v2\/pages\/28460","targetHints":{"allow":["GET"]}}],"collection":[{"href":"https:\/\/www.cgjung.net\/espace\/wp-json\/wp\/v2\/pages"}],"about":[{"href":"https:\/\/www.cgjung.net\/espace\/wp-json\/wp\/v2\/types\/page"}],"author":[{"embeddable":true,"href":"https:\/\/www.cgjung.net\/espace\/wp-json\/wp\/v2\/users\/1"}],"replies":[{"embeddable":true,"href":"https:\/\/www.cgjung.net\/espace\/wp-json\/wp\/v2\/comments?post=28460"}],"version-history":[{"count":5,"href":"https:\/\/www.cgjung.net\/espace\/wp-json\/wp\/v2\/pages\/28460\/revisions"}],"predecessor-version":[{"id":28467,"href":"https:\/\/www.cgjung.net\/espace\/wp-json\/wp\/v2\/pages\/28460\/revisions\/28467"}],"up":[{"embeddable":true,"href":"https:\/\/www.cgjung.net\/espace\/wp-json\/wp\/v2\/pages\/9713"}],"wp:attachment":[{"href":"https:\/\/www.cgjung.net\/espace\/wp-json\/wp\/v2\/media?parent=28460"}],"curies":[{"name":"wp","href":"https:\/\/api.w.org\/{rel}","templated":true}]}}