{"id":28267,"date":"2025-01-28T08:38:12","date_gmt":"2025-01-28T07:38:12","guid":{"rendered":"https:\/\/www.cgjung.net\/espace\/?page_id=28267"},"modified":"2025-03-01T07:21:27","modified_gmt":"2025-03-01T06:21:27","slug":"2025-01-25_26-colloque","status":"publish","type":"page","link":"https:\/\/www.cgjung.net\/espace\/accueil\/actualite\/2025-01-25_26-colloque\/","title":{"rendered":"Retour sur le colloque des 25 et 26 janvier 2025 : L\u2019\u0153uvre de Jung, pr\u00e9sent et devenir"},"content":{"rendered":"<p><strong>\u00c0 l\u2019occasion du 150\u1d49 anniversaire de la naissance de Carl Gustav Jung, ce colloque a permis d\u2019\u00e9voquer son \u0153uvre et de montrer combien, en ces temps difficiles, elle est plus que jamais d\u2019actualit\u00e9.<\/strong><\/p>\n<p><img loading=\"lazy\" decoding=\"async\" class=\"size-full wp-image-28266 aligncenter\" src=\"https:\/\/www.cgjung.net\/espace\/wp-content\/uploads\/2025\/01\/oeuvre-de-jung-colloque-25-26-janvier-2025.jpg\" alt=\"\" width=\"266\" height=\"400\" srcset=\"https:\/\/www.cgjung.net\/espace\/wp-content\/uploads\/2025\/01\/oeuvre-de-jung-colloque-25-26-janvier-2025.jpg 266w, https:\/\/www.cgjung.net\/espace\/wp-content\/uploads\/2025\/01\/oeuvre-de-jung-colloque-25-26-janvier-2025-200x300.jpg 200w\" sizes=\"auto, (max-width: 266px) 100vw, 266px\" \/><\/p>\n<p style=\"text-align: center;\"><a href=\"https:\/\/www.cgjung.net\/espace\/wp-content\/uploads\/2025\/01\/2025-01-25_26-colloque-150-ans-naissance-jung.pdf\" target=\"_blank\" rel=\"noopener\">Programme du colloque au format pdf<\/a><\/p>\n<p style=\"text-align: center;\"><em>Le programme souligne la valeur des intervenants en pr\u00e9sentant leurs parcours.<\/em><\/p>\n<p>Nous avons assist\u00e9 et particip\u00e9 \u00e0 ce colloque et appr\u00e9ci\u00e9 son organisation magistrale ainsi que la qualit\u00e9 des intervenants. L\u2019\u00e9coute du public, tr\u00e8s attentif \u00e0 chacune des opinions \u00e9mises, \u00e9tait bien \u00e9loign\u00e9e de la pratique actuelle o\u00f9 chacun n\u2019\u00e9coute que lui-m\u00eame !<\/p>\n<h2>L&rsquo;organisation<\/h2>\n<p>\u00c0 l\u2019\u00e9vidence, un tel \u00e9v\u00e9nement a r\u00e9clam\u00e9 beaucoup d\u2019\u00e9nergie de la part des organisateurs. Nous avons \u00e9t\u00e9 accueillis dans les locaux de l\u2019espace Marc Boegner, 27, rue de l\u2019Annonciation, \u00e0 Paris dans le 16\u1d49, \u00e0 l&rsquo;invitation de la radio Fr\u00e9quence Protestante. Un lieu o\u00f9 se sont r\u00e9unies 250 personnes, le tout ponctu\u00e9 d&rsquo;interm\u00e8des musicaux jou\u00e9s au piano et dans une ma\u00eetrise du temps sans faille.<\/p>\n<p>Voici la liste des organisateurs :<\/p>\n<ul>\n<li><a href=\"https:\/\/frequenceprotestante.com\" target=\"_blank\" rel=\"noopener\">Fr\u00e9quence Protestante<\/a><\/li>\n<li><a href=\"https:\/\/surlestracesdejung.fr\/\" target=\"_blank\" rel=\"noopener\">Sur les traces de Jung<\/a><\/li>\n<li><a href=\"http:\/\/www.cgjungfrance.com\/\" target=\"_blank\" rel=\"noopener\">La Soci\u00e9t\u00e9 Fran\u00e7aise de Psychologie Analytique<\/a><\/li>\n<li><a href=\"https:\/\/cahiers-jungiens.cairn.info\/\" target=\"_blank\" rel=\"noopener\">Les Cahiers Jungiens de Psychanalyse<\/a><\/li>\n<li><a href=\"https:\/\/groupe-jung.fr\/\" target=\"_blank\" rel=\"noopener\">Le Groupe d&rsquo;Etudes C.G. Jung Paris<\/a><\/li>\n<li><a href=\"https:\/\/www.vonfranzjung.fr\/\" target=\"_blank\" rel=\"noopener\">L&rsquo;association Marie-Louise von Franz et Carl Gustav Jung<\/a><\/li>\n<\/ul>\n<p><strong>Important :<\/strong> Les enregistrements audio des sessions en salle principale sont disponibles. Les ateliers, quant \u00e0 eux, n&rsquo;ont pas \u00e9t\u00e9 enregistr\u00e9s.<\/p>\n<h2>Le samedi 25 janvier 2025<\/h2>\n<p><strong>Lancement du colloque<\/strong><\/p>\n<p>Val\u00e9rie Thorin, directrice d\u2019antenne de Fr\u00e9quence Protestante, nous a accueillis. \u00c0 ses c\u00f4t\u00e9s, Catherine Gras a veill\u00e9 au bon d\u00e9roulement du colloque, assurant la transition entre les diff\u00e9rents moments.<\/p>\n<p><strong>D\u00e9but du colloque<\/strong><\/p>\n<p>Ce colloque a d\u00e9but\u00e9 par la pr\u00e9sentation des <em>Cahiers Jungiens de Psychanalyse<\/em>, assur\u00e9e par Reine-Marie Halbout, Laurence Lacour et Samira Richer-Villar. Nous avons pu mesurer l\u2019\u00e9tendue et la qualit\u00e9 de leur travail, qui a abouti <a href=\"https:\/\/www.cgjung.net\/espace\/ressources\/cahiers-jungiens-de-psychanalyse-no-160-2024\/\">\u00e0 ce jour au 160\u1d49 num\u00e9ro<\/a> ! Une revue de qualit\u00e9 et un parcours entam\u00e9 il y a 50 ans, au cours duquel plusieurs g\u00e9n\u00e9rations d\u2019analystes jungiens et d\u2019invit\u00e9s se sont exprim\u00e9s.<br \/>\n<a href=\"https:\/\/frequenceprotestante.com\/events\/colloque-2025-1-7-jung-aujourdhui-en-france-et-dans-le-monde\/\" target=\"_blank\" rel=\"noopener\">Lien vers l&rsquo;audio de ces \u00e9changes<\/a><\/p>\n<p><strong>Deuxi\u00e8me partie de matin\u00e9e<\/strong><\/p>\n<p>En deuxi\u00e8me partie de matin\u00e9e, Carole Anne Rivi\u00e8re a donn\u00e9 la parole \u00e0 Marie-Claire Dolghin-Loyer pour une conf\u00e9rence-d\u00e9bat intitul\u00e9e \u00ab <em>Vers une r\u00e9conciliation du corps et de l\u2019\u00e2me.<\/em> \u00bb.<br \/>\n<a href=\"https:\/\/frequenceprotestante.com\/events\/colloque-2025-2-7-vers-une-reconciliation-du-corps-et-de-lame\/\" target=\"_blank\" rel=\"noopener\">Lien vers l&rsquo;audio de ces \u00e9changes<\/a><\/p>\n<p>Au m\u00eame moment, en parall\u00e8le, se d\u00e9roulaient trois ateliers :<\/p>\n<ul>\n<li>Nathalie Dominguez et Matthieu Mares ont pr\u00e9sent\u00e9 \u00ab <em>Rencontrer, en soi et dans l\u2019espace, un mouvement issu des profondeurs<\/em> \u00bb.<\/li>\n<li>\n<p>Vincent Prouv\u00e9 a anim\u00e9 un atelier intitul\u00e9 \u00ab <em>La th\u00e9rapie par le jeu de sable : quand la psych\u00e9 devient mati\u00e8re vivante<\/em> \u00bb.<\/p>\n<\/li>\n<li>Jean-Fran\u00e7ois Alizon a dirig\u00e9 un atelier intitul\u00e9 \u00ab<em> Intuition et sensation dans l\u2019\u00e9coute et le travail de la musique<\/em> \u00bb.<\/li>\n<\/ul>\n<p><strong>D\u00e9but d&rsquo;apr\u00e8s-midi<\/strong><\/p>\n<p>En d\u00e9but d\u2019apr\u00e8s-midi, c\u2019\u00e9tait au tour de Reine-Marie Halbout de donner la parole \u00e0 Bertrand Eveno, qui nous a offert un voyage : \u00ab <em>Le Livre Rouge aux fondements de l\u2019\u0153uvre de Jung<\/em> \u00bb.<br \/>\n<a href=\"https:\/\/frequenceprotestante.com\/events\/colloque-2025-3-7-livre-rouge\/\" target=\"_blank\" rel=\"noopener\">Lien vers l&rsquo;audio de ces \u00e9changes<\/a><\/p>\n<p>Trois ateliers se sont d\u00e9roul\u00e9s simultan\u00e9ment :<\/p>\n<ul>\n<li>Yury Li-Toroptsov nous a initi\u00e9s \u00e0 une \u00ab <em>Lecture jungienne d\u2019images<\/em> \u00bb.<\/li>\n<li>Carole S\u00e9dillot a conduit un atelier sur le th\u00e8me \u00ab <em>De l\u2019essence au sens&#8230; Exploration de l\u2019\u00e2me \u00e0 travers l\u2019image<\/em> \u00bb.<\/li>\n<li>Jean-Luc Leguay nous a initi\u00e9s \u00e0 \u00ab <em>L\u2019art de l\u2019enluminure au service des images int\u00e9rieures<\/em> \u00bb dans le cadre d\u2019un atelier.<\/li>\n<\/ul>\n<p><strong>Seconde partie d\u2019apr\u00e8s-midi<\/strong><\/p>\n<p>Nathalie Dominguez a pr\u00e9sent\u00e9 et donn\u00e9 la parole \u00e0 \u00c9lisabeth Conesa-Caill\u00e9 et Delphine Renard sur le th\u00e8me du r\u00eave : \u00ab <em>\u00c9couter un r\u00eave : l\u2019interpr\u00e9tation jungienne au travail<\/em> \u00bb.<br \/>\n<a href=\"https:\/\/frequenceprotestante.com\/events\/colloque-2025-4-7-ecouter-un-reve\/\" target=\"_blank\" rel=\"noopener\">Lien vers l&rsquo;audio des \u00e9changes<\/a><\/p>\n<p>En parall\u00e8le, trois autres ateliers ont eu lieu :<\/p>\n<ul>\n<li>Pierre Faure a pr\u00e9sent\u00e9 l\u2019histoire et la pratique du Yi Jing dans son intervention intitul\u00e9e <em>\u00ab Le Yi Jing, de la pens\u00e9e religieuse \u00e0 la culture de soi \u00bb<\/em>.<\/li>\n<li>Chantal Delacotte est intervenue sur le th\u00e8me \u00ab <em>L\u2019imagination active : dialoguer avec l\u2019inconscient&nbsp;<\/em>\u00bb.<\/li>\n<li>En parall\u00e8le, \u00c9lisabeth Leblanc-Coret a propos\u00e9 un atelier intitul\u00e9 \u00ab <em>Votre mandala alchimique : comment proc\u00e9der ?<\/em> \u00bb.<\/li>\n<\/ul>\n<p><strong>Fin d&rsquo;apr\u00e8s-midi<\/strong><\/p>\n<p>L\u2019apr\u00e8s-midi s\u2019est termin\u00e9 par un moment festif, autour d\u2019un pot d\u2019anniversaire c\u00e9l\u00e9brant les 150 ans de la naissance de C.G. Jung.<\/p>\n<h2>Dimanche 26 janvier 2025<\/h2>\n<p><strong>D\u00e9but de matin\u00e9e<\/strong><\/p>\n<p>Paul-Hubert des Mesnards, qui a veill\u00e9 sur le temps tout au long du colloque, a donn\u00e9 la parole \u00e0 V\u00e9ronique Liard et Fran\u00e7oise Bonardel sur le th\u00e8me <em>\u00ab Nature v\u00e9g\u00e9tale, nature animale \u00bb<\/em>.<br \/>\n<a href=\"https:\/\/frequenceprotestante.com\/events\/colloque-2025-5-7-nature-vegetale\/\" target=\"_blank\" rel=\"noopener\">Lien vers l&rsquo;audio de ces \u00e9changes<\/a><\/p>\n<p>Au m\u00eame moment, en parall\u00e8le, se d\u00e9roulaient trois ateliers :<\/p>\n<ul>\n<li>Reine-Marie Halbout a anim\u00e9 un atelier-d\u00e9couverte intitul\u00e9 <em>\u00ab Les animaux dans nos r\u00eaves et dans nos vies \u00bb<\/em>.<\/li>\n<li>\n<p>Marie-Laure Colonna et Bertrand de La Vaissi\u00e8re ont explor\u00e9 le lien entre alchimie et psychologie analytique dans leur pr\u00e9sentation intitul\u00e9e <em>\u00ab Alchimie et psychologie analytique&nbsp;\u00bb<\/em>.<\/p>\n<\/li>\n<li>\u00c8ve Pilyser a anim\u00e9 un atelier intitul\u00e9 <em>\u00ab Quelle conscience avons-nous de notre nature humaine&nbsp;? \u00bb<\/em>.<\/li>\n<\/ul>\n<p><strong>Deuxi\u00e8me partie de matin\u00e9e<\/strong><\/p>\n<p>A son tour, Chantal Delacotte a interrog\u00e9 Jean-Pierre Robert sur le th\u00e8me <em>\u00ab Un monde de \u201cpuers\u201d : comment l\u2019ombre et le mal s\u2019immiscent dans nos vies ? \u00bb<\/em>.<br \/>\n<a href=\"https:\/\/www.cgjung.net\/espace\/accueil\/jprobert\/ombre-mal-technologie\/\">Voir le texte et les diapositives de cette conf\u00e9rence<\/a><br \/>\n<a href=\"https:\/\/frequenceprotestante.com\/events\/colloque-2025-6-7-un-monde-de-puers\/\" target=\"_blank\" rel=\"noopener\">Lien vers l&rsquo;audio de ces \u00e9changes<\/a><\/p>\n<p>En parall\u00e8le, trois autres ateliers ont eu lieu :<\/p>\n<ul>\n<li>Catherine Gras s\u2019est appuy\u00e9e sur <em>\u00ab <\/em><em>R\u00e9ponse \u00e0 Job \u00bb<\/em> de C.G. Jung pour \u00e9voquer un dialogue singulier avec Dieu.<\/li>\n<li>Catherine Farzat a anim\u00e9 un atelier intitul\u00e9 <em>\u00ab R\u00eaver en temps de guerre \u00bb<\/em>.<\/li>\n<li>Olivier Cametz a \u00e9voqu\u00e9 le th\u00e8me <em>\u00ab Le pouvoir dans les relations d\u2019aide \u00bb<\/em>.<\/li>\n<\/ul>\n<p><strong>D\u00e9but d&rsquo;apr\u00e8s-midi<\/strong><\/p>\n<p>Val\u00e9rie Thorin a lanc\u00e9 les \u00e9changes entre Lise Barn\u00e9oud et Sophie Braun autour du th\u00e8me <em>\u00ab L\u2019\u00e9lan vital : \u00eatre un, reli\u00e9 aux autres ? \u00bb<\/em>.<br \/>\n<a href=\"https:\/\/frequenceprotestante.com\/events\/colloque-2025-7-7-lelan-vital\/\" target=\"_blank\" rel=\"noopener\">Lien vers l&rsquo;audio des ces \u00e9changes<\/a><\/p>\n<p><strong>Cl\u00f4ture du colloque<\/strong><\/p>\n<p>Catherine Gras a remerci\u00e9 le public pour son engouement, les intervenants et les \u00e9diteurs (<a href=\"https:\/\/cahiers-jungiens.cairn.info\/\" target=\"_blank\" rel=\"noopener\">Cahiers Jungiens de Psychanalyse<\/a>, <a href=\"https:\/\/www.lafontainedepierre.net\/\" target=\"_blank\" rel=\"noopener\">La Fontaine de Pierre<\/a> et <a href=\"https:\/\/editions-martinpecheur.fr\/\" target=\"_blank\" rel=\"noopener\">Le Martin-P\u00eacheur<\/a>) pour la tenue de leurs stands de vente de livres<span style=\"color: #0000ff;\">.<\/span><\/p>\n<p>Un colloque assur\u00e9ment dans l&rsquo;esprit <a href=\"https:\/\/fr.wikipedia.org\/wiki\/Cercle_Eranos\" target=\"_blank\" rel=\"noopener\">du cercle Eranos,<\/a> o\u00f9 Jung a donn\u00e9 de nombreuses conf\u00e9rences, ou dans celui <a href=\"https:\/\/fr.wikipedia.org\/wiki\/Colloque_de_Cordoue\" target=\"_blank\" rel=\"noopener\">du colloque de Cordoue<\/a>, organis\u00e9 en 1979 en Espagne sous le titre <em>\u00ab <\/em> <em>Science et conscience, les deux lectures de l\u2019univers \u00bb<\/em>. Plus r\u00e9cemment, dans le m\u00eame esprit, pensons aux <em>\u00ab R<\/em><em>encontres Pierre Soli\u00e9 \u00bb<\/em>, organis\u00e9es sous la direction de Michel Cazenave \u00e0 <a href=\"https:\/\/www.cgjung.net\/sylvanes\/\" target=\"_blank\" rel=\"noopener\">Sylvan\u00e8s, dans l&rsquo;Aveyron<\/a>, \u00e0 partir des ann\u00e9es 2000.<\/p>\n<p>A poursuivre et \u00e0 renouveler !<\/p>\n<p><em><strong>Important :<\/strong> Les enregistrements audio r\u00e9alis\u00e9s par Fr\u00e9quence Protestante sont \u00e9galement accessibles via les principales plateformes de podcast telles que Spotify, Apple Podcasts, Google Podcasts, Deezer, ainsi que sur diff\u00e9rentes applications mobiles.<\/em><\/p>\n<p style=\"text-align: right;\">Janvier 2025 &#8211; <a href=\"https:\/\/www.cgjung.net\/espace\/accueil\/claire-droin\/\">Claire Droin<\/a>, <a href=\"https:\/\/www.cgjung.net\/espace\/accueil\/cecile-gatille\/\">C\u00e9cile Gatille<\/a>, <a href=\"https:\/\/www.cgjung.net\/espace\/accueil\/rachel-huber\/\">Rachel Huber<\/a> et <a href=\"https:\/\/www.cgjung.net\/espace\/accueil\/jprobert\/\">Jean-Pierre Robert<\/a><\/p>\n<p><a href=\"https:\/\/www.cgjung.net\/espace\/wp-content\/uploads\/2025\/03\/2025-01-25_26-colloque-150-ans-naissance-jung-compte-rendu.pdf\" target=\"_blank\" rel=\"noopener\">Voici le compte-rendu diffus\u00e9 par les organisateurs<\/a> (au format pdf).<\/p>\n","protected":false},"excerpt":{"rendered":"<p>\u00c0 l\u2019occasion du 150\u1d49 anniversaire de la naissance de Carl Gustav Jung, ce colloque a permis d\u2019\u00e9voquer son \u0153uvre et de montrer combien, en ces temps difficiles, elle est plus que jamais d\u2019actualit\u00e9. Programme du colloque au format pdf Le programme souligne la valeur des intervenants en pr\u00e9sentant leurs parcours. Nous avons assist\u00e9 et particip\u00e9 [&hellip;]<\/p>\n","protected":false},"author":1,"featured_media":0,"parent":28312,"menu_order":0,"comment_status":"closed","ping_status":"closed","template":"","meta":{"footnotes":""},"class_list":["post-28267","page","type-page","status-publish","hentry"],"_links":{"self":[{"href":"https:\/\/www.cgjung.net\/espace\/wp-json\/wp\/v2\/pages\/28267","targetHints":{"allow":["GET"]}}],"collection":[{"href":"https:\/\/www.cgjung.net\/espace\/wp-json\/wp\/v2\/pages"}],"about":[{"href":"https:\/\/www.cgjung.net\/espace\/wp-json\/wp\/v2\/types\/page"}],"author":[{"embeddable":true,"href":"https:\/\/www.cgjung.net\/espace\/wp-json\/wp\/v2\/users\/1"}],"replies":[{"embeddable":true,"href":"https:\/\/www.cgjung.net\/espace\/wp-json\/wp\/v2\/comments?post=28267"}],"version-history":[{"count":16,"href":"https:\/\/www.cgjung.net\/espace\/wp-json\/wp\/v2\/pages\/28267\/revisions"}],"predecessor-version":[{"id":28710,"href":"https:\/\/www.cgjung.net\/espace\/wp-json\/wp\/v2\/pages\/28267\/revisions\/28710"}],"up":[{"embeddable":true,"href":"https:\/\/www.cgjung.net\/espace\/wp-json\/wp\/v2\/pages\/28312"}],"wp:attachment":[{"href":"https:\/\/www.cgjung.net\/espace\/wp-json\/wp\/v2\/media?parent=28267"}],"curies":[{"name":"wp","href":"https:\/\/api.w.org\/{rel}","templated":true}]}}