{"id":27332,"date":"2025-01-11T03:21:38","date_gmt":"2025-01-11T02:21:38","guid":{"rendered":"https:\/\/www.cgjung.net\/espace\/?page_id=27332"},"modified":"2025-01-17T01:22:00","modified_gmt":"2025-01-17T00:22:00","slug":"chemin-recherche","status":"publish","type":"page","link":"https:\/\/www.cgjung.net\/espace\/accueil\/lise-villemaire\/chemin-recherche\/","title":{"rendered":"Lise Villemaire : les chemins qui m\u2019ont men\u00e9e \u00e0 cette recherche"},"content":{"rendered":"<p><strong>Lise Villemaire d\u00e9crit le cheminement personnel qui l\u2019a conduite \u00e0 cette \u00e9tude, en s\u2019appuyant sur les \u00e9crits de C.G. Jung et de Giuseppe Tucci, tout en les comparant.<\/strong><\/p>\n<p><img loading=\"lazy\" decoding=\"async\" class=\"size-full wp-image-28086 aligncenter\" src=\"https:\/\/www.cgjung.net\/espace\/wp-content\/uploads\/2025\/01\/inuksuk-lise-villemaire.jpg\" alt=\"\" width=\"533\" height=\"400\" srcset=\"https:\/\/www.cgjung.net\/espace\/wp-content\/uploads\/2025\/01\/inuksuk-lise-villemaire.jpg 533w, https:\/\/www.cgjung.net\/espace\/wp-content\/uploads\/2025\/01\/inuksuk-lise-villemaire-300x225.jpg 300w\" sizes=\"auto, (max-width: 533px) 100vw, 533px\" \/><\/p>\n<h2>Mon premier contact avec l&rsquo;\u0153uvre de Jung<\/h2>\n<p>Mon premier contact soutenu avec l&rsquo;\u0153uvre de Jung date d\u00e9j\u00e0 de pr\u00e8s de 45 ans, en 1980. J&rsquo;\u00e9tais alors une jeune \u00e9tudiante universitaire de 19 ans en formation en tant que psychologue-psychoth\u00e9rapeute au Qu\u00e9bec. J&rsquo;ai assist\u00e9 \u00e0 un cours sur Paracelse, un \u00e9crit de Jung offert par le professeur de psychopathologie. Auparavant, \u00e9tudiante infirmi\u00e8re, lors de mon stage en psychiatrie, j&rsquo;avais lu son \u00e9crit sur la schizophr\u00e9nie.<\/p>\n<p>Et depuis, les id\u00e9es de Jung m&rsquo;ont fascin\u00e9es. Je m&rsquo;int\u00e9resse particuli\u00e8rement au d\u00e9veloppement incluant les stades de changement, de transition psychologique et spirituel de l&rsquo;adulte, d\u00e9crit en termes jungiens comme le processus d&rsquo;individuation avec ses symboles, l&rsquo;art en g\u00e9n\u00e9ral, ainsi que le processus de cr\u00e9ation ou la cr\u00e9ativit\u00e9 en g\u00e9n\u00e9ral.<\/p>\n<p>Il y a environ deux ans, j&rsquo;ai commenc\u00e9 une recherche sur le symbole par excellence du Soi, traduisant la totalit\u00e9 psychique, l&rsquo;\u00eatre central, int\u00e9rieur, v\u00e9ritable et unique vers lequel nous tendons, sans jamais l&rsquo;atteindre compl\u00e8tement ou le r\u00e9aliser enti\u00e8rement: le mandala.<\/p>\n<p>Il existe plusieurs \u00e9crits sur le mandala. Comme pour tous mes \u00e9crits, je tiens toujours \u00e0 ce qu&rsquo;ils se r\u00e9f\u00e8rent \u00e0 des liens entre th\u00e9orie et exp\u00e9rience personnelle.<\/p>\n<h2>\u00c9crits de Carl Gustav Jung et Giuseppe Tucci<\/h2>\n<p>Aussi, je souhaitais apporter mon humble contribution en pr\u00e9sentant une comparaison entre les \u00e9crits de Jung sur le sujet et ceux d&rsquo;un chercheur qui \u00e0 mon avis a \u00e9t\u00e9 assez oubli\u00e9 : Giuseppe Tucci (1894-1984), consid\u00e9r\u00e9 comme l&rsquo;un des plus grands orientalistes de son \u00e9poque.<\/p>\n<p>Dou\u00e9 pour les langues, il a appris par lui-m\u00eame le sanskrit, l&rsquo;h\u00e9breu et le chinois avant l&rsquo;\u00e2ge de 18 ans. Comme Jung, Tucci ne se limitait pas \u00e0 demeurer \u00e0 un niveau qu&rsquo;intellectuel, il allait sur le terrain. Aussi, entre 1928 et 1954 (entre l&rsquo;\u00e2ge donc de 34 et 60 ans), il organisa et mena quatorze exp\u00e9ditions dans l&rsquo;Himalaya indien, dont huit au Tibet occidental et central et environ six au N\u00e9pal.<\/p>\n<p>Toutes ces exp\u00e9ditions, Tucci les faisait \u00e0 pied et \u00e0 dos de mulet \u00e0 travers les d\u00e9serts et les montagnes. Il disait que c&rsquo;\u00e9tait le meilleur moyen pour conna\u00eetre et d\u00e9couvrir un lieu et sa population. Il exp\u00e9rimenta lui-m\u00eame une c\u00e9r\u00e9monie du mandala selon le rituel du bouddhisme. Il fonda en 1957 un mus\u00e9e situ\u00e9 en Italie [aujourd&rsquo;hui int\u00e9gr\u00e9 au <em>Museo delle Civilt\u00e0 &#8211; <\/em>Mus\u00e9e des Civilisations &#8211; \u00e0 Rome], qui contient plusieurs art\u00e9facts collect\u00e9s durant ses exp\u00e9ditions.<\/p>\n<p>&nbsp;Tucci avait environ dix ans de moins que Jung, mais il en connaissait ses travaux, bien qu&rsquo;il ait fait des exp\u00e9ditions en Inde dix ans avant Jung, en 1928. Le s\u00e9jour de Jung a dur\u00e9 environ un mois et demi&nbsp; &nbsp;en Inde, du 17 d\u00e9cembre 1937 au 1er f\u00e9vrier 1938). Tucci en avait fait plusieurs sur environ deux d\u00e9cennies.<\/p>\n<p>Dans son livre <em>Th\u00e9orie et Pratique du mandala<\/em> &nbsp;(1969), il rend hommage \u00e0 Jung en ces termes:<\/p>\n<blockquote>\n<p>\u00ab\u00a0<em>c&rsquo;est le m\u00e9rite de Jung d&rsquo;avoir reconnu pour la premi\u00e8re fois, cette myst\u00e9rieuse n\u00e9cessit\u00e9 \u00e0 l&rsquo;esprit humain \u2013 ces visions et ces fulgurations se disposer dans cette forme pr\u00e9cise de rayons, de fleurs, de sch\u00e9mas circulaires et quadrangulaires autour d&rsquo;une source lumineuse centrale.\u00a0\u00bb<\/em>&nbsp;<\/p>\n<\/blockquote>\n<p>Apr\u00e8s avoir lu et relu des \u00e9crits de Tucci et de Jung, pris des notes, j&rsquo;avais r\u00e9dig\u00e9 environ vingt-cinq pages pour r\u00e9sumer les id\u00e9es de Tucci sur le sujet. Mais depuis un an, je n&rsquo;arrivais pas \u00e0 aboutir du m\u00eame r\u00e9sultat pour Jung, que je connaissais d&rsquo;ailleurs beaucoup plus que Tucci.<\/p>\n<p>Je pataugeais, je tournais en rond, j&rsquo;avais beau \u00eatre \u00e0 l&rsquo;\u00e9coute des signes int\u00e9rieurs et ext\u00e9rieurs qui auraient su me guider pour enfin pouvoir \u00e9pancher un r\u00e9sum\u00e9 de la pens\u00e9e de Jung sur le mandala, me questionner sur le pourquoi de quelconques r\u00e9sistances de ma part, en discuter avec des coll\u00e8gues et amis, rien n&rsquo;y faisait, aucune ligne ne s&rsquo;\u00e9crivait sur la page blanche ! Je me disais que cela \u00e9tait normal vu la grande complexit\u00e9 du sujet et du fait que je ne voulais pas m&rsquo;en tenir au seul niveau th\u00e9orique dont il est plus facile d&rsquo;en structurer le contenu.<\/p>\n<p>Jusqu&rsquo;au jour o\u00f9 j&rsquo;ai lu l&rsquo;article de Claudine Chatelain sur ce site web, intitul\u00e9 <a href=\"https:\/\/www.cgjung.net\/espace\/accueil\/claudine-chatelain\/lilith\/\">Lilith, d\u00e9mone ou initi\u00e9e ?<\/a><em>.<\/em> <span style=\"color: #0000ff;\"><span style=\"color: #008080;\">&nbsp;<\/span><\/span>Mon esprit resta accroch\u00e9 au th\u00e8me de l&rsquo;arbre mentionn\u00e9 dans lequel Lilith vivait qui repr\u00e9sente un grand symbole du f\u00e9minin, et qui, avec ses racines et ses feuilles est la vie, la g\u00e9n\u00e8se.<\/p>\n<p>Et Lilith vit dans cet arbre de la connaissance et de la sagesse.<\/p>\n<p>Ce fut alors l&rsquo;illumination, un feu d&rsquo;artifice qui me faisait comme signe que l\u00e0, dans ce th\u00e8me de l&rsquo;arbre, se trouvait mon fil conducteur pour enfin r\u00e9diger mon \u00e9crit sur le mandala selon Jung. Toutefois, au tout d\u00e9but, ce n&rsquo;\u00e9tait pas clair aussi directement, la lumi\u00e8re \u00e9tait trop intense, elle m&rsquo;aveuglait, m\u00eame si mon c\u0153ur lui savait et battait fort en me disant \u00ab\u00a0Oui, c&rsquo;est bien par l\u00e0 que tu dois aller !\u00a0\u00bb.<\/p>\n<p>Mais quand m\u00eame, l&rsquo;\u00e9tat de tension qui m&rsquo;habitait depuis longtemps en regard de cet \u00e9crit inachev\u00e9 s&rsquo;est dissous en grande partie, j&rsquo;en ressentis un r\u00e9el apaisement.<\/p>\n<p><span style=\"color: #0000ff;\"><span style=\"color: #000000;\">De<\/span><\/span> prime abord, je me sentais comme le centre d&rsquo;une table de billard, entour\u00e9e de nombreux joueurs qui lan\u00e7aient leurs balles vers moi comme moults liens, associations que j&rsquo;avais accumul\u00e9s en moi depuis longtemps :<\/p>\n<ul>\n<li>des liens avec l&rsquo;arbre de Vie de la Kabbale,<\/li>\n<li>des vitraux repr\u00e9sentant un arbre que j&rsquo;avais peints,<\/li>\n<li>et surtout la description d&rsquo;un r\u00eave que Jung avait fait et dans lequel il \u00e9tait \u00e0 Liverpool, en Angleterre (mon pays de r\u00eave !) s&rsquo;\u00e9tait pr\u00e9sent\u00e9 \u00e0 lui un magnifique arbre magnolia aux fleurs rouge\u00e2tres pos\u00e9 au centre d&rsquo;une petite \u00eele, qu&rsquo;il a repr\u00e9sent\u00e9 dans une peinture d&rsquo;un mandala qu&rsquo;il a intitul\u00e9e: <em>Fen\u00eatre sur l&rsquo;\u00c9ternit\u00e9, <\/em>et qu&rsquo;il avait d\u00e9di\u00e9 \u00e0 son ami Hermann Sigg qui \u00e9tait d\u00e9c\u00e9d\u00e9 en 1927,<\/li>\n<li>la couleur rose,<\/li>\n<li>mon amour pour les roses sauvages et les fleurs en g\u00e9n\u00e9ral,<\/li>\n<li>la confr\u00e9rie des Rose-Croix (j&rsquo;\u00e9tais en train de lire avec passion le livre de Daniel Brown, <em>Le symbole perdu <\/em><span style=\"color: #0000ff;\">&nbsp;<\/span>dans lequel il en parle ainsi que du symbole tr\u00e8s simple repr\u00e9sentant Dieu que cette secte \u00a0\u00bbsecr\u00e8te\u00a0\u00bb utilise : un petit point dans un cercle,<\/li>\n<li>et celui du Code da Vinci dans lequel on fait mention du Graal, etc.<\/li>\n<\/ul>\n<p>Apr\u00e8s environ deux jours, le raz de mar\u00e9e des associations s&rsquo;est calm\u00e9 pour n&rsquo;en montrer qu&rsquo;une en \u00e9vidence: l&rsquo;importance et la signification du deuil dans le contexte d&rsquo;\u00e9mergence du symbole du mandala.<\/p>\n<h2>Mon exp\u00e9rience personnelle<\/h2>\n<p>Durant mes lectures des \u00e9crits de Jung sur le mandala, j&rsquo;avais effectivement observ\u00e9 que dans son exp\u00e9rience personnelle, l&rsquo;expression par dessin, peinture, sculpture, etc. du symbole du mandala, ou toute autre chose en forme de cercle suivait dans une courte p\u00e9riode, un deuil qu&rsquo;il vivait.<\/p>\n<p>Ses premi\u00e8res peintures de mandala dont plusieurs sont figur\u00e9es dans le Livre Rouge datent de l&rsquo;\u00e9poque apr\u00e8s sa s\u00e9paration de Freud vers 1913 (la coupure d&rsquo;une relation significative peut \u00eatre consid\u00e9r\u00e9e comme un deuil), le d\u00e9but de la construction de sa tour (qui est ronde) a \u00e9t\u00e9 commenc\u00e9e&nbsp;seulement deux mois apr\u00e8s le d\u00e9c\u00e8s de sa m\u00e8re en 1923, ainsi qu&rsquo;un ajout central apr\u00e8s le d\u00e9c\u00e8s de sa femme en 1955.<\/p>\n<p>Ce constat m&rsquo;a touch\u00e9e parce que j&rsquo;avais v\u00e9cu la m\u00eame chose apr\u00e8s le d\u00e9c\u00e8s de mon conjoint, puis celui de ma m\u00e8re. J&rsquo;avais peint plusieurs vitraux qui contenaient des symboles du Soi : des cercles-mandalas, des fleurs, des oiseaux, etc. toutes choses qui repr\u00e9sentaient des caract\u00e9ristiques particuli\u00e8res de la personne ch\u00e8re qui \u00e9tait d\u00e9c\u00e9d\u00e9e.<\/p>\n<p>Toutefois, Jung ne fait que mentionner ce lien, sans nous en dire plus sur la signification concr\u00e8te et approfondie dont cette exp\u00e9rience laisse trace dans la vie de la personne endeuill\u00e9e qui suit son cours. On peut comprendre tout \u00e0 fait que cela rel\u00e8ve de la sph\u00e8re intime de Jung et que donc, n&rsquo;\u00e9tait pas appropri\u00e9 de d\u00e9voiler dans un \u00e9crit \u00e0 titre scientifique, professionnel ou autre.<\/p>\n<p>J&rsquo;estimais \u00eatre bien plac\u00e9e pour en parler de mani\u00e8re plus approfondie, ayant v\u00e9cu plusieurs deuils &#8211; dont celui de mon conjoint et de ma m\u00e8re &#8211; qui avaient fait l&rsquo;objet de peintures repr\u00e9sentant des symboles du Soi. Et aussi, pendant vingt ans, j&rsquo;avais accompagn\u00e9 plusieurs personnes en deuil, que ce soit par la perte d&rsquo;un \u00eatre cher, d&rsquo;un emploi ou d&rsquo;une s\u00e9paration conjugale, durant ma pratique professionnelle en psychoth\u00e9rapie.&nbsp;<\/p>\n<p>Je pr\u00e9senterai d&rsquo;abord en r\u00e9sum\u00e9 la d\u00e9finition, la nature et les repr\u00e9sentations symboliques du mandala selon la conception de Jung, le contexte d&rsquo;\u00e9mergence de ces symboles ainsi qu&rsquo;en dernier lieu, les fonctions, les buts et les impacts de ces symboles dans le processus d&rsquo;individuation.<\/p>\n<p>Je me suis r\u00e9f\u00e9r\u00e9 directement et majoritairement aux \u00e9crits m\u00eame de Jung dont particuli\u00e8rement, son autobiographie <em>Ma Vie<\/em>, <em>Commentaires sur le Myst\u00e8re de la Fleur d&rsquo;Or<\/em>, <em>Psychologie et orientalisme<\/em>, <em>Psychologie et Alchimie<span style=\"color: #008080;\">.<\/span><\/em>&nbsp;Je me suis aussi r\u00e9f\u00e9r\u00e9 \u00e0 d&rsquo;autres auteurs-es dont la tr\u00e8s pertinente de <span style=\"color: #0000ff;\"><span style=\"color: #008080;\">&nbsp;<\/span><\/span>Sulagna Sengupta qui est elle-m\u00eame originaire de l&rsquo;Inde et qui a \u00e9crit un volumineux livre intitul\u00e9 <em>Jung in India<\/em> (2013).<\/p>\n<h2>Les connaissances de Jung sur l&rsquo;Orient<\/h2>\n<p>Les connaissances de Jung sur l&rsquo;Orient datent d&rsquo;au moins 10 ans avant son voyage en Inde (1937-1938), soit vers 1928. Sulagna Sengupta consacre un chapitre de pr\u00e8s de 50 pages \u00e0 ce sujet. \u00c0 cette \u00e9poque (entre 1900 et 1940 environ) l&rsquo;Europe, au niveau culturel et intellectuel, il existait un engouement pour le savoir de la culture asiatique, en particulier de l&rsquo;Inde et de la Chine. Non seulement Jung avait lu plusieurs textes hindouistes et bouddhiques, il s&rsquo;\u00e9tait \u00e9galement entretenu avec des confr\u00e8res sp\u00e9cialistes du domaine europ\u00e9ens et asiatiques.<\/p>\n<p>Pour ne donner que quelques exemples, il avait lu :<\/p>\n<ul>\n<li>sur les Upanishads dans les livres de Shopenhauer et de l&rsquo;indiologiste Max M\u00fcller (1823-1900),<\/li>\n<li>la vie de Ramakrisna dans le livre de Romain Rolland (1866-1944),<\/li>\n<li>les ouvrages d&rsquo;Ananda Coomaraswamy (1877-1947),<\/li>\n<li>Art et Yoga d&rsquo;Heinrich Zimmer (1890-1943).<\/li>\n<\/ul>\n<p>Il avait aussi la connaissance :<\/p>\n<ul>\n<li>des \u00e9crits de ma\u00eetre Eckhart (1260-1320) et de Leibniz (1646-1716) sur les pr\u00e9ceptes du bouddhisme et du Yi-King,<\/li>\n<li>le Siddharta de l&rsquo;\u00e9crivain Herman Hesse (1877-1922) qui fut \u00e9galement son patient,<\/li>\n<li>il s&rsquo;\u00e9tait abonn\u00e9 au journal de l&rsquo;Ordre de Ramakrisna (1836-1886).<\/li>\n<\/ul>\n<p>Jung avait donn\u00e9 une s\u00e9rie de conf\u00e9rences sur le yoga de Kundalini en octobre et novembre 1932 au Club psychologique de Z\u00fcrich.<\/p>\n<p>Sulagna Sengupta mentionne une charmante anecdote: en 1919, alors que Jung \u00e9tait en Angleterre, il rapporta \u00e0 sa fille Marianne, alors \u00e2g\u00e9e de 9 ans, une poup\u00e9e en bois sculpt\u00e9, venant de l&rsquo;Inde.<\/p>\n<p style=\"text-align: center;\"><a class=\"buttonv navigation\" href=\"https:\/\/www.cgjung.net\/espace\/accueil\/lise-villemaire\/mandala-symbole-archetypique-soi\/\">Page suivante<\/a><\/p>\n<p>Cette page fait partie de l&rsquo;article : <a href=\"https:\/\/www.cgjung.net\/espace\/accueil\/lise-villemaire\/deuil-mandala\/\">Le contexte de deuil dans l&rsquo;\u00e9mergence du symbole du mandala.<\/a><\/p>\n<h2><img loading=\"lazy\" decoding=\"async\" class=\"alignright size-full wp-image-28190\" src=\"https:\/\/www.cgjung.net\/espace\/wp-content\/uploads\/2025\/01\/lise-villemaire.jpg\" alt=\"\" width=\"120\" height=\"191\" \/>Lise Villemaire, M.Ps.<\/h2>\n<p>Lise Villemaire, psychologue et psychoth\u00e9rapeute retrait\u00e9e, r\u00e9side \u00e0 Montr\u00e9al, province du Qu\u00e9bec au Canada. Dans un premier temps elle a travaill\u00e9 comme infirmi\u00e8re. En qualit\u00e9 de psychologue elle a plus de 25 ans d&rsquo;exp\u00e9rience de pratique et d&rsquo;enseignement au niveau universitaire.<\/p>\n<p>Elle a \u00e9tudi\u00e9 les diff\u00e9rentes religions et obtenu un certificat en Th\u00e9ologie Orthodoxe. Conf\u00e9renci\u00e8re, elle s&rsquo;int\u00e9resse particuli\u00e8rement au d\u00e9veloppement spirituel chez l&rsquo;adulte et \u00e0 l&rsquo;Art. Elle s&rsquo;adonne au dessin et \u00e0 la peinture de vitraux.<\/p>\n<p align=\"LEFT\"><strong>Articles<\/strong><\/p>\n<ul>\n<li><a href=\"https:\/\/www.cgjung.net\/espace\/accueil\/lise-villemaire\/deuil-mandala\/\">Le contexte de deuil dans l\u2019\u00e9mergence du symbole du mandala<\/a>\n<ul>\n<li><a href=\"https:\/\/www.cgjung.net\/espace\/accueil\/lise-villemaire\/chemin-recherche\/\">Lise Villemaire : les chemins qui m\u2019ont men\u00e9e \u00e0 cette recherche<\/a><\/li>\n<li><a href=\"https:\/\/www.cgjung.net\/espace\/accueil\/lise-villemaire\/mandala-symbole-archetypique-soi\/\">Le mandala comme symbole arch\u00e9typique du Soi<\/a><\/li>\n<li><a href=\"https:\/\/www.cgjung.net\/espace\/accueil\/lise-villemaire\/mandala-jung\/\">Le mandala : l\u2019exp\u00e9rience personnelle de Jung<\/a><\/li>\n<li><a href=\"https:\/\/www.cgjung.net\/espace\/accueil\/lise-villemaire\/le-mandala-lexperience-personnelle-de-lise-villemaire\/\">Le mandala : l\u2019exp\u00e9rience personnelle de Lise Villemaire<\/a><\/li>\n<\/ul>\n<\/li>\n<li><a href=\"https:\/\/www.cgjung.net\/publications\/lise_villemaire\/index.htm\">La primaut\u00e9 de l\u2019exp\u00e9rience en philosophie et en th\u00e9ologie<\/a><\/li>\n<li><a href=\"https:\/\/www.cgjung.net\/espace\/accueil\/lise-villemaire\/imagination-active-symbole-etoile\/\">Imagination active et le symbole-image de l&rsquo;\u00e9toile<\/a><\/li>\n<li><a href=\"https:\/\/www.cgjung.net\/espace\/accueil\/lise-villemaire\/fees-croient-aux-hommes\/\">Est-ce que les f\u00e9es croient encore aux hommes ?<\/a><\/li>\n<li><a href=\"https:\/\/www.cgjung.net\/espace\/accueil\/lise-villemaire\/lily-couronne-noel\/\">Lily et la couronne de No\u00ebl : conte pour enfants divins !<\/a><\/li>\n<\/ul>\n\n","protected":false},"excerpt":{"rendered":"<p>Lise Villemaire d\u00e9crit le cheminement personnel qui l\u2019a conduite \u00e0 cette \u00e9tude, en s\u2019appuyant sur les \u00e9crits de C.G. Jung et de Giuseppe Tucci, tout en les comparant. Mon premier contact avec l&rsquo;\u0153uvre de Jung Mon premier contact soutenu avec l&rsquo;\u0153uvre de Jung date d\u00e9j\u00e0 de pr\u00e8s de 45 ans, en 1980. J&rsquo;\u00e9tais alors une [&hellip;]<\/p>\n","protected":false},"author":19,"featured_media":0,"parent":18208,"menu_order":15,"comment_status":"closed","ping_status":"closed","template":"","meta":{"footnotes":""},"class_list":["post-27332","page","type-page","status-publish","hentry"],"_links":{"self":[{"href":"https:\/\/www.cgjung.net\/espace\/wp-json\/wp\/v2\/pages\/27332","targetHints":{"allow":["GET"]}}],"collection":[{"href":"https:\/\/www.cgjung.net\/espace\/wp-json\/wp\/v2\/pages"}],"about":[{"href":"https:\/\/www.cgjung.net\/espace\/wp-json\/wp\/v2\/types\/page"}],"author":[{"embeddable":true,"href":"https:\/\/www.cgjung.net\/espace\/wp-json\/wp\/v2\/users\/19"}],"replies":[{"embeddable":true,"href":"https:\/\/www.cgjung.net\/espace\/wp-json\/wp\/v2\/comments?post=27332"}],"version-history":[{"count":22,"href":"https:\/\/www.cgjung.net\/espace\/wp-json\/wp\/v2\/pages\/27332\/revisions"}],"predecessor-version":[{"id":28178,"href":"https:\/\/www.cgjung.net\/espace\/wp-json\/wp\/v2\/pages\/27332\/revisions\/28178"}],"up":[{"embeddable":true,"href":"https:\/\/www.cgjung.net\/espace\/wp-json\/wp\/v2\/pages\/18208"}],"wp:attachment":[{"href":"https:\/\/www.cgjung.net\/espace\/wp-json\/wp\/v2\/media?parent=27332"}],"curies":[{"name":"wp","href":"https:\/\/api.w.org\/{rel}","templated":true}]}}