{"id":2672,"date":"2016-11-25T17:15:31","date_gmt":"2016-11-25T16:15:31","guid":{"rendered":"https:\/\/www.cgjung.net\/espace\/?page_id=2672"},"modified":"2019-01-19T18:45:52","modified_gmt":"2019-01-19T17:45:52","slug":"alchimie-matiere-premiere","status":"publish","type":"page","link":"https:\/\/www.cgjung.net\/espace\/ariaga-poesie\/alchimie-matiere-premiere\/","title":{"rendered":"Alchimie, mati\u00e8re premi\u00e8re"},"content":{"rendered":"<h2>Cheminement<\/h2>\n<h4 style=\"text-align: center;\">Fr\u00f4ler les ab\u00eemes,<br \/>\nexploser le couvercle de l&rsquo;ombre,<br \/>\naller dans la profondeur brute o\u00f9 s&rsquo;agitent d&rsquo;improbables assemblages,<br \/>\nouvrir le vase herm\u00e9tique du myst\u00e8re,<br \/>\nd\u00e9gager la gangue qui emprisonne la pierre,<br \/>\net peut-\u00eatre se trouver face \u00e0 soi-m\u00eame.<\/h4>\n<h2><\/h2>\n<h2>Fr\u00e8res cailloux<\/h2>\n<h4 style=\"text-align: center;\">Fr\u00e8res cailloux pleins de boue<br \/>\ncris de pierre dans la terre<br \/>\ncailloux de vitrine<br \/>\ncailloux ordinaires \u00e9clat\u00e9s de lumi\u00e8re<br \/>\n\u00eates vous la Pierre ?<br \/>\nSans bouche de chair<br \/>\nvous go\u00fbtez la saveur<br \/>\ngrise<br \/>\nde la mati\u00e8re.<br \/>\n\u00c9ternelle seconde de l&rsquo;univers<br \/>\n\u00eates vous la Pierre ?<\/h4>\n<p>&nbsp;<\/p>\n<h2>Les visions de l&rsquo;alchimiste<\/h2>\n<h4 style=\"text-align: center;\">La porte est close.<\/h4>\n<h4 style=\"text-align: center;\">\u00a0Les genoux sont us\u00e9s par la pri\u00e8re, le vieil alchimiste au visage ravag\u00e9 par les vapeurs mercurielles, \u00e0 l&rsquo;esprit \u00e9bloui par la Lumi\u00e8re de la Nature, quitte son oratoire et regarde<\/h4>\n<h4 style=\"text-align: center;\">le vase sur l&rsquo;athanor.<\/h4>\n<h4 style=\"text-align: center;\">Longtemps il contemple le vaisseau de verre.<\/h4>\n<h4 style=\"text-align: center;\">Son imagination m\u00e9ditative est une \u00e9toile qui brille<\/h4>\n<h4 style=\"text-align: center;\">tr\u00e8s loin dans le labyrinthe souterrain des hallucinations.<\/h4>\n<h4 style=\"text-align: center;\">Il fixe l&rsquo;eau de vie m\u00e9tallique qui se tord et se morcelle,<\/h4>\n<h4 style=\"text-align: center;\">et \u00e0 la fin il voit.<\/h4>\n<h4 style=\"text-align: center;\">Mondes aquatiques o\u00f9 s&rsquo;ouvrent des gouffres d&rsquo;o\u00f9 \u00e9mergent des formes reptiliennes qui se mordent la queue, mandragores trop humaines en couples enlac\u00e9s, dragons portant entre leurs ailes l&rsquo;Homoncule Fils des Philosophes,\u00a0 et combien d&rsquo;autre \u00eatres issus du ciel ou de l&rsquo;enfer.<\/h4>\n<h4 style=\"text-align: center;\">C&rsquo;en est trop,<\/h4>\n<h4 style=\"text-align: center;\">et le vieil alchimiste, oubliant qu&rsquo;il est tr\u00e8s chr\u00e9tien,<\/h4>\n<h4 style=\"text-align: center;\">se prosterne devant le vase devenu ut\u00e9rus.<\/h4>\n<p>&nbsp;<\/p>\n<p>&nbsp;<\/p>\n<h2>La voix \u00e0 l&rsquo;oreille<\/h2>\n<p>&nbsp;<\/p>\n<h4 style=\"text-align: center;\">C&rsquo;\u00e9tait une voix sans corps et sans visage.<\/h4>\n<h4 style=\"text-align: center;\">C&rsquo;\u00e9tait une voix qui murmure parfois \u00e0 l&rsquo;oreille de son c\u0153ur.<\/h4>\n<h4 style=\"text-align: center;\">C&rsquo;\u00e9tait la voix du vieil alchimiste qui habite dans les profondeurs de ses abysses.<\/h4>\n<h4 style=\"text-align: center;\">Il lui disait : te souviens tu des temps o\u00f9 tu \u00e9tais mon \u00e2me s\u0153ur ?<\/h4>\n<h4>Unis par l&rsquo;amour enflamm\u00e9 de l\u2019Oeuvre, nous regardions du rivage de nos m\u00e9ditations passer les fiers vaisseaux des quatre vierges. Elles se tenaient\u00a0 en \u00e9quilibre sur quatre globes, figures de proue v\u00eatues de leurs voiles d&rsquo;eau de terre d&rsquo;air et de feu.<\/h4>\n<h4 style=\"text-align: center;\">Unis dans la recherche sans fin des quatre degr\u00e9s du feu,<\/h4>\n<h4 style=\"text-align: center;\">consum\u00e9s corps et \u00e2me,<\/h4>\n<h4>nous allions de l&rsquo;oratoire au laboratoire et du laboratoire \u00e0 l&rsquo;oratoire car il fallait sans cesse nourrir et faire grandir, comme un enfant, le feu de l&rsquo;athanor.<\/h4>\n<h4 style=\"text-align: center;\">Souviens toi &#8230;<\/h4>\n<h4>Le premier feu doux comme la chair du nouveau n\u00e9.<\/h4>\n<h4>Le deuxi\u00e8me feu semblable \u00e0 un soleil de printemps.<\/h4>\n<h4>Le troisi\u00e8me feu br\u00fblant comme un bois qui se calcine<\/h4>\n<h4>Le quatri\u00e8me feu, celui de la fusion.<\/h4>\n<h4 style=\"text-align: center;\">Souviens toi &#8230;<\/h4>\n<h4>Nous \u00e9tions le vase sur l&rsquo;athanor et ce quatri\u00e8me feu \u00e0 toujours \u00e9t\u00e9 celui de notre mort, s\u0153ur trop aim\u00e9e.<\/h4>\n<h4 style=\"text-align: center;\">Et si c&rsquo;\u00e9tait un r\u00eave mon vieil ami ? lui r\u00e9pondit-elle,<\/h4>\n<h4 style=\"text-align: center;\">les mains serr\u00e9s sur son c\u0153ur dissous&#8230;<\/h4>\n<h2 style=\"text-align: justify;\">La Fleur d&rsquo;Or<\/h2>\n<p>&nbsp;<\/p>\n<h4 style=\"text-align: center;\">La Fleur d&rsquo;Or pousse sur le fumier<\/h4>\n<h4 style=\"text-align: center;\">me murmure \u00e0 l&rsquo;oreille le vieil alchimiste<\/h4>\n<h4 style=\"text-align: center;\">visiteur de mes abysses.<\/h4>\n<h4 style=\"text-align: center;\">Rejette la brillance menteuse de l&rsquo;or vulgaire.<\/h4>\n<h4 style=\"text-align: center;\">Ramasse le caillou jet\u00e9 dans le chaos fertile<\/h4>\n<h4 style=\"text-align: center;\">par un enfant en loques<\/h4>\n<h4 style=\"text-align: center;\">rieur.<\/h4>\n<h4 style=\"text-align: center;\">Ouvre les yeux de l&rsquo;esprit<\/h4>\n<h4 style=\"text-align: center;\">et dans l&rsquo;ombre profonde du continent noir<\/h4>\n<h4 style=\"text-align: center;\">tu verras clignoter une flamme d\u2019Amour.<\/h4>\n<h2 style=\"text-align: left;\">Recette alchimique<\/h2>\n<p>&nbsp;<\/p>\n<h4 style=\"text-align: center;\">Sur l&rsquo;athanor du feu d&rsquo;un soleil int\u00e9rieur<\/h4>\n<h4 style=\"text-align: center;\">d\u00e9passer les limites<\/h4>\n<h4 style=\"text-align: center;\">du chaos o\u00f9 fermentent les puissances s\u00e9minales<\/h4>\n<h4 style=\"text-align: center;\">et verser une goutte<\/h4>\n<h4 style=\"text-align: center;\">infinie<\/h4>\n<h4 style=\"text-align: center;\">d&rsquo;or alchimique si pur<\/h4>\n<h4 style=\"text-align: center;\">que par porosit\u00e9 le m\u00e9lange grossier<\/h4>\n<h4 style=\"text-align: center;\">se change lentement<\/h4>\n<h4 style=\"text-align: center;\">en conscience totale.<\/h4>\n<h2>Po\u00e9sies d&rsquo;Ariane Callot<\/h2>\n<p><strong>Po\u00e9sies alchimiques<\/strong><\/p>\n<ul>\n<li><a href=\"https:\/\/www.cgjung.net\/espace\/ariaga-poesie\/alchimie-oeuvre-noir\/\">Alchimie, \u0153uvre au noir<\/a><\/li>\n<li><a href=\"https:\/\/www.cgjung.net\/espace\/ariaga-poesie\/alchimie-matiere-premiere\/\">Alchimie, mati\u00e8re premi\u00e8re<\/a><\/li>\n<li><a href=\"https:\/\/www.cgjung.net\/espace\/ariaga-poesie\/alchimique-conjonction\/\">Alchimique conjonction<\/a><\/li>\n<li><a href=\"https:\/\/www.cgjung.net\/espace\/ariaga-poesie\/alchimie-ici-maintenant\/\">Alchimie de l&rsquo;ici et maintenant<\/a><\/li>\n<li><a href=\"https:\/\/www.cgjung.net\/espace\/ariaga-poesie\/alchimie-de-la-mort\/\">Alchimie de la mort<\/a><\/li>\n<li><a href=\"https:\/\/www.cgjung.net\/espace\/ariaga-poesie\/alchimie-de-nature\/\">Alchimie de la nature<\/a><\/li>\n<li><a href=\"https:\/\/www.cgjung.net\/espace\/ariaga-poesie\/alchimie-divine\/\">Alchimie divine<\/a><\/li>\n<li><a href=\"https:\/\/www.cgjung.net\/espace\/ariaga-poesie\/amours-alchimiques\/\">Amours alchimiques<\/a><\/li>\n<li><a href=\"https:\/\/www.cgjung.net\/espace\/ariaga-poesie\/travail-alchimique\/\">Travail alchimique<\/a><\/li>\n<li><a href=\"https:\/\/www.cgjung.net\/espace\/ariaga-poesie\/echo-a-c-g-jung\/\">En \u00e9cho \u00e0 C.G. Jung<\/a><\/li>\n<li><a href=\"https:\/\/www.cgjung.net\/espace\/ariaga-poesie\/regards\/\">Regards<\/a><\/li>\n<li><a href=\"https:\/\/www.cgjung.net\/espace\/ariaga-poesie\/reves-visions-alchimiques\/\">R\u00eaves et visions alchimiques<\/a><\/li>\n<li><a href=\"https:\/\/www.cgjung.net\/espace\/ariaga-poesie\/microcosme\/\">Microcosme<\/a><\/li>\n<li><a href=\"https:\/\/www.cgjung.net\/espace\/ariaga-poesie\/profondeurs\/\">Dans les profondeurs<\/a><\/li>\n<li><a href=\"https:\/\/www.cgjung.net\/espace\/ariaga-poesie\/musiques\/\">Musiques<\/a><\/li>\n<\/ul>\n<p><strong>M\u00e9moires de l&rsquo;Oc\u00e9an<\/strong><\/p>\n<ul>\n<li><a href=\"https:\/\/www.cgjung.net\/espace\/ariaga-poesie\/memoires-ocean\/#plainte\">Plainte des \u00e2mes perdues<\/a><\/li>\n<li><a href=\"https:\/\/www.cgjung.net\/espace\/ariaga-poesie\/memoires-ocean\/#bateaux\">Bateaux oubli\u00e9s<\/a><\/li>\n<li><a href=\"https:\/\/www.cgjung.net\/espace\/ariaga-poesie\/memoires-ocean\/#racines\">Racines marines<\/a><\/li>\n<\/ul>\n<p><strong>Article de pr\u00e9sentation des po\u00e9sies<\/strong><\/p>\n<ul>\n<li><a href=\"https:\/\/www.cgjung.net\/espace\/accueil\/alchimie-poetique\/\">Jung, Rimbaud, vers l\u2019alchimie po\u00e9tique<\/a><\/li>\n<\/ul>\n\n","protected":false},"excerpt":{"rendered":"<p>Cheminement Fr\u00f4ler les ab\u00eemes, exploser le couvercle de l&rsquo;ombre, aller dans la profondeur brute o\u00f9 s&rsquo;agitent d&rsquo;improbables assemblages, ouvrir le vase herm\u00e9tique du myst\u00e8re, d\u00e9gager la gangue qui emprisonne la pierre, et peut-\u00eatre se trouver face \u00e0 soi-m\u00eame. Fr\u00e8res cailloux Fr\u00e8res cailloux pleins de boue cris de pierre dans la terre cailloux de vitrine cailloux [&hellip;]<\/p>\n","protected":false},"author":1,"featured_media":0,"parent":142,"menu_order":36,"comment_status":"closed","ping_status":"closed","template":"","meta":{"footnotes":""},"class_list":["post-2672","page","type-page","status-publish","hentry"],"_links":{"self":[{"href":"https:\/\/www.cgjung.net\/espace\/wp-json\/wp\/v2\/pages\/2672","targetHints":{"allow":["GET"]}}],"collection":[{"href":"https:\/\/www.cgjung.net\/espace\/wp-json\/wp\/v2\/pages"}],"about":[{"href":"https:\/\/www.cgjung.net\/espace\/wp-json\/wp\/v2\/types\/page"}],"author":[{"embeddable":true,"href":"https:\/\/www.cgjung.net\/espace\/wp-json\/wp\/v2\/users\/1"}],"replies":[{"embeddable":true,"href":"https:\/\/www.cgjung.net\/espace\/wp-json\/wp\/v2\/comments?post=2672"}],"version-history":[{"count":28,"href":"https:\/\/www.cgjung.net\/espace\/wp-json\/wp\/v2\/pages\/2672\/revisions"}],"predecessor-version":[{"id":8178,"href":"https:\/\/www.cgjung.net\/espace\/wp-json\/wp\/v2\/pages\/2672\/revisions\/8178"}],"up":[{"embeddable":true,"href":"https:\/\/www.cgjung.net\/espace\/wp-json\/wp\/v2\/pages\/142"}],"wp:attachment":[{"href":"https:\/\/www.cgjung.net\/espace\/wp-json\/wp\/v2\/media?parent=2672"}],"curies":[{"name":"wp","href":"https:\/\/api.w.org\/{rel}","templated":true}]}}