{"id":25043,"date":"2024-06-20T10:28:27","date_gmt":"2024-06-20T08:28:27","guid":{"rendered":"https:\/\/www.cgjung.net\/espace\/?page_id=25043"},"modified":"2024-07-27T09:10:35","modified_gmt":"2024-07-27T07:10:35","slug":"paranoia-folie-lucide","status":"publish","type":"page","link":"https:\/\/www.cgjung.net\/espace\/accueil\/breves-efj\/paranoia-folie-lucide\/","title":{"rendered":"Parano\u00efa ou la folie lucide"},"content":{"rendered":"<p><strong>Luigi Zoja nous offre dans son livre <em>Parano\u00efa,<\/em> sous titr\u00e9<em> La folie qui fait l\u2019Histoire,<\/em> une analyse multidimensionnelle de la parano\u00efa. Il \u00e9claire l\u2019histoire \u00e0 la lumi\u00e8re de la psychologie. C&rsquo;est une lecture incontournable pour comprendre les dangers de cette \u00abfolie lucide\u00bb et ses implications sur notre monde contemporain.<\/strong><\/p>\n<p style=\"text-align: right;\"><a href=\"https:\/\/www.cgjung.net\/espace\/jps\/articles\/claire-droin\/paranoia-lucid-madness\/\">Version anglaise de ce coup de c\u0153ur<\/a><\/p>\n<p style=\"text-align: center;\"><em><img loading=\"lazy\" decoding=\"async\" class=\"alignnone size-full wp-image-25155\" src=\"https:\/\/www.cgjung.net\/espace\/wp-content\/uploads\/2024\/06\/Paranoia.jpeg\" alt=\"\" width=\"600\" height=\"600\" srcset=\"https:\/\/www.cgjung.net\/espace\/wp-content\/uploads\/2024\/06\/Paranoia.jpeg 600w, https:\/\/www.cgjung.net\/espace\/wp-content\/uploads\/2024\/06\/Paranoia-300x300.jpeg 300w, https:\/\/www.cgjung.net\/espace\/wp-content\/uploads\/2024\/06\/Paranoia-150x150.jpeg 150w\" sizes=\"auto, (max-width: 600px) 100vw, 600px\" \/><\/em>Une repr\u00e9sentation du h\u00e9ros parano\u00efaque (DALL-E)<a href=\"https:\/\/www.cgjung.net\/espace\/ressources\/paranoia\/\"><em><img loading=\"lazy\" decoding=\"async\" class=\"size-full wp-image-25076 alignright\" src=\"https:\/\/www.cgjung.net\/espace\/wp-content\/uploads\/2024\/06\/Paranoia-folie-histoire-v.jpg\" alt=\"\" width=\"90\" height=\"129\" \/><\/em><\/a><\/p>\n<p><em>Ce \u00ab\u00a0coup de c\u0153ur\u00a0\u00bb s&rsquo;appuie <a href=\"https:\/\/www.cgjung.net\/espace\/ressources\/paranoia\/\">sur l&rsquo;ouvrage de Luigi Zoja Parano\u00efa<\/a>. La folie qui fait l&rsquo;histoire.<\/em><\/p>\n<h2>Parano\u00efa individuelle<\/h2>\n<p>Apr\u00e8s un rappel des diff\u00e9rentes d\u00e9finitions de la parano\u00efa individuelle (clinique), l\u2019auteur souligne les traits caract\u00e9ristiques du parano\u00efaque latents en chacun de nous:<\/p>\n<ul>\n<li>La solitude, un sentiment de m\u00e9diocrit\u00e9 et un fantasme de grandeur.<\/li>\n<li>La suspicion pouvant aller jusqu\u2019au syndrome d\u2019encerclement et la conviction d\u2019\u00eatre victime d\u2019un complot.<\/li>\n<li>Une construction de pens\u00e9e logique autour d\u2019un noyau d\u00e9lirant, ou un postulat de base erron\u00e9.<\/li>\n<li>L\u2019inversion des causes, o\u00f9 les cons\u00e9quences de la suspicion deviennent les causes de la parano\u00efa, ce qui l\u2019alimente en un cercle vicieux.<\/li>\n<li>La projection pers\u00e9cutoire qui consiste \u00e0 attribuer la force destructive du parano\u00efaque \u00e0 son adversaire.<\/li>\n<li>Le secret, la foi dont il entoure ses convictions ou l\u2019allusion, cherchant inconsciemment \u00e0 reconna\u00eetre et attirer ses semblables.<\/li>\n<\/ul>\n<p>Luigi Zoja rappelle l&rsquo;origine de l&rsquo;impulsion parano\u00efaque : cette fonction instinctive, animale, qui consiste en une m\u00e9fiance exag\u00e9r\u00e9e pour des raisons de survie, est pr\u00e9sente en chaque \u00eatre humain. Et, il insiste :<\/p>\n<blockquote>\n<p>\u00ab Tous les processus mentaux sp\u00e9cifiques [\u00e0 la parano\u00efa] sont potentiellement pr\u00e9sents en nous. La tentation de refuser nos responsabilit\u00e9s et de rendre les autres responsables du mal ne fait pas exception. Une voix int\u00e9rieure sugg\u00e8re que nous avons int\u00e9r\u00eat \u00e0 le faire. Aussi faible, aussi dissimul\u00e9e soit-elle, elle existe en chacun de nous. \u00bb p. 33<\/p>\n<\/blockquote>\n<h2>Parano\u00efa collective<\/h2>\n<p>Luigi Zoja d\u00e9crit ce qu\u2019est la parano\u00efa collective (historico-culturelle) ou contamination mentale au sein de la soci\u00e9t\u00e9. Suspicion projet\u00e9e sur l\u2019autre par manque d\u2019\u00e9ducation auto-critique et relay\u00e9e par les moyens de communication.<\/p>\n<blockquote>\n<p>\u00ab Si la parano\u00efa consiste \u00e0 tenter, inconsciemment, de soigner un \u00e9quilibre psychique d\u00e9ficient en projetant ses responsabilit\u00e9s sur un adversaire, tout en lui niant la moindre qualit\u00e9 humaine, un processus similaire se joue entre les peuples : les rapports entre nations fond\u00e9s sur un sentiment de sup\u00e9riorit\u00e9 demandent toujours une dose de folie et de deshumanisation des autres. \u00bb p&nbsp;480<\/p>\n<\/blockquote>\n<p>L\u2019auteur nous montre comment cette \u00abfolie lucide\u00bb peut se manifester dans la vie quotidienne et la politique, menant \u00e0 des actions destructrices li\u00e9es par une certaine coh\u00e9rence mais bas\u00e9es sur des convictions incorrectes. Eloigner la diff\u00e9rence et \u00e9ventuellement l\u2019an\u00e9antir, voil\u00e0 le but de la phobie parano\u00efaque.<\/p>\n<h2>La parano\u00efa du d\u00e9but \u00e0 la fin<\/h2>\n<p>Luigi Zoja explore les racines profondes de la parano\u00efa dans la culture et l&rsquo;histoire. La parano\u00efa a fourni aux mythes les figures d\u2019Ajax et de Ca\u00efn, \u00e0 la litt\u00e9rature celle d\u2019Othello (et de Iago qui lui instille ses doutes), et \u00e0 l\u2019histoire des personnages comme Hitler ou Staline. Le v\u00e9cu et la personnalit\u00e9 des personnages parano\u00efaques sont d\u00e9crits, les processus psychologiques sont expliqu\u00e9s, les r\u00e9actions en cha\u00eenes sont analys\u00e9es et \u00e9clairent les tournures in\u00e9luctables qu\u2019ont pris les \u00e9v\u00e8nements \u00e0 l\u2019\u00e9chelle mondiale.<\/p>\n<p>Des massacres des Indiens d\u2019Am\u00e9rique aux guerres pr\u00e9ventives des d\u00e9mocraties contre le terrorisme, en passant par les atrocit\u00e9s de la deuxi\u00e8me guerre mondiale, les descriptions des faits historiques r\u00e9v\u00e8lent comment la parano\u00efa fait na\u00eetre des politiques de terreur et de destruction massive. Luigi Zoja explore tous les ressorts de la contagion psychique de masse, r\u00e9v\u00e9lant comment elle a marqu\u00e9 et continue de marquer notre histoire collective.<\/p>\n<p>Chaque m\u00e9canisme est d\u00e9cortiqu\u00e9, diss\u00e9qu\u00e9, l&rsquo;Histoire est mise \u00e0 nu. <em>Parano\u00efa<\/em> se lit comme un \u00ab thriller \u00bb, <em>Parano\u00efa<\/em> fait \u00ab flipper \u00bb, mais l\u2019horreur n\u2019est pas une fiction, les faits sont malheureusement bien r\u00e9els !&nbsp;<\/p>\n<blockquote>\n<p>\u00abLa parano\u00efa, dont nous avons suivi la trace sanglante, existe d\u00e8s le d\u00e9but de notre histoire. Elle semble n&rsquo;avoir ni commencement, ni fin, comme si son mode de fonctionnement historique reproduisait son mode de fonctionnement psychologique. Elle est immuable.<br \/>\nLa parano\u00efa feint d&rsquo;\u00eatre la vie &#8211; \u00e0 travers la normalit\u00e9 apparente, sa fa\u00e7on de se fondre dans la vie de tous les jours &#8211; mais elle n&rsquo;est pas la vie.<\/p>\n<p>Elle ne fl\u00e9chit jamais, ne bouge jamais, ne gu\u00e9rit jamais. Elle fait semblant pour mieux frapper ceux qui baissent leur garde. Si elle a pu sauter des rivages de Troie jusqu&rsquo;\u00e0 notre porte, de la nuit hom\u00e9rique jusqu&rsquo;\u00e0 la feuille du calendrier arrach\u00e9e la veille, nous sommes bien oblig\u00e9s de reconna\u00eetre qu&rsquo;elle est un mal originel et presque invincible.\u00bb p. 419<\/p>\n<\/blockquote>\n<p>En auscultant de pr\u00e8s chaque \u00e9v\u00e8nement, chaque r\u00e9action, chaque encha\u00eenement, l&rsquo;auteur d\u00e9montre point par point comment la parano\u00efa d\u00e9ferle sur le monde et s\u2019auto-alimente, en partant de pens\u00e9es individuelles et en y retournant.<\/p>\n<h2>La parano\u00efa aujourd&rsquo;hui ?<\/h2>\n<p>Luigi Zoja nous pousse \u00e0 r\u00e9fl\u00e9chir sur la pr\u00e9sence de la parano\u00efa dans le monde moderne. Les th\u00e9ories du complot, les populismes et les nationalismes, les extr\u00e9mismes actuels sont autant de manifestations contemporaines de cette parano\u00efa collective.<\/p>\n<p>Saurons-nous tirer les le\u00e7ons des erreurs du pass\u00e9 ? Rien n\u2019est moins s\u00fbr : son livre paru en italien en 2011, en fran\u00e7ais en 2018, bien avant les \u00e9v\u00e8nements de la Covid-19 et le d\u00e9but de la guerre en Ukraine, permet de mieux comprendre les faits mais il t\u00e9moigne que la folie ne s&rsquo;arr\u00eatera pas sans prise de conscience individuelle.<\/p>\n<p>La conclusion est sans appel :<\/p>\n<blockquote>\n<p>\u00ab Il ne nous appartient pas de faire r\u00e9gner la justice : nous avons appris qu\u2019il est trop dangereux d\u2019avoir un coupable entre nos mains et de nous croire justes. En revanche, nous avons une mission, plus difficile. Au fond de nous, nous devons continuer \u00e0 dire non \u00e0 la suspicion et \u00e0 l\u2019allusion. Car elles sont la vraie, la seule tentation qui renait toujours. C\u2019est le mal qui traverse \u00e0 la fois chacun de nous et l\u2019histoire toute enti\u00e8re. Lui continuera tous les jours \u00e0 nous tenter. \u00c0 nous de dire non \u00e0 Iago.\u00bb p. 508<\/p>\n<\/blockquote>\n<p><strong>Un grand livre, aussi passionnant que d\u00e9rangeant, \u00e0 lire absolument !<\/strong><\/p>\n<p style=\"text-align: right;\">Juin 2024<\/p>\n<p><em>Citations extraites <a href=\"https:\/\/www.cgjung.net\/espace\/ressources\/paranoia\/\">du livre broch\u00e9 grand format<\/a>.<\/em><\/p>\n<p><strong><a href=\"https:\/\/www.cgjung.net\/contact.htm\">Adresser un message \u00e0 Claire Droin<\/a><\/strong><\/p>\n<p>&nbsp;<\/p>\n<h2>Claire Droin<\/h2>\n<p><img loading=\"lazy\" decoding=\"async\" class=\"size-full wp-image-23052 alignright\" src=\"https:\/\/www.cgjung.net\/espace\/wp-content\/uploads\/2023\/11\/claire-droin-2.jpg\" alt=\"\" width=\"120\" height=\"176\" \/><\/p>\n<p>Bas\u00e9e \u00e0 Villefranche-sur-Sa\u00f4ne, au nord de Lyon, Claire Droin exerce en tant que psychopraticienne et anime des ateliers visant \u00e0 explorer et approfondir la connaissance de soi.<\/p>\n<p>Claire s\u2019int\u00e9resse \u00e0 la pens\u00e9e de C.G. Jung et \u00e0 sa vision du monde psychique, trouvant dans ses ouvrages une source d&rsquo;inspiration et de compr\u00e9hension approfondie.<\/p>\n<p>A travers sa pratique et gr\u00e2ce \u00e0 sa contribution \u00e0 l\u2019Espace Francophone Jungien, en qualit\u00e9 de secr\u00e9taire, Claire a \u00e0 c\u0153ur d\u2019aider l\u2019\u00eatre humain \u00e0 mieux comprendre sa nature profonde.<\/p>\n<p>Pour en savoir plus, voir son site internet <a href=\"https:\/\/pbatitude.com\/index.php\/accueil\/claire-droin\/autoportrait-de-claire-droin\/\" target=\"_blank\" rel=\"noopener\">PBAtitude<\/a><\/p>\n<p><strong>S\u00e9minaires<\/strong><\/p>\n<p>Elle coanime <a href=\"https:\/\/www.cgjung.net\/espace\/seminaires\/\">des s\u00e9minaires de formation<\/a> avec d&rsquo;autres membres d\u2019Espace Francophone Jungien.<\/p>\n<p><strong>Articles<\/strong><\/p>\n<ul>\n<li><a href=\"https:\/\/www.cgjung.net\/espace\/accueil\/claire-droin\/etoile-symbole-collectif\/\">L&rsquo;\u00e9toile : exploration d&rsquo;un symbole collectif<\/a><\/li>\n<li><a href=\"https:\/\/www.cgjung.net\/espace\/accueil\/claire-droin\/main-maitre\/\">La main du ma\u00eetre<\/a><\/li>\n<li><a href=\"https:\/\/www.cgjung.net\/espace\/accueil\/claire-droin\/mains-orphee\/\">Les mains d&rsquo;Orph\u00e9e<\/a><\/li>\n<li><a href=\"https:\/\/www.cgjung.net\/espace\/accueil\/claire-droin\/evolution-psyche\/\">Du quatre au cinq : vers une nouvelle perception de la psych\u00e9<\/a><\/li>\n<li><a href=\"https:\/\/www.cgjung.net\/espace\/accueil\/claire-droin\/approche-archetype-cinq\/\">Approche de l\u2019arch\u00e9type du cinq<\/a><\/li>\n<li><a href=\"https:\/\/www.cgjung.net\/espace\/accueil\/claire-droin\/essai-mandala-quinaire\/\">Essai sur le mandala quinaire<\/a><\/li>\n<li><a href=\"https:\/\/www.cgjung.net\/espace\/accueil\/claire-droin\/unus-mundus\/\">Unus Mundus : l&rsquo;unit\u00e9 du monde selon C.G. Jung et W. Pauli<\/a><\/li>\n<li><a href=\"https:\/\/www.cgjung.net\/espace\/accueil\/claire-droin\/imagination-active-jung\/\">L\u2019Imagination Active selon Carl Gustav Jung<\/a><\/li>\n<li><a href=\"https:\/\/www.cgjung.net\/espace\/accueil\/claire-droin\/recommandations-imagination-active\/\">Recommandations autour de la pratique de l\u2019Imagination Active<\/a><\/li>\n<li><a href=\"https:\/\/www.cgjung.net\/espace\/accueil\/claire-droin\/participation-mystique\/\">La participation mystique selon C.G. Jung et ML. von Franz<\/a><\/li>\n<\/ul>\n<p><strong>Br\u00e8ves et coups de c\u0153ur<\/strong><\/p>\n<ul>\n<li><a href=\"https:\/\/www.cgjung.net\/espace\/accueil\/breves-efj\/feminin-psyche\/\">Le f\u00e9minin \u00e0 l\u2019\u0153uvre dans la psych\u00e9<\/a><\/li>\n<li><a href=\"https:\/\/www.cgjung.net\/espace\/accueil\/breves-efj\/paranoia-folie-lucide\/\">Parano\u00efa ou la folie lucide<\/a><\/li>\n<\/ul>\n<div class=\"su-accordion su-u-trim\"> <div class=\"su-spoiler su-spoiler-style-glass-green su-spoiler-icon-plus su-spoiler-closed\" data-scroll-offset=\"0\" data-anchor-in-url=\"no\"><div class=\"su-spoiler-title\" tabindex=\"0\" role=\"button\"><span class=\"su-spoiler-icon\"><\/span>Entretiens men\u00e9s par Claire Droin<\/div><div class=\"su-spoiler-content su-u-clearfix su-u-trim\">\n<ul>\n<li><a href=\"https:\/\/www.cgjung.net\/espace\/accueil\/claire-droin\/entretien-luigi-zoja\/\">Avec Luigi Zoja<\/a><\/li>\n<li><a href=\"https:\/\/www.cgjung.net\/espace\/ressources\/voyages-initiatiques\/\">Avec Marie-Claire Dolghin-Loyer<\/a><\/li>\n<li><a href=\"https:\/\/www.cgjung.net\/espace\/accueil\/claire-droin\/entretien-bertrand-eveno\/\">Avec Bertrand Eveno<\/a><\/li>\n<li><a href=\"https:\/\/www.cgjung.net\/espace\/accueil\/claire-droin\/entretien-veronique-liard\/\">Avec V\u00e9ronique Liard<\/a><\/li>\n<\/ul>\n<\/div><\/div>\n<\/div>\n\n","protected":false},"excerpt":{"rendered":"<p>Luigi Zoja nous offre dans son livre Parano\u00efa, sous titr\u00e9 La folie qui fait l\u2019Histoire, une analyse multidimensionnelle de la parano\u00efa. Il \u00e9claire l\u2019histoire \u00e0 la lumi\u00e8re de la psychologie. C&rsquo;est une lecture incontournable pour comprendre les dangers de cette \u00abfolie lucide\u00bb et ses implications sur notre monde contemporain. Version anglaise de ce coup de [&hellip;]<\/p>\n","protected":false},"author":17,"featured_media":0,"parent":21160,"menu_order":0,"comment_status":"closed","ping_status":"closed","template":"","meta":{"footnotes":""},"class_list":["post-25043","page","type-page","status-publish","hentry"],"_links":{"self":[{"href":"https:\/\/www.cgjung.net\/espace\/wp-json\/wp\/v2\/pages\/25043","targetHints":{"allow":["GET"]}}],"collection":[{"href":"https:\/\/www.cgjung.net\/espace\/wp-json\/wp\/v2\/pages"}],"about":[{"href":"https:\/\/www.cgjung.net\/espace\/wp-json\/wp\/v2\/types\/page"}],"author":[{"embeddable":true,"href":"https:\/\/www.cgjung.net\/espace\/wp-json\/wp\/v2\/users\/17"}],"replies":[{"embeddable":true,"href":"https:\/\/www.cgjung.net\/espace\/wp-json\/wp\/v2\/comments?post=25043"}],"version-history":[{"count":34,"href":"https:\/\/www.cgjung.net\/espace\/wp-json\/wp\/v2\/pages\/25043\/revisions"}],"predecessor-version":[{"id":26217,"href":"https:\/\/www.cgjung.net\/espace\/wp-json\/wp\/v2\/pages\/25043\/revisions\/26217"}],"up":[{"embeddable":true,"href":"https:\/\/www.cgjung.net\/espace\/wp-json\/wp\/v2\/pages\/21160"}],"wp:attachment":[{"href":"https:\/\/www.cgjung.net\/espace\/wp-json\/wp\/v2\/media?parent=25043"}],"curies":[{"name":"wp","href":"https:\/\/api.w.org\/{rel}","templated":true}]}}