{"id":24503,"date":"2025-03-12T11:22:03","date_gmt":"2025-03-12T10:22:03","guid":{"rendered":"https:\/\/www.cgjung.net\/espace\/?page_id=24503"},"modified":"2025-03-13T05:50:08","modified_gmt":"2025-03-13T04:50:08","slug":"individuation-individualisme","status":"publish","type":"page","link":"https:\/\/www.cgjung.net\/espace\/accueil\/ariane-callot\/individuation-individualisme\/","title":{"rendered":"Individuation et individualisme"},"content":{"rendered":"<p><strong>L\u2019individuation, telle que la con\u00e7oit C.G. Jung, est un cheminement vers l\u2019unit\u00e9 int\u00e9rieure, un processus exigeant qui ne doit pas \u00eatre confondu avec l\u2019individualisme. Alors que ce dernier isole et privil\u00e9gie l\u2019ego, l\u2019individuation vise l\u2019accomplissement de l\u2019\u00eatre en harmonie avec l\u2019inconscient et la collectivit\u00e9. Comment Jung d\u00e9finit-il ce processus et quelles sont les \u00e9tapes qui jalonnent cette qu\u00eate int\u00e9rieure ?&nbsp;<span style=\"color: #999999;\">Ariane Callot<\/span><\/strong><\/p>\n<p style=\"text-align: center;\"><img loading=\"lazy\" decoding=\"async\" class=\"aligncenter size-full wp-image-28913\" src=\"https:\/\/www.cgjung.net\/espace\/wp-content\/uploads\/2025\/03\/spirale.jpg\" alt=\"\" width=\"550\" height=\"550\" srcset=\"https:\/\/www.cgjung.net\/espace\/wp-content\/uploads\/2025\/03\/spirale.jpg 550w, https:\/\/www.cgjung.net\/espace\/wp-content\/uploads\/2025\/03\/spirale-300x300.jpg 300w, https:\/\/www.cgjung.net\/espace\/wp-content\/uploads\/2025\/03\/spirale-150x150.jpg 150w\" sizes=\"auto, (max-width: 550px) 100vw, 550px\" \/><\/p>\n<h2>C.G. Jung et la dialectique du Moi et de l&rsquo;Inconscient<\/h2>\n<p>C&rsquo;est dans son ouvrage <a href=\"https:\/\/www.cgjung.net\/oeuvre\/dialectique.htm\">Dialectique du Moi et de l&rsquo;inconscient<\/a> que Jung nous parle de la mani\u00e8re la plus claire du cheminement vers cette r\u00e9alisation d&rsquo;une compl\u00e9tude qu&rsquo;il appelle l&rsquo;individuation. C&rsquo;est pourquoi je ferai uniquement r\u00e9f\u00e9rence \u00e0 cet ouvrage.<\/p>\n<p>Cette voie nous propose un chemin de vie dont le but est de devenir un \u00eatre individuel en permettant au Soi de s&rsquo;exprimer dans ce qu&rsquo;il a de plus personnel et de plus incomparable.<\/p>\n<p>Pour suivre ce chemin il est n\u00e9cessaire de se d\u00e9barrasser de tout exc\u00e9dent de bagages, de tout v\u00eatement superflu, en particulier du d\u00e9guisement social et des fausses id\u00e9es que l&rsquo;on se fait de son importance. On peut dire que, symboliquement, il faut voyager nu.<\/p>\n<h2>Individuation et individualisme<\/h2>\n<p>On ne doit pas confondre individuation et individualisme.<\/p>\n<p>L&rsquo;individualisme, sous pr\u00e9texte de particularit\u00e9s de l&rsquo;individu, le met \u00e0 l&rsquo;\u00e9cart de la collectivit\u00e9 et le dispense de ses devoirs envers autrui. Il se pense au dessus du commun des mortels.<\/p>\n<p>L&rsquo;individuation, au contraire demande un \u00ab\u00a0accomplissement meilleur et plus complet des taches collectives d&rsquo;un \u00eatre\u00a0\u00bb. Accomplir sa nature d&rsquo;\u00eatre est aux antipodes de l&rsquo;\u00e9go\u00efsme. (cf. p.116)<\/p>\n<h2>Le processus d&rsquo;individuation vu par Jung<\/h2>\n<p>Le processus d&rsquo;individuation, vu par Jung, s&rsquo;accomplit avec des fonctions et des qualit\u00e9s qui sont de nature universelles. Ces fonctions sont utilis\u00e9es pour faire d&rsquo;un individu donn\u00e9 \u00ab\u00a0l&rsquo;\u00eatre que, une fois pour toutes, et en lui-m\u00eame il doit \u00eatre\u00a0\u00bb, en lui permettant d&rsquo;atteindre son unicit\u00e9 par un mouvement de \u00ab\u00a0centroversion\u00a0\u00bb vers un lieu, l&rsquo;inaccessible \u00e9toile, o\u00f9 se concentrent la totalit\u00e9 des contenus du conscient et de l&rsquo;inconscient.<\/p>\n<p>Atteindre l&rsquo;individuation serait donc rentrer en possession de sa propre totalit\u00e9 unifi\u00e9e, l\u00e0 o\u00f9 se r\u00e9sorbe l&rsquo;antagonisme entre le conscient et l&rsquo;inconscient.&nbsp;<\/p>\n<h2>Un d\u00e9veloppement en forme de spirale<\/h2>\n<p>Le processus d&rsquo;individuation est souvent compar\u00e9 \u00e0 une spirale. Le Moi tourne autour du Soi, s&rsquo;en approche, s&rsquo;en \u00e9loigne, mais, au fil des prises de conscience, la distance tend \u00e0 se r\u00e9duire. Dans les premiers temps du travail int\u00e9rieur, le lien entre le Moi et le Soi est souvent t\u00e9nu, voire inexistant, avant de se tisser progressivement.<\/p>\n<p>Les r\u00eaves nous guident dans ce processus en apportant de nouveaux mat\u00e9riaux. Les images per\u00e7ues au cours de la journ\u00e9e jouent \u00e9galement un r\u00f4le important tout comme <a href=\"https:\/\/www.cgjung.net\/espace\/accueil\/claire-droin\/imagination-active-jung\/\">l\u2019imagination active<\/a> qui permet d\u2019acc\u00e9l\u00e9rer l\u2019int\u00e9gration en sollicitant directement les figures int\u00e9rieures.<\/p>\n<h2>Jung et le cheminement sur la voie<\/h2>\n<p>Notons que Jung parle d&rsquo;une \u00ab\u00a0voie, de \u00ab\u00a0tendre vers\u00a0\u00bb. C&rsquo;est le cheminement qui est important car la finalit\u00e9 qui est la totalit\u00e9 de l&rsquo;\u00eatre se situe au-del\u00e0 de toute possibilit\u00e9 de repr\u00e9sentation. En effet, sa RE-pr\u00e9sentation (comme le dit Edgar Morin) \u00e0 la conscience ferait aussit\u00f4t \u00e9clater la totalit\u00e9 en dualit\u00e9.<\/p>\n<p>Le but est d&rsquo;avoir la sensation de la non opposition, et m\u00eame de la compl\u00e9mentarit\u00e9, du Soi et du Moi :<\/p>\n<blockquote>\n<p>\u00ab\u00a0Quand on parvient \u00e0 percevoir le Soi (&#8230;) auquel le Moi ne s&rsquo;oppose pas et auquel le Moi n&rsquo;est pas soumis, mais auquel il est adjoint et autour duquel il tourne en quelque sorte comme la terre autour du soleil, le but de l&rsquo;individuation est alors atteint.\u00a0\u00bb(p.258)<\/p>\n<\/blockquote>\n<h2>Processus d&rsquo;individuation et alchimie<\/h2>\n<p>Jung pense que le processus d&rsquo;individuation est une voie difficile. Il consid\u00e8re cette voie comme tout aussi p\u00e9rilleuse et incertaine que la derni\u00e8re phase du Grand \u0152uvre des alchimistes. Il les compare symboliquement.<\/p>\n<p>Par exemple, consid\u00e9rant le fameux probl\u00e8me <a href=\"https:\/\/www.cgjung.net\/espace\/cg-jung\/la-quadrature-du-cercle\/\">de la quadrature du cercle<\/a> qui fut l&rsquo;une des grandes pr\u00e9occupations des alchimistes, il pense que ce probl\u00e8me \u00ab\u00a0surgit \u00e0 point nomm\u00e9 pour repr\u00e9senter de fa\u00e7on symbolique l&rsquo;individuation\u00a0\u00bb(cf.p.225)<\/p>\n<p>Pour Jung, le secret de la philosophie alchimique est comparable \u00e0 celui de la m\u00e9tamorphose de la personnalit\u00e9 quand se m\u00e9langent facteurs nobles et constituants grossiers. Il nous parle, de mani\u00e8re tr\u00e8s po\u00e9tique, des \u00e9pousailles dans l&rsquo;\u00eatre du conscient et de l&rsquo;inconscient. (cf.p.216)<\/p>\n<h2><strong>L&rsquo;\u0152uvre d&rsquo;individuation<\/strong><\/h2>\n<p>L\u2019\u0152uvre alchimique cherche \u00e0 r\u00e9concilier des \u00e9l\u00e9ments contraires dont l&rsquo;incompatibilit\u00e9 est per\u00e7ue sur un plan \u00e0 la fois psychique et physique. Dans ce but, elle proc\u00e8de \u00e0 de multiples phases de transition vers un stade ultime que l&rsquo;on pourrait comparer au Soi.<\/p>\n<p>Tendre vers la r\u00e9alisation de son \u00eatre total, l&rsquo;individuation, demande une lente dissolution du masque de la <em>persona <\/em>et un changement progressif de la relation entre le conscient et l&rsquo;inconscient.<\/p>\n<p>Il n&rsquo;est donc pas \u00e9tonnant que Jung ait pu, symboliquement, comparer ces deux m\u00e9tamorphoses de la mati\u00e8re et de la personnalit\u00e9.<\/p>\n<h2>En conclusion<\/h2>\n<p>Loin d\u2019\u00eatre un simple d\u00e9veloppement personnel, l\u2019individuation est une v\u00e9ritable qu\u00eate o\u00f9 se m\u00ealent dissolution et recomposition, pertes et d\u00e9couvertes. Il ne s\u2019agit pas d\u2019atteindre un \u00e9tat final fig\u00e9, mais d\u2019entrer dans un mouvement perp\u00e9tuel de transformation o\u00f9 le Moi et le Soi \u00e9voluent dans une dynamique vivante.<\/p>\n<p>Comme dans les processus alchimiques, l\u2019individuation est une \u0153uvre en devenir, un dialogue entre les oppos\u00e9s visant une int\u00e9gration toujours plus profonde au sein de la psych\u00e9.<\/p>\n<p style=\"text-align: right;\">Mars 2025<\/p>\n<p><a href=\"https:\/\/www.cgjung.net\/contact.htm\"><strong>Adresser un message \u00e0 Ariane Callot<\/strong><\/a><\/p>\n<p>&nbsp;<\/p>\n<h2>Articles Ariane Callot<\/h2>\n<ul>\n<li><a href=\"https:\/\/www.cgjung.net\/espace\/accueil\/ariane-callot\/pouvoir-jugement\/\">Les affam\u00e9s de pouvoir ont-ils un jugement unilat\u00e9ral ?<\/a><\/li>\n<li><a href=\"https:\/\/www.cgjung.net\/espace\/accueil\/ariane-callot\/vieil-homme-enfant\/\">Jung : le vieil homme et l\u2019enfant<\/a><\/li>\n<li><a href=\"https:\/\/www.cgjung.net\/espace\/accueil\/ariane-callot\/individuation-individualisme\/\">Individuation et individualisme<\/a><\/li>\n<li><a href=\"https:\/\/www.cgjung.net\/espace\/accueil\/ariane-callot\/jung-et-la-geomancie\/\">C.G. Jung et la g\u00e9omancie<\/a><\/li>\n<li><a href=\"https:\/\/www.cgjung.net\/espace\/accueil\/ariane-callot\/citations-jung\/\">Sur l\u2019utilisation des citations de Carl Gustav Jung<\/a><\/li>\n<li><a href=\"https:\/\/www.cgjung.net\/espace\/accueil\/ariane-callot\/representations-theatrales-serie-reves\/\">Prologues aux repr\u00e9sentations th\u00e9\u00e2trales d\u2019une s\u00e9rie de r\u00eaves<\/a><\/li>\n<li><a href=\"https:\/\/www.cgjung.net\/espace\/accueil\/ariane-callot\/psyche-champ-de-bataille\/\">Quand la psych\u00e9 est un champ de bataille<\/a><\/li>\n<li><a href=\"https:\/\/www.cgjung.net\/espace\/accueil\/ariane-callot\/horloge-du-monde\/\">C.G. Jung et l\u2019Horloge du Monde<\/a><\/li>\n<li><a href=\"https:\/\/www.cgjung.net\/espace\/accueil\/ariane-callot\/frank-herbert-jung\/\">Carl Gustav Jung et l\u2019\u0153uvre de Frank Herbert<\/a><\/li>\n<li><a href=\"https:\/\/www.cgjung.net\/espace\/accueil\/pauli-jung-femme-inconnue\/\">Wolfgang Pauli, Carl Gustav Jung et la femme inconnue<\/a><\/li>\n<li><a href=\"https:\/\/www.cgjung.net\/espace\/accueil\/trois-oeuvres-essentielles\/\">L\u2019inspiration alchimique de Jung dans trois \u0153uvres essentielles<\/a><\/li>\n<li><a href=\"https:\/\/www.cgjung.net\/espace\/accueil\/ariane-callot\/psychologie-alchimie\/\">Comment aborder le livre de C.G. Jung Psychologie et Alchimie ?<\/a><\/li>\n<li><a href=\"https:\/\/www.cgjung.net\/espace\/accueil\/ariane-callot\/arbre-philosophique\/\">Carl Gustav Jung et l\u2019arbre philosophique<\/a><\/li>\n<li><a href=\"https:\/\/www.cgjung.net\/espace\/accueil\/ariane-callot\/reponse-job-jung-et-ses-detracteurs\/\">R\u00e9ponse \u00e0 Job : Jung et ses d\u00e9tracteurs<\/a><\/li>\n<li><a href=\"https:\/\/www.cgjung.net\/espace\/accueil\/ariane-callot\/termes-alchimiques\/\">Les termes alchimiques \u00e9clair\u00e9s par Dom Pernety et C.G. Jung<\/a><\/li>\n<li><a href=\"https:\/\/www.cgjung.net\/espace\/accueil\/les-dedoublements-du-thesard\/\">Les d\u00e9doublements du th\u00e9sard<\/a><\/li>\n<li><a href=\"https:\/\/www.cgjung.net\/espace\/accueil\/ariane-callot\/rencontres-bernard-kaempf\/\">Rencontres autour de Jung avec Bernard Kaempf<\/a><\/li>\n<li><a href=\"https:\/\/www.cgjung.net\/espace\/accueil\/alchimie-poetique\/\">Jung, Rimbaud, vers l\u2019alchimie po\u00e9tique<\/a><\/li>\n<li><a href=\"https:\/\/www.cgjung.net\/espace\/accueil\/jung-nerval-aurelia\/\">Carl Gustav Jung, G\u00e9rard de Nerval et Aur\u00e9lia<\/a><\/li>\n<li><a href=\"https:\/\/www.cgjung.net\/espace\/accueil\/jung-nietzsche-dieu-ne-peut-pas-mourir\/\">Jung \/ Nietzsche&nbsp;: Dieu ne peut pas mourir<\/a><\/li>\n<li><a href=\"https:\/\/www.cgjung.net\/espace\/accueil\/jung-nietzsche-maladie\/\">Jung \/ Nietzsche&nbsp;: le c\u00f4t\u00e9 positif\/n\u00e9gatif de la maladie<\/a><\/li>\n<li><a href=\"https:\/\/www.cgjung.net\/espace\/accueil\/jung-nietzsche\/\">Jung \/ Nietzsche, rendez-vous et \u00e9vitement<\/a><\/li>\n<\/ul>\n<p><em>Articles co-\u00e9crits avec Jean-Pierre Robert :<\/em><\/p>\n<ul>\n<li><a href=\"https:\/\/www.cgjung.net\/espace\/accueil\/psychologie-carl-gustav-jung\/\">La psychologie de Carl Gustav Jung expliqu\u00e9e clairement<\/a><\/li>\n<li><a href=\"https:\/\/www.cgjung.net\/espace\/accueil\/carl-gustav-jung-junichiro-tanizaki\/\">Carl Gustav Jung et Junichir\u00f4 Tanizaki font l\u2019\u00e9loge de l\u2019ombre<\/a><\/li>\n<\/ul>\n<p><em>Trois rubriques compl\u00e8tent cette liste d&rsquo;articles :<\/em><\/p>\n<p><a href=\"https:\/\/www.cgjung.net\/espace\/cg-jung\/\">Recherches sur Jung<\/a>&nbsp;|&nbsp;<a href=\"https:\/\/www.cgjung.net\/espace\/ariaga-ecrits-jung\/\">\u00c9crits sur Jung<\/a> | <a href=\"https:\/\/www.cgjung.net\/espace\/ariaga-poesie\/\">Po\u00e9sie Ariaga<\/a><\/p>\n\n","protected":false},"excerpt":{"rendered":"<p>L\u2019individuation, telle que la con\u00e7oit C.G. Jung, est un cheminement vers l\u2019unit\u00e9 int\u00e9rieure, un processus exigeant qui ne doit pas \u00eatre confondu avec l\u2019individualisme. Alors que ce dernier isole et privil\u00e9gie l\u2019ego, l\u2019individuation vise l\u2019accomplissement de l\u2019\u00eatre en harmonie avec l\u2019inconscient et la collectivit\u00e9. Comment Jung d\u00e9finit-il ce processus et quelles sont les \u00e9tapes qui [&hellip;]<\/p>\n","protected":false},"author":3,"featured_media":0,"parent":18078,"menu_order":0,"comment_status":"closed","ping_status":"closed","template":"","meta":{"footnotes":""},"class_list":["post-24503","page","type-page","status-publish","hentry"],"_links":{"self":[{"href":"https:\/\/www.cgjung.net\/espace\/wp-json\/wp\/v2\/pages\/24503","targetHints":{"allow":["GET"]}}],"collection":[{"href":"https:\/\/www.cgjung.net\/espace\/wp-json\/wp\/v2\/pages"}],"about":[{"href":"https:\/\/www.cgjung.net\/espace\/wp-json\/wp\/v2\/types\/page"}],"author":[{"embeddable":true,"href":"https:\/\/www.cgjung.net\/espace\/wp-json\/wp\/v2\/users\/3"}],"replies":[{"embeddable":true,"href":"https:\/\/www.cgjung.net\/espace\/wp-json\/wp\/v2\/comments?post=24503"}],"version-history":[{"count":51,"href":"https:\/\/www.cgjung.net\/espace\/wp-json\/wp\/v2\/pages\/24503\/revisions"}],"predecessor-version":[{"id":28927,"href":"https:\/\/www.cgjung.net\/espace\/wp-json\/wp\/v2\/pages\/24503\/revisions\/28927"}],"up":[{"embeddable":true,"href":"https:\/\/www.cgjung.net\/espace\/wp-json\/wp\/v2\/pages\/18078"}],"wp:attachment":[{"href":"https:\/\/www.cgjung.net\/espace\/wp-json\/wp\/v2\/media?parent=24503"}],"curies":[{"name":"wp","href":"https:\/\/api.w.org\/{rel}","templated":true}]}}