{"id":24250,"date":"2025-01-11T03:19:34","date_gmt":"2025-01-11T02:19:34","guid":{"rendered":"https:\/\/www.cgjung.net\/espace\/?page_id=24250"},"modified":"2025-02-08T05:51:19","modified_gmt":"2025-02-08T04:51:19","slug":"deuil-mandala","status":"publish","type":"page","link":"https:\/\/www.cgjung.net\/espace\/accueil\/lise-villemaire\/deuil-mandala\/","title":{"rendered":"Le contexte de deuil dans l&rsquo;\u00e9mergence du symbole du mandala"},"content":{"rendered":"<p><strong>Lise Villemaire s&rsquo;appuie sur son exp\u00e9rience personnelle pour nous offrir un r\u00e9cit d\u00e9taill\u00e9 de son cheminement dans le processus d&rsquo;individuation marqu\u00e9 par des deuils successifs. Elle met en lumi\u00e8re le r\u00f4le majeur jou\u00e9 par le mandala, tel qu\u2019\u00e9tudi\u00e9 par C.G. Jung.<\/strong><\/p>\n<p><img loading=\"lazy\" decoding=\"async\" class=\"size-full wp-image-28192 aligncenter\" src=\"https:\/\/www.cgjung.net\/espace\/wp-content\/uploads\/2025\/01\/vitrail-08.jpg\" alt=\"\" width=\"516\" height=\"398\" srcset=\"https:\/\/www.cgjung.net\/espace\/wp-content\/uploads\/2025\/01\/vitrail-08.jpg 516w, https:\/\/www.cgjung.net\/espace\/wp-content\/uploads\/2025\/01\/vitrail-08-300x231.jpg 300w\" sizes=\"auto, (max-width: 516px) 100vw, 516px\" \/><\/p>\n<h2>Cr\u00e9ativit\u00e9, symboles et mandala<\/h2>\n<p>En tant que psychologue et psychoth\u00e9rapeute, je me suis particuli\u00e8rement int\u00e9ress\u00e9e au d\u00e9veloppement chez l&rsquo;adulte et au processus en tant que tel du changement et de ses p\u00e9riodes de transitions, souvent ponctu\u00e9s par des situations de crises psychosociales. Mes int\u00e9r\u00eats vont aussi pour le processus de la cr\u00e9ativit\u00e9 et l&rsquo;art en g\u00e9n\u00e9ral. Dans le monde jungien, ce sujet est reli\u00e9 au concept du processus d&rsquo;individuation qui, selon Jung se manifeste plut\u00f4t durant la seconde moiti\u00e9 de la vie.<\/p>\n<p>Des divers aspects de ce processus, on retrouve les symboles\/arch\u00e9types de la persona, de l&rsquo;ombre, de l&rsquo;anima et l&rsquo;animus et finalement le Soi. Le mandala (mot sanskrit qui signifie cercle magique) est le symbole par excellence du Soi. Le mandala sous formes diverses, appara\u00eet souvent durant des moments de crises, de tension, de conflits dans lesquels nous nous sentons confus et d\u00e9sorient\u00e9s. La principale fonction du Soi est de r\u00e9tablir une certaine harmonie et \u00e9quilibre, de donner une direction plus claire et d&rsquo;ordonner ce qui s&rsquo;est morcel\u00e9, \u00e9parpill\u00e9.<\/p>\n<h2>Carl Gustav Jung et Giuseppe Tucci<\/h2>\n<p>En 2022, je voulais faire une \u00e9tude comparative \u00e0 propos des concepts th\u00e9oriques et pratiques du mandala entre ceux de Giuseppe Tucci (1894-1984), un des grands orientalistes de son \u00e9poque et ceux de Jung.<\/p>\n<p>Tucci, explorateur selon moi trop oubli\u00e9, organisa et mena sur le terrain pas moins de quatorze exp\u00e9ditions dans l&rsquo;Himalaya indien, dont au Tibet et au N\u00e9pal entre 1928 et 1954. De dix ans son cadet, il connaissait bien les travaux de Jung et sa d\u00e9couverte de l&rsquo;inconscient collectif. Il lui rend hommage en d\u00e9clarant dans son livre <em>Th\u00e9orie et Pratique du Mandala<\/em> (1969), qu&rsquo;il a le m\u00e9rite d&rsquo;avoir \u00e9t\u00e9 le premier \u00e0 d\u00e9couvrir ce symbole en forme circulaire et quadrangulaire dans les couches profondes de l&rsquo;inconscient.<\/p>\n<h2>D\u00e9roulement de l&rsquo;\u00e9tude<\/h2>\n<p>Toutefois, apr\u00e8s avoir r\u00e9dig\u00e9 la partie de mon projet qui concernait l&rsquo;\u00e9tude de Tucci, je restai bloqu\u00e9 ! Les \u00e9crits de Jung sur le mandala sont dispers\u00e9s \u00e7\u00e0 et l\u00e0 dans plusieurs de ses publications sauf quelques exceptions. Le tout \u00e9tait d&rsquo;un grande complexit\u00e9.<\/p>\n<p>Jusqu&rsquo;\u00e0 ce que je fasse la lecture d&rsquo;un article sur le symbole de l&rsquo;arbre qui a eu pour effet de lever l&rsquo;obstacle du blocage en m&rsquo;amenant \u00e0 concentrer mon \u00e9tude et mon analyse sur le contexte du deuil dans l&rsquo;\u00e9mergence du symbole du mandala.<\/p>\n<p>J&rsquo;avais en effet observ\u00e9 que les dessins, peintures, construction d&rsquo;une tour, etc. dans lesquels sont repr\u00e9sent\u00e9 sous une forme ou une autre, un mandala, ex\u00e9cut\u00e9s par Jung, \u00e9taient r\u00e9alis\u00e9s peu de temps apr\u00e8s avoir v\u00e9cu un deuil : celui d&rsquo;un grand ami, de sa m\u00e8re et de sa femme.<\/p>\n<p>Jung a s\u00fbrement fait ce lien, mais \u00e0 ma connaissance il n&rsquo;a rien publi\u00e9 des d\u00e9tails et approfondissements en ce qui concerne ce sujet. Or, nous savons, dans le courant de la psychologie, que c&rsquo;est la perte d&rsquo;un \u00eatre cher (deuil ou s\u00e9paration) qui obtient la cote la plus \u00e9lev\u00e9e sur l&rsquo;\u00e9chelle du stress.<\/p>\n<p>C&rsquo;est pourquoi j&rsquo;ai r\u00e9dig\u00e9 une partie de cet article en pr\u00e9sentant mon propre v\u00e9cu de deuils concomitant \u00e0 diff\u00e9rentes cr\u00e9ations figurant \u00e9galement une forme de mandala que j&rsquo;ai r\u00e9alis\u00e9es. J&rsquo;y ai \u00e9labor\u00e9 l&rsquo;impact concret et la dynamique que ces cr\u00e9ations ont eu sur mon d\u00e9veloppement. Le texte contient plusieurs photos des cr\u00e9ations de Jung et de moi-m\u00eame.<\/p>\n<p>Cet article est structur\u00e9 en 4 pages :<\/p>\n<ul>\n<li><a href=\"https:\/\/www.cgjung.net\/espace\/accueil\/lise-villemaire\/chemin-recherche\/\">Lise Villemaire : les chemins qui m\u2019ont men\u00e9e \u00e0 cette recherche<\/a><\/li>\n<li>L<a href=\"https:\/\/www.cgjung.net\/espace\/accueil\/lise-villemaire\/mandala-symbole-archetypique-soi\/\">e mandala comme symbole arch\u00e9typique du Soi<\/a><\/li>\n<li><a href=\"https:\/\/www.cgjung.net\/espace\/accueil\/lise-villemaire\/mandala-jung\/\">Le mandala : l&rsquo;exp\u00e9rience personnelle de Jung<\/a><\/li>\n<li><a href=\"https:\/\/www.cgjung.net\/espace\/accueil\/lise-villemaire\/le-mandala-lexperience-personnelle-de-lise-villemaire\/\">Le mandala : l&rsquo;exp\u00e9rience personnelle de Lise Villemaire<\/a><\/li>\n<\/ul>\n<p style=\"text-align: right;\">Lise Villemaire &#8211; Janvier 2025<\/p>\n<h2><img loading=\"lazy\" decoding=\"async\" class=\"alignright size-full wp-image-28190\" src=\"https:\/\/www.cgjung.net\/espace\/wp-content\/uploads\/2025\/01\/lise-villemaire.jpg\" alt=\"\" width=\"120\" height=\"191\" \/>Lise Villemaire, M.Ps.<\/h2>\n<p>Lise Villemaire, psychologue et psychoth\u00e9rapeute retrait\u00e9e, r\u00e9side \u00e0 Montr\u00e9al, province du Qu\u00e9bec au Canada. Dans un premier temps elle a travaill\u00e9 comme infirmi\u00e8re. En qualit\u00e9 de psychologue elle a plus de 25 ans d&rsquo;exp\u00e9rience de pratique et d&rsquo;enseignement au niveau universitaire.<\/p>\n<p>Elle a \u00e9tudi\u00e9 les diff\u00e9rentes religions et obtenu un certificat en Th\u00e9ologie Orthodoxe. Conf\u00e9renci\u00e8re, elle s&rsquo;int\u00e9resse particuli\u00e8rement au d\u00e9veloppement spirituel chez l&rsquo;adulte et \u00e0 l&rsquo;Art. Elle s&rsquo;adonne au dessin et \u00e0 la peinture de vitraux.<\/p>\n<p align=\"LEFT\"><strong>Articles<\/strong><\/p>\n<ul>\n<li><a href=\"https:\/\/www.cgjung.net\/espace\/accueil\/lise-villemaire\/deuil-mandala\/\">Le contexte de deuil dans l\u2019\u00e9mergence du symbole du mandala<\/a>\n<ul>\n<li><a href=\"https:\/\/www.cgjung.net\/espace\/accueil\/lise-villemaire\/chemin-recherche\/\">Lise Villemaire : les chemins qui m\u2019ont men\u00e9e \u00e0 cette recherche<\/a><\/li>\n<li><a href=\"https:\/\/www.cgjung.net\/espace\/accueil\/lise-villemaire\/mandala-symbole-archetypique-soi\/\">Le mandala comme symbole arch\u00e9typique du Soi<\/a><\/li>\n<li><a href=\"https:\/\/www.cgjung.net\/espace\/accueil\/lise-villemaire\/mandala-jung\/\">Le mandala : l\u2019exp\u00e9rience personnelle de Jung<\/a><\/li>\n<li><a href=\"https:\/\/www.cgjung.net\/espace\/accueil\/lise-villemaire\/le-mandala-lexperience-personnelle-de-lise-villemaire\/\">Le mandala : l\u2019exp\u00e9rience personnelle de Lise Villemaire<\/a><\/li>\n<\/ul>\n<\/li>\n<li><a href=\"https:\/\/www.cgjung.net\/publications\/lise_villemaire\/index.htm\">La primaut\u00e9 de l\u2019exp\u00e9rience en philosophie et en th\u00e9ologie<\/a><\/li>\n<li><a href=\"https:\/\/www.cgjung.net\/espace\/accueil\/lise-villemaire\/imagination-active-symbole-etoile\/\">Imagination active et le symbole-image de l&rsquo;\u00e9toile<\/a><\/li>\n<li><a href=\"https:\/\/www.cgjung.net\/espace\/accueil\/lise-villemaire\/fees-croient-aux-hommes\/\">Est-ce que les f\u00e9es croient encore aux hommes ?<\/a><\/li>\n<li><a href=\"https:\/\/www.cgjung.net\/espace\/accueil\/lise-villemaire\/lily-couronne-noel\/\">Lily et la couronne de No\u00ebl : conte pour enfants divins !<\/a><\/li>\n<\/ul>\n\n","protected":false},"excerpt":{"rendered":"<p>Lise Villemaire s&rsquo;appuie sur son exp\u00e9rience personnelle pour nous offrir un r\u00e9cit d\u00e9taill\u00e9 de son cheminement dans le processus d&rsquo;individuation marqu\u00e9 par des deuils successifs. Elle met en lumi\u00e8re le r\u00f4le majeur jou\u00e9 par le mandala, tel qu\u2019\u00e9tudi\u00e9 par C.G. Jung. Cr\u00e9ativit\u00e9, symboles et mandala En tant que psychologue et psychoth\u00e9rapeute, je me suis particuli\u00e8rement [&hellip;]<\/p>\n","protected":false},"author":19,"featured_media":0,"parent":18208,"menu_order":14,"comment_status":"closed","ping_status":"closed","template":"","meta":{"footnotes":""},"class_list":["post-24250","page","type-page","status-publish","hentry"],"_links":{"self":[{"href":"https:\/\/www.cgjung.net\/espace\/wp-json\/wp\/v2\/pages\/24250","targetHints":{"allow":["GET"]}}],"collection":[{"href":"https:\/\/www.cgjung.net\/espace\/wp-json\/wp\/v2\/pages"}],"about":[{"href":"https:\/\/www.cgjung.net\/espace\/wp-json\/wp\/v2\/types\/page"}],"author":[{"embeddable":true,"href":"https:\/\/www.cgjung.net\/espace\/wp-json\/wp\/v2\/users\/19"}],"replies":[{"embeddable":true,"href":"https:\/\/www.cgjung.net\/espace\/wp-json\/wp\/v2\/comments?post=24250"}],"version-history":[{"count":26,"href":"https:\/\/www.cgjung.net\/espace\/wp-json\/wp\/v2\/pages\/24250\/revisions"}],"predecessor-version":[{"id":28547,"href":"https:\/\/www.cgjung.net\/espace\/wp-json\/wp\/v2\/pages\/24250\/revisions\/28547"}],"up":[{"embeddable":true,"href":"https:\/\/www.cgjung.net\/espace\/wp-json\/wp\/v2\/pages\/18208"}],"wp:attachment":[{"href":"https:\/\/www.cgjung.net\/espace\/wp-json\/wp\/v2\/media?parent=24250"}],"curies":[{"name":"wp","href":"https:\/\/api.w.org\/{rel}","templated":true}]}}