{"id":23487,"date":"2024-01-17T05:08:20","date_gmt":"2024-01-17T04:08:20","guid":{"rendered":"https:\/\/www.cgjung.net\/espace\/?page_id=23487"},"modified":"2026-04-14T10:58:31","modified_gmt":"2026-04-14T08:58:31","slug":"lettre-information","status":"publish","type":"page","link":"https:\/\/www.cgjung.net\/espace\/lettre-information\/","title":{"rendered":"Lettres d&rsquo;information"},"content":{"rendered":"<p><strong>Si vous souhaitez recevoir la lettre d\u2019information de l\u2019EFJ, ou ne plus la recevoir, vous pouvez le faire <a href=\"https:\/\/www.cgjung.net\/espace\/lettre-information\/inscription-desinscription\/\">via ce formulaire.<\/a><\/strong><\/p>\n<h2>Lettres d&rsquo;information<\/h2>\n<p><a href=\"https:\/\/www.cgjung.net\/espace\/lettre-information\/2026-04\/\">Lettre d\u2019information Avril 2026<\/a><\/p>\n<p>Cette lettre comprend : Colloque IA &amp; Psychologie des profondeurs | Affam\u00e9s du pouvoir | Qui agit dans le monde num\u00e9rique ? | Balade po\u00e9tique en Suisse | R\u00e9inventer l\u2019humain \u00e0 l\u2019aire de l\u2019IA | Minutes colloque AJPO | Agenda.<\/p>\n<p>&nbsp;<\/p>\n<p><a href=\"https:\/\/www.cgjung.net\/espace\/lettre-information\/2026-03\/\">Lettre d&rsquo;information Mars 2026<\/a><\/p>\n<p>Cette lettre comprend : Colloque IA &amp; Psychologie des profondeurs | Dante et l&rsquo;amour | L&rsquo;\u00e9toile | Introversion et extraversion | Technologie et mythe | Les Mythes de cr\u00e9ation | Agenda | \u00c0 explorer.<\/p>\n<p>&nbsp;<\/p>\n<p><a href=\"https:\/\/www.cgjung.net\/espace\/lettre-information\/fevrier-2026\/\">Lettre d\u2019information F\u00e9vrier 2026<\/a><\/p>\n<p>Cette lettre comprend : Colloque IA &amp; Psychologie des profondeurs | Temporalit\u00e9s psychiques | Temporalit\u00e9s plurielles | Le rem\u00e8de Camphora | L\u2019IA dans nos vies | Le sens sans le corps ? | Jung et la nature | Hymnes \u00e0 Ce Qui Est | Agenda.<\/p>\n<p>&nbsp;<\/p>\n<p><a href=\"https:\/\/www.cgjung.net\/espace\/lettre-information\/lettre-dinformation-janvier-2026\/\">Lettre d&rsquo;information Janvier 2026<\/a><\/p>\n<p>Cette lettre comprend : Colloque Intelligence Artificielle &amp; Psychologie des Profondeurs | Lily et la couronne de No\u00ebl : conte pour enfants divins ! | Entretien avec Martin Schmidt | Discussion avec Bertrand de la Vaissi\u00e8re | Entretien avec V\u00e9ronique Liard | Les \u00c9crits sur Freud et la psychanalyse | D\u00e9sirer, consentir, vouloir | D\u00e9sir et plaisir | Penser l&rsquo;enfantement en philosophie | Ce \u00e0 quoi le Mal a droit.<\/p>\n<p>&nbsp;<\/p>\n<p><a href=\"https:\/\/www.cgjung.net\/espace\/lettre-information\/lettre-dinformation-decembre-2025\/\">Lettre d&rsquo;information D\u00e9cembre 2025<\/a><\/p>\n<p>Cette lettre comprend :&nbsp;Colloque Intelligence Artificielle &amp; Psychologie des Profondeurs | Lily et la couronne de No\u00ebl : conte pour enfants divins ! | Entretien avec V\u00e9ronique Liard | Entretien avec Martin Schmidt | Discussion avec Bertrand de la Vaissi\u00e8re | Les \u00c9crits sur Freud et la psychanalyse | D\u00e9sirer, consentir, vouloir | D\u00e9sir et plaisir | Penser l\u2019enfantement en philosophie | Ce \u00e0 quoi le Mal a droit.<\/p>\n<p>&nbsp;<\/p>\n<p><a href=\"https:\/\/www.cgjung.net\/espace\/lettre-information\/lettre-information-novembre-2025\/\">Lettre d&rsquo;information Novembre 2025<\/a><\/p>\n<p>Cette lettre comprend : La main du ma\u00eetre | Est-ce que les f\u00e9es croient encore aux hommes ? | Tomber amoureux de la vie | O\u00f9 se situe la psychologie analytique parmi le symbolisme, la s\u00e9miotique, l\u2019iconologie et la symbologie ? | Jung : le vieil homme et l\u2019enfant | Errer dans les Backrooms | Tuberculinum, un rem\u00e8de pneumatique | Entretien avec Susan Tiberghien | L\u2019exp\u00e9rience des associations dans la pratique th\u00e9rapeutique | Le Yi Jing et l\u2019individuation | Agenda.<\/p>\n<p>&nbsp;<\/p>\n<p><a href=\"https:\/\/www.cgjung.net\/espace\/lettre-information\/lettre-information-septembre-2025\/\">Lettre d&rsquo;information Septembre 2025<\/a><\/p>\n<p>Cette lettre comprend :&nbsp; S\u00e9minaire lyonnais |&nbsp; L&rsquo;ordinaire radical | Entretien avec Yury Li-Toroptsov | Entretien avec Dragana Favre | Etty Hillesum | Des hommes et des Dieux | Autopsie du premier sexe | RPA no 13&nbsp;| La ville de B\u00e2le | Agenda.&nbsp;<\/p>\n<p>&nbsp;<\/p>\n<p><a href=\"https:\/\/www.cgjung.net\/espace\/lettre-information\/lettre-speciale-150-ans-de-la-naissance-de-jung\/\">Lettre sp\u00e9ciale \u2013 150 ans de la naissance de Jung<\/a><\/p>\n<p>Cette lettre comprend : 150 ans de la naissance de Jung | Les mains d\u2019Orph\u00e9e | Dialoguer avec son inconscient | Carnet photographique Jungien | Couleurs alchimiques | Qu\u2019est-ce que l\u2019on se raconte ? | Agenda.<\/p>\n<p>&nbsp;<\/p>\n<p><a href=\"https:\/\/www.cgjung.net\/espace\/lettre-information\/lettre-dinformation-juillet-2025\/\">Lettre d&rsquo;information Juillet 2025<\/a><\/p>\n<p>Cette lettre comprend :&nbsp; S\u00e9minaire |&nbsp; Le Soi frappe \u00e0 notre porte | Cicuta virosa | Susan Schwartz | Cahier Jungien de Psychanalyse | The Hands of Children | Animus et Anima dans les contes de f\u00e9es | Jung \u00e0 la plage | Agenda.&nbsp;<\/p>\n<p>&nbsp;<\/p>\n<p><a href=\"https:\/\/www.cgjung.net\/espace\/lettre-information\/lettre-dinformation-mai-2025\/\">Lettre d\u2019information Mai 2025<\/a><\/p>\n<p>Cette lettre comprend : S\u00e9minaire | Du quatre au cinq | Bernard Kaempf | Contes de f\u00e9es | Marie-Laure Colonna | L\u2019enfant, la m\u00e8re et l\u2019hom\u00e9opathie | Sacr\u00e9 Sacrifice | Agenda.<\/p>\n<p>&nbsp;<\/p>\n<div class=\"blocTitre\">\n<p><a href=\"https:\/\/www.cgjung.net\/espace\/lettre-information\/lettre-dinformation-mars-2025\/\">Lettre d\u2019information Mars 2025<\/a><\/p>\n<\/div>\n<div class=\"content\">\n<p>S\u00e9minaire | Mandala quinaire | Individuation-Individualisme| \u00catre jungien ? | Citations | Entretien avec Lucas Costanzi | Oeuvre au noir et Christ rouge | Puissance de l\u2019ombre | Jung et les Ovnis | Agenda | \u00c0 voir !<\/p>\n<p>&nbsp;<\/p>\n<\/div>\n<p><a href=\"https:\/\/www.cgjung.net\/espace\/lettre-information\/lettre-dinformation-fevrier-2025\/\">Lettre d&rsquo;information f\u00e9vrier 2025<\/a><\/p>\n<p>S\u00e9minaire | Colloque | L\u2019ombre et le mal | La puella | L\u2019arch\u00e9type du cinq | Deuil et mandala | Opicino | L\u2019inconscient collectif | Pas de th\u00e9rapie sans \u00e2me | Paroles de l\u2019Ombre | Agenda.<\/p>\n<p>&nbsp;<\/p>\n<p><a href=\"https:\/\/www.cgjung.net\/espace\/lettre-information\/lettre-dinformation-decembre-2024\/\">Lettre d&rsquo;information d\u00e9cembre 2024<\/a><\/p>\n<p>No\u00ebl, l\u2019ombre et le f\u00e9minin | Entretien avec Luigi Zoja | Le cinabre : alchimie et hom\u00e9opathie | Le d\u00e9clin du d\u00e9sir | La psych\u00e9 face au traumatisme | \u00c0 la crois\u00e9e de la psychiatrie et de la psychanalyse | Jung en France | Histoire du site EFJ cgjung.net | Agenda.<\/p>\n<p>&nbsp;<\/p>\n<p><a href=\"https:\/\/www.cgjung.net\/espace\/lettre-information\/lettre-dinformation-septembre-2024\/\">Lettre d&rsquo;information septembre 2024<\/a><\/p>\n<p>Visite du foyer d\u2019Emma et de Carl Gustav Jung | Sabina Spielrein fascine | Au c\u0153ur du Seigneur des Anneaux | Entretien avec Mark Saban | Po\u00e9sies | Agenda.<\/p>\n<p>&nbsp;<\/p>\n<p><a href=\"https:\/\/www.cgjung.net\/espace\/lettre-information\/2024-07\/\">Lettre d&rsquo;information juillet 2024<\/a><\/p>\n<p>Anima et animus au XXIe si\u00e8cle | La participation mystique | D\u00e9fi Humain IA | Parano\u00efa | La voie des r\u00eaves | Symboles et arch\u00e9types en hom\u00e9opathie | Puer Aeternus | Entr\u00e9e en mati\u00e8re | Cahier Jungien | Revue de psychologie analytique | Folie lucide | Colloque 150e anniversaire naissance de Jung.<\/p>\n<p>&nbsp;<\/p>\n<p><a href=\"https:\/\/www.cgjung.net\/espace\/lettre-information\/2024-06\/\">Lettre d&rsquo;information juin 2024<\/a><\/p>\n<p>D\u00e9c\u00e8s de Chantal Armouet | La tension du transfert | Jung et ses d\u00e9tracteurs | La participation mystique | Cosmos et Zodiaque | Entretien avec Bertrand Eveno | Entretien avec Isabelle Lifran | Correspondance Jung\/White | L&rsquo;homme et ses symboles | Les voix du r\u00eave.<\/p>\n<p>&nbsp;<\/p>\n<p><a href=\"https:\/\/www.cgjung.net\/espace\/lettre-information\/2024-03\/\">Lettre d&rsquo;information mars 2024<\/a><\/p>\n<p>Imagination active | R\u00e9seaux sociaux | Dune deuxi\u00e8me partie |&nbsp; Interactions entre le f\u00e9minin et le masculin | Datura Stramonium | Le jeu de sable | Voyages initiatiques | Le f\u00e9minin \u00e0 l\u2019\u0153uvre dans la psych\u00e9 | Processus d&rsquo;individuation | Agenda jungien.<\/p>\n<p>&nbsp;<\/p>\n<p><a href=\"https:\/\/www.cgjung.net\/espace\/lettre-information\/2024-01\/\">Lettre d&rsquo;information janvier 2024<\/a><\/p>\n<p>V\u0153ux 2024 | Une \u00e9volution sur une dur\u00e9e de 27 ans | Six ann\u00e9es de rencontres et de partages | Nouveaut\u00e9s et contributions marquantes en 2023 | Pr\u00e9sentation des ouvrages ou revues | Collaborations dans le domaine jungien | Adaptation aux nouvelles tendances du web | Financement sans publicit\u00e9 : notre choix | Pour conclure.<\/p>\n","protected":false},"excerpt":{"rendered":"<p>Si vous souhaitez recevoir la lettre d\u2019information de l\u2019EFJ, ou ne plus la recevoir, vous pouvez le faire via ce formulaire. Lettres d&rsquo;information Lettre d\u2019information Avril 2026 Cette lettre comprend : Colloque IA &amp; Psychologie des profondeurs | Affam\u00e9s du pouvoir | Qui agit dans le monde num\u00e9rique ? | Balade po\u00e9tique en Suisse | [&hellip;]<\/p>\n","protected":false},"author":1,"featured_media":0,"parent":0,"menu_order":10,"comment_status":"closed","ping_status":"closed","template":"","meta":{"footnotes":""},"class_list":["post-23487","page","type-page","status-publish","hentry"],"_links":{"self":[{"href":"https:\/\/www.cgjung.net\/espace\/wp-json\/wp\/v2\/pages\/23487","targetHints":{"allow":["GET"]}}],"collection":[{"href":"https:\/\/www.cgjung.net\/espace\/wp-json\/wp\/v2\/pages"}],"about":[{"href":"https:\/\/www.cgjung.net\/espace\/wp-json\/wp\/v2\/types\/page"}],"author":[{"embeddable":true,"href":"https:\/\/www.cgjung.net\/espace\/wp-json\/wp\/v2\/users\/1"}],"replies":[{"embeddable":true,"href":"https:\/\/www.cgjung.net\/espace\/wp-json\/wp\/v2\/comments?post=23487"}],"version-history":[{"count":33,"href":"https:\/\/www.cgjung.net\/espace\/wp-json\/wp\/v2\/pages\/23487\/revisions"}],"predecessor-version":[{"id":34206,"href":"https:\/\/www.cgjung.net\/espace\/wp-json\/wp\/v2\/pages\/23487\/revisions\/34206"}],"wp:attachment":[{"href":"https:\/\/www.cgjung.net\/espace\/wp-json\/wp\/v2\/media?parent=23487"}],"curies":[{"name":"wp","href":"https:\/\/api.w.org\/{rel}","templated":true}]}}