{"id":23103,"date":"2023-11-29T08:37:27","date_gmt":"2023-11-29T07:37:27","guid":{"rendered":"https:\/\/www.cgjung.net\/espace\/?page_id=23103"},"modified":"2024-12-15T16:05:34","modified_gmt":"2024-12-15T15:05:34","slug":"claire-droin","status":"publish","type":"page","link":"https:\/\/www.cgjung.net\/espace\/accueil\/claire-droin\/","title":{"rendered":"Claire Droin"},"content":{"rendered":"<p><strong><a href=\"https:\/\/www.cgjung.net\/contact.htm\">Adresser un message \u00e0 Claire Droin<\/a><\/strong><\/p>\n<p>&nbsp;<\/p>\n<h2>Claire Droin<\/h2>\n<p><img loading=\"lazy\" decoding=\"async\" class=\"size-full wp-image-23052 alignright\" src=\"https:\/\/www.cgjung.net\/espace\/wp-content\/uploads\/2023\/11\/claire-droin-2.jpg\" alt=\"\" width=\"120\" height=\"176\" \/><\/p>\n<p>Bas\u00e9e \u00e0 Villefranche-sur-Sa\u00f4ne, au nord de Lyon, Claire Droin exerce en tant que psychopraticienne et anime des ateliers visant \u00e0 explorer et approfondir la connaissance de soi.<\/p>\n<p>Claire s\u2019int\u00e9resse \u00e0 la pens\u00e9e de C.G. Jung et \u00e0 sa vision du monde psychique, trouvant dans ses ouvrages une source d&rsquo;inspiration et de compr\u00e9hension approfondie.<\/p>\n<p>A travers sa pratique et gr\u00e2ce \u00e0 sa contribution \u00e0 l\u2019Espace Francophone Jungien, en qualit\u00e9 de secr\u00e9taire, Claire a \u00e0 c\u0153ur d\u2019aider l\u2019\u00eatre humain \u00e0 mieux comprendre sa nature profonde.<\/p>\n<p>Pour en savoir plus, voir son site internet <a href=\"https:\/\/pbatitude.com\/index.php\/accueil\/claire-droin\/autoportrait-de-claire-droin\/\" target=\"_blank\" rel=\"noopener\">PBAtitude<\/a><\/p>\n<p><strong>S\u00e9minaires<\/strong><\/p>\n<p>Elle coanime <a href=\"https:\/\/www.cgjung.net\/espace\/seminaires\/\">des s\u00e9minaires de formation<\/a> avec d&rsquo;autres membres d\u2019Espace Francophone Jungien.<\/p>\n<p><strong>Articles<\/strong><\/p>\n<ul>\n<li><a href=\"https:\/\/www.cgjung.net\/espace\/accueil\/claire-droin\/etoile-symbole-collectif\/\">L&rsquo;\u00e9toile : exploration d&rsquo;un symbole collectif<\/a><\/li>\n<li><a href=\"https:\/\/www.cgjung.net\/espace\/accueil\/claire-droin\/main-maitre\/\">La main du ma\u00eetre<\/a><\/li>\n<li><a href=\"https:\/\/www.cgjung.net\/espace\/accueil\/claire-droin\/mains-orphee\/\">Les mains d&rsquo;Orph\u00e9e<\/a><\/li>\n<li><a href=\"https:\/\/www.cgjung.net\/espace\/accueil\/claire-droin\/evolution-psyche\/\">Du quatre au cinq : vers une nouvelle perception de la psych\u00e9<\/a><\/li>\n<li><a href=\"https:\/\/www.cgjung.net\/espace\/accueil\/claire-droin\/approche-archetype-cinq\/\">Approche de l\u2019arch\u00e9type du cinq<\/a><\/li>\n<li><a href=\"https:\/\/www.cgjung.net\/espace\/accueil\/claire-droin\/essai-mandala-quinaire\/\">Essai sur le mandala quinaire<\/a><\/li>\n<li><a href=\"https:\/\/www.cgjung.net\/espace\/accueil\/claire-droin\/unus-mundus\/\">Unus Mundus : l&rsquo;unit\u00e9 du monde selon C.G. Jung et W. Pauli<\/a><\/li>\n<li><a href=\"https:\/\/www.cgjung.net\/espace\/accueil\/claire-droin\/imagination-active-jung\/\">L\u2019Imagination Active selon Carl Gustav Jung<\/a><\/li>\n<li><a href=\"https:\/\/www.cgjung.net\/espace\/accueil\/claire-droin\/recommandations-imagination-active\/\">Recommandations autour de la pratique de l\u2019Imagination Active<\/a><\/li>\n<li><a href=\"https:\/\/www.cgjung.net\/espace\/accueil\/claire-droin\/participation-mystique\/\">La participation mystique selon C.G. Jung et ML. von Franz<\/a><\/li>\n<\/ul>\n<p><strong>Br\u00e8ves et coups de c\u0153ur<\/strong><\/p>\n<ul>\n<li><a href=\"https:\/\/www.cgjung.net\/espace\/accueil\/breves-efj\/feminin-psyche\/\">Le f\u00e9minin \u00e0 l\u2019\u0153uvre dans la psych\u00e9<\/a><\/li>\n<li><a href=\"https:\/\/www.cgjung.net\/espace\/accueil\/breves-efj\/paranoia-folie-lucide\/\">Parano\u00efa ou la folie lucide<\/a><\/li>\n<\/ul>\n<div class=\"su-accordion su-u-trim\"> <div class=\"su-spoiler su-spoiler-style-glass-green su-spoiler-icon-plus su-spoiler-closed\" data-scroll-offset=\"0\" data-anchor-in-url=\"no\"><div class=\"su-spoiler-title\" tabindex=\"0\" role=\"button\"><span class=\"su-spoiler-icon\"><\/span>Entretiens men\u00e9s par Claire Droin<\/div><div class=\"su-spoiler-content su-u-clearfix su-u-trim\">\n<ul>\n<li><a href=\"https:\/\/www.cgjung.net\/espace\/accueil\/claire-droin\/entretien-luigi-zoja\/\">Avec Luigi Zoja<\/a><\/li>\n<li><a href=\"https:\/\/www.cgjung.net\/espace\/ressources\/voyages-initiatiques\/\">Avec Marie-Claire Dolghin-Loyer<\/a><\/li>\n<li><a href=\"https:\/\/www.cgjung.net\/espace\/accueil\/claire-droin\/entretien-bertrand-eveno\/\">Avec Bertrand Eveno<\/a><\/li>\n<li><a href=\"https:\/\/www.cgjung.net\/espace\/accueil\/claire-droin\/entretien-veronique-liard\/\">Avec V\u00e9ronique Liard<\/a><\/li>\n<\/ul>\n<\/div><\/div>\n<\/div>\n\n","protected":false},"excerpt":{"rendered":"","protected":false},"author":1,"featured_media":0,"parent":53,"menu_order":17,"comment_status":"closed","ping_status":"closed","template":"","meta":{"footnotes":""},"class_list":["post-23103","page","type-page","status-publish","hentry"],"_links":{"self":[{"href":"https:\/\/www.cgjung.net\/espace\/wp-json\/wp\/v2\/pages\/23103","targetHints":{"allow":["GET"]}}],"collection":[{"href":"https:\/\/www.cgjung.net\/espace\/wp-json\/wp\/v2\/pages"}],"about":[{"href":"https:\/\/www.cgjung.net\/espace\/wp-json\/wp\/v2\/types\/page"}],"author":[{"embeddable":true,"href":"https:\/\/www.cgjung.net\/espace\/wp-json\/wp\/v2\/users\/1"}],"replies":[{"embeddable":true,"href":"https:\/\/www.cgjung.net\/espace\/wp-json\/wp\/v2\/comments?post=23103"}],"version-history":[{"count":6,"href":"https:\/\/www.cgjung.net\/espace\/wp-json\/wp\/v2\/pages\/23103\/revisions"}],"predecessor-version":[{"id":27613,"href":"https:\/\/www.cgjung.net\/espace\/wp-json\/wp\/v2\/pages\/23103\/revisions\/27613"}],"up":[{"embeddable":true,"href":"https:\/\/www.cgjung.net\/espace\/wp-json\/wp\/v2\/pages\/53"}],"wp:attachment":[{"href":"https:\/\/www.cgjung.net\/espace\/wp-json\/wp\/v2\/media?parent=23103"}],"curies":[{"name":"wp","href":"https:\/\/api.w.org\/{rel}","templated":true}]}}