{"id":2292,"date":"2016-10-23T11:08:20","date_gmt":"2016-10-23T09:08:20","guid":{"rendered":"https:\/\/www.cgjung.net\/espace\/?page_id=2292"},"modified":"2019-04-17T11:03:16","modified_gmt":"2019-04-17T09:03:16","slug":"scenarios-de-representation","status":"publish","type":"page","link":"https:\/\/www.cgjung.net\/espace\/cg-jung\/scenarios-de-representation\/","title":{"rendered":"La repr\u00e9sentation comme r\u00e9p\u00e9tition et relation"},"content":{"rendered":"<p style=\"text-align: justify;\"><strong>Le terme repr\u00e9sentation, la complexit\u00e9 et la richesse de ses contenus. Le RE d&rsquo;Edgar Morin. Les r\u00eaves comme repr\u00e9sentation.<br \/>\n<\/strong><\/p>\n<p><img loading=\"lazy\" decoding=\"async\" class=\"size-full wp-image-8710 aligncenter\" src=\"https:\/\/www.cgjung.net\/espace\/wp-content\/uploads\/2019\/04\/scenarios.jpg\" alt=\"\" width=\"637\" height=\"207\" srcset=\"https:\/\/www.cgjung.net\/espace\/wp-content\/uploads\/2019\/04\/scenarios.jpg 637w, https:\/\/www.cgjung.net\/espace\/wp-content\/uploads\/2019\/04\/scenarios-300x97.jpg 300w\" sizes=\"auto, (max-width: 637px) 100vw, 637px\" \/><\/p>\n<h2 style=\"text-align: justify;\">Du repr\u00e9sentable \u00e0 l&rsquo;irrepr\u00e9sentable<\/h2>\n<p style=\"text-align: justify;\">Le terme <strong>repr\u00e9sentation<\/strong> se montre \u00e0 nous dans la complexit\u00e9 de ses contenus et, quand nous l\u2019employons, il est riche, non seulement<strong> de la signification<\/strong> que nous lui donnons, mais de <strong>tous les possibles<\/strong> avec lesquels il est en relation.<\/p>\n<p style=\"text-align: justify;\">Avant de parler du sens de ce mot, allons \u00e0 la limite pour \u00e9voquer son p\u00f4le oppos\u00e9 : <strong>le non-sens. <\/strong><\/p>\n<p style=\"text-align: justify;\">Tout au bout de la repr\u00e9sentation, il y a <strong>l\u2019irrepr\u00e9sentable<\/strong>, une r\u00e9gion inaccessible \u00e0 notre entendement. C\u2019est le lieu de<strong> l\u2019Absolument Autre<\/strong>.<\/p>\n<p style=\"text-align: justify;\">L\u2019irrepr\u00e9sentable <strong>ne peut devenir pr\u00e9sent<\/strong> car il appartient au monde de l\u2019indiff\u00e9renci\u00e9, celui o\u00f9 on ne peut pas se pr\u00e9senter \u00e0 l\u2019autre. Il ne poss\u00e8de aucune des qualit\u00e9s telles que discrimination, communaut\u00e9 d\u2019agencement structurel, r\u00e9f\u00e9rence au connu, qui permettrait une \u00e9mergence identifiable par la conscience.<\/p>\n<h2>La richesse des sens du mot repr\u00e9sentation<\/h2>\n<p style=\"text-align: justify;\">De l\u2019autre c\u00f4t\u00e9 il y a <strong>le sens, ou plut\u00f4t les sens<\/strong>, v\u00e9hicul\u00e9s par le vocable.<\/p>\n<p style=\"text-align: justify;\">Le premier que nous retiendrons est <strong>d\u2019origine juridique et diplomatique.<\/strong> Il s\u2019agit des modalit\u00e9s substitutives destin\u00e9es \u00e0 remplacer celui qui est dans l\u2019impossibilit\u00e9 de se repr\u00e9senter lui-m\u00eame.<\/p>\n<p style=\"text-align: justify;\"><strong>Le repr\u00e9sentant<\/strong>, agent de la repr\u00e9sentation, sert de lien entre celui qui ne peut se rendre pr\u00e9sent et celui avec lequel la communication doit s\u2019\u00e9tablir. Pour que puisse \u00eatre compris <strong>cet Autre,<\/strong> ne pouvant se pr\u00e9senter lui-m\u00eame pour cause d\u2019alt\u00e9rit\u00e9 excessive, i<strong>l va falloir trouver des moyens de traduire son discours<\/strong>.<\/p>\n<p style=\"text-align: justify;\">Celui qui parle de contr\u00e9es \u00e9tranges en un langage encore plus \u00e9trange doit \u00eatre traduit en un langage adapt\u00e9 aux possibilit\u00e9s cognitives qui font la sp\u00e9cificit\u00e9 de l\u2019esprit humain. Or, ces possibilit\u00e9s se limitent \u00e0 une <strong>reconnaissance d\u2019\u00e9l\u00e9ments d\u00e9j\u00e0<\/strong> <strong>connus<\/strong>, m\u00eame s\u2019ils ne font pas partie de notre m\u00e9moire consciente.<\/p>\n<h2>Le RE d&rsquo;Edgar Morin<\/h2>\n<p style=\"text-align: justify;\">Dans les textes que nous publions, nous \u00e9crivons souvent le mot repr\u00e9sentation avec un RE suivi de pr\u00e9sentation. Ceci se veut un hommage \u00e0 Edgar MORIN qui justifie ce RE dans le tome 2 de La m\u00e9thode (p.333 \u00e0 346). Nous lui devons beaucoup dans la mani\u00e8re de penser la repr\u00e9sentation car la RE pr\u00e9sentation est un des piliers de notre recherche sur les s\u00e9ries de r\u00eaves.<\/p>\n<p style=\"text-align: justify;\">Le RE d&rsquo;Edgar Morin est <em>radical conceptuel <\/em>auquel nous attribuons un sens premier dans toute approche de l\u2019id\u00e9e de repr\u00e9sentation.<\/p>\n<p style=\"text-align: justify;\"><strong>Le RE s\u2019enracine<\/strong>, et enracine les termes auxquels il donne son impulsion, dans un mod\u00e8le ant\u00e9rieur de structures et d\u2019\u00e9v\u00e9nements qui sont la trame d\u2019une compr\u00e9hension, d\u2019un acquis, sur lequel l\u2019information peut s\u2019inscrire.<\/p>\n<h2>Les RE sont nombreux<\/h2>\n<p style=\"text-align: justify;\">Re-produire, re-m\u00e9morer, re-conna\u00eetre, re-voir, re-commencer, re-organiser, tous ces vocables sont potentiellement pr\u00e9sents dans une re-pr\u00e9sentation dont le socle est un donn\u00e9. En vocabulaire de la biologie, cela s&rsquo;appellerait une phylogen\u00e8se. On pourrait y ajouter re-faire car nous passons une bonne partie de notre vie \u00e0 <strong>reproduire les m\u00eames<\/strong> <strong>actions<\/strong>, y compris celles qui nous sont nocives. La m\u00eame chose pour re-penser. Un bon exemple, ces moments o\u00f9 nous tournons en rond dans notre t\u00eate, obs\u00e9d\u00e9s par un probl\u00e8me et en proie au caquetage mental .<\/p>\n<p style=\"text-align: justify;\"><strong>Au moment du RE, il se produit \u00e0 la fois une d\u00e9perdition et une acquisition<\/strong> : d\u00e9perdition pendant la r\u00e9plication et renouvellement apport\u00e9 par un sujet unique dans son ontogen\u00e8se.<\/p>\n<p style=\"text-align: justify;\">Le REpr\u00e9sent\u00e9, pr\u00e9sent\u00e9 \u00e0 nouveau, est <strong>semblable mais jamais identique<\/strong>. L\u2019imitation du connu procure une base solide qui fait que tout n\u2019est pas \u00e0 r\u00e9inventer \u00e0 chaque <strong>Re-pr\u00e9sentation<\/strong> mais il y a transformation, changement d\u2019\u00e9tat, on pourrait aller jusqu&rsquo;\u00e0 parler d&rsquo;<strong>alchimie mentale,<\/strong> pour une conscience habitu\u00e9e \u00e0 exclure ce qui ne fait pas partie de son cercle cognitif.<\/p>\n<p style=\"text-align: justify;\">Le besoin de p\u00e9rennit\u00e9 d\u2019une identit\u00e9 d\u00e9bord\u00e9e par un apport appartenant au domaine de l\u2019inconnu va contraindre cette conscience \u00e0 un difficile et p\u00e9rilleux <strong>processus d\u2019adaptation et de r\u00e9organisation.<\/strong><\/p>\n<h2>La RE pr\u00e9sentation th\u00e9\u00e2trale dans les r\u00eaves<\/h2>\n<p style=\"text-align: justify;\">Nous ne pouvons, pour l\u2019instant, que rester en surface mais, quand nous descendrons dans les profondeurs de la psych\u00e9, nous serons au contact de cette alt\u00e9rit\u00e9 qui ne peut se pr\u00e9senter elle-m\u00eame et d\u00e9l\u00e8gue des <strong>ambassadeurs<\/strong>, en particulier dans les <strong>r\u00eaves<\/strong>.<\/p>\n<p style=\"text-align: justify;\"><strong>Les r\u00eaves s\u2019expriment<\/strong> par le truchement d\u2019un autre contenu du vocable repr\u00e9sentation : <strong>la repr\u00e9sentation th\u00e9\u00e2trale<\/strong>. En effet, dans la plupart des r\u00eaves, on retrouve une certaine structure \u00e9voquant les diff\u00e9rents actes d\u2019une pi\u00e8ce de th\u00e9\u00e2tre avec d\u00e9cor, dialogues et personnages amis ou ennemis. Les sc\u00e8nes peuvent \u00eatre tr\u00e8s surprenantes et d\u00e9fier les r\u00e8gles de la logique, mais les mat\u00e9riaux d\u2019\u00e9laboration sont identifi\u00e9s, m\u00eame si le sens du discours reste confus et sans univocit\u00e9.<\/p>\n<h2>La RE pr\u00e9sentation action<\/h2>\n<p style=\"text-align: justify;\"><strong>La repr\u00e9sentation est aussi action<\/strong>. Les images sont alors non seulement reconnues, d\u00e9cod\u00e9es, mais mat\u00e9rialis\u00e9es. <strong>Elles deviennent du pr\u00e9sent.<\/strong><\/p>\n<p style=\"text-align: justify;\">Par exemple, <strong>Jung <\/strong>a, pendant une p\u00e9riode de sa vie, \u00e9prouv\u00e9 le <strong>besoin de dessiner<\/strong> les repr\u00e9sentations oniriques et les visions qui s\u2019imposaient sans r\u00e9pit \u00e0 sa conscience. Il faisait de m\u00eame pour celles qui lui semblaient obscures et difficiles \u00e0 interpr\u00e9ter. C\u2019est <strong>dans la pierre<\/strong> qu\u2019il concr\u00e9tisa son besoin de <strong>repr\u00e9sentation-action<\/strong> en construisant la tour de Bollingen, lieu \u00e9volutif o\u00f9 il passa les moments les plus intenses de son existence et auquel il consacre un chapitre entier de Ma vie. On peut y lire :<\/p>\n<blockquote>\n<p style=\"text-align: justify;\">\u201cJ<em>e devais, en quelque sorte, repr\u00e9senter dans la pierre mes pens\u00e9es les plus intimes et mon propre savoir, faire en quelque sorte une profession de foi inscrite dans la pierre.\u201d<\/em> (p.260)<em><br \/>\n<\/em><\/p>\n<\/blockquote>\n<p>Et, toujours parlant de la tour ces mots essentiels :<\/p>\n<blockquote>\n<p style=\"text-align: justify;\">\u00ab\u00a0<em>La tour me donnait l&rsquo;impression que je <strong>renaissais<\/strong> dans la pierre. Je voyais en elle une r\u00e9alisation de ce qui n&rsquo;\u00e9tait que soup\u00e7onn\u00e9 auparavant, une <strong>repr\u00e9sentation de l&rsquo;individuation.<\/strong><\/em> \u00a0\u00bb (p. 252)<\/p>\n<\/blockquote>\n<p style=\"text-align: justify;\">Il y a dans cette repr\u00e9sentation-action une <strong>relation non passive avec la<\/strong> <strong>repr\u00e9sentation<\/strong>. Elle se traduit par un acte personnel, <strong>un acte du Moi<\/strong> voulant s\u2019emparer d\u2019images propos\u00e9es par l&rsquo;inconscient pour augmenter le champ de sa conscience et le faire savoir par un <strong>acte cr\u00e9ateur<\/strong>.<\/p>\n<p style=\"text-align: justify;\">Pensons aux cr\u00e9ateurs de g\u00e9nie qui sont des \u00eatres capables d\u2019aller chercher du nouveau dans les couches profondes de l\u2019inconscient et d\u2019agencer diff\u00e9remment les mat\u00e9riaux pour exprimer ce qui s&rsquo;\u00e9loigne du RE.<\/p>\n<h2>Le cadeau de la repr\u00e9sentation<\/h2>\n<p style=\"text-align: justify;\">Nous voulons aussi isoler le vocable <strong>\u201c pr\u00e9sent \u201d qui, au sens de cadeau<\/strong>, se dresse tel un pilier au centre du mot repr\u00e9sentation.<\/p>\n<p style=\"text-align: justify;\">Nous recevons, en effet, comme un don prodigieux, le r\u00e9sultat des efforts et de la coop\u00e9ration de toutes les <strong>lign\u00e9es biologiques et socio-culturelles<\/strong> qui nous ont pr\u00e9c\u00e9d\u00e9s. Leur <strong>d\u00e9sir d\u2019accession \u00e0 une conscience<\/strong> de plus en plus vaste nous permet, aujourd\u2019hui, d\u2019\u00eatre capables de r\u00e9fl\u00e9chir sur le fonctionnement de notre propre esprit. Pour cela <strong>nous disposons du langage <\/strong>qui est, comme il est dit dans <em>L\u2019arbre de la connaissance <\/em>de H.R. Maturana et F.J. Varela notre\u201c<em>fa\u00e7on caract\u00e9ristique d\u2019\u00eatre humain et d\u2019\u00eatre humainement actif<\/em>\u201d(p.13).<\/p>\n<p style=\"text-align: justify;\">C&rsquo;est gr\u00e2ce \u00e0 toute cette \u00e9volution que nous pouvons faire \u00e9merger un monde coh\u00e9rent de repr\u00e9sentations.<\/p>\n<h2>Privil\u00e9gier la repr\u00e9sentation-relation<\/h2>\n<p style=\"text-align: justify;\">Nous avons privil\u00e9gi\u00e9 certains sens du mot repr\u00e9sentation parce qu\u2019ils sous-tendent notre probl\u00e9matique.<\/p>\n<p style=\"text-align: justify;\">Il en est d\u2019autres, plus scientifiques ou plus philosophiques. Si nous avons fait ce choix, c\u2019est surtout parce que ceux qui ont \u00e9t\u00e9 mis en avant ont <strong>tous un lien avec la relation<\/strong> :<\/p>\n<p style=\"text-align: justify; padding-left: 40px;\"><strong>\u2022<\/strong>Son p\u00f4le oppos\u00e9 l\u2019impossibilit\u00e9 de la relation avec l\u2019irrepr\u00e9sentable, puis le r\u00e9tablissement du lien par l\u2019interm\u00e9diaire du repr\u00e9sentant.<\/p>\n<p style=\"text-align: justify; padding-left: 40px;\"><strong>\u2022<\/strong>La relation avec le d\u00e9j\u00e0 connu dans la RE-pr\u00e9sentation.<\/p>\n<p style=\"text-align: justify; padding-left: 40px;\"><strong>\u2022<\/strong>Ce qui unit l\u2019acteur et le spectateur, celui qui fait un pr\u00e9sent et celui qui le re\u00e7oit.<\/p>\n<p style=\"text-align: justify; padding-left: 40px;\"><strong>\u2022<\/strong>Le passage de l\u2019immat\u00e9riel au r\u00e9alis\u00e9 dans la mati\u00e8re, ce que nous appelons la repr\u00e9sentation action qui implique aussi une relation.<\/p>\n<p style=\"text-align: justify;\"><strong>Nous pensons , pour conclure, que la relation est au c\u0153ur de la<\/strong> <strong>repr\u00e9sentation<\/strong><strong>.<\/strong><\/p>\n<h2><strong>En savoir plus<br \/>\n<\/strong><\/h2>\n<p><code><div class=\"menu-cgjung-container\"><ul id=\"menu-cgjung\" class=\"menu\"><li id=\"menu-item-2347\" class=\"menu-item menu-item-type-post_type menu-item-object-page menu-item-2347\"><a href=\"https:\/\/www.cgjung.net\/espace\/cg-jung\/avertissement\/\">Le projet de recherche sur Jung<\/a><\/li>\n<li id=\"menu-item-9980\" class=\"menu-item menu-item-type- menu-item-object- menu-item-9980\"><a><\/a><\/li>\n<li id=\"menu-item-2348\" class=\"menu-item menu-item-type-post_type menu-item-object-page menu-item-has-children menu-item-2348\"><a href=\"https:\/\/www.cgjung.net\/espace\/cg-jung\/cheminements-dans-les-concepts\/\">Cheminements dans les concepts<\/a>\n<ul class=\"sub-menu\">\n\t<li id=\"menu-item-2349\" class=\"menu-item menu-item-type-post_type menu-item-object-page menu-item-2349\"><a href=\"https:\/\/www.cgjung.net\/espace\/cg-jung\/scenarios-de-representation\/\">La repr\u00e9sentation comme r\u00e9p\u00e9tition et relation<\/a><\/li>\n\t<li id=\"menu-item-2350\" class=\"menu-item menu-item-type-post_type menu-item-object-page menu-item-2350\"><a href=\"https:\/\/www.cgjung.net\/espace\/cg-jung\/relation-de-jung-lidee-de-totalite\/\">La relation de Jung avec l&rsquo;id\u00e9e de totalit\u00e9<\/a><\/li>\n<\/ul>\n<\/li>\n<li id=\"menu-item-2351\" class=\"menu-item menu-item-type-post_type menu-item-object-page menu-item-has-children menu-item-2351\"><a href=\"https:\/\/www.cgjung.net\/espace\/cg-jung\/modele-psyche-jungienne\/\">Jung \u00e0 la recherche de la totalit\u00e9 psychique<\/a>\n<ul class=\"sub-menu\">\n\t<li id=\"menu-item-2352\" class=\"menu-item menu-item-type-post_type menu-item-object-page menu-item-2352\"><a href=\"https:\/\/www.cgjung.net\/espace\/cg-jung\/conscience-contenus-frontieres\/\">La Conscience : contenus et fronti\u00e8res<\/a><\/li>\n\t<li id=\"menu-item-2353\" class=\"menu-item menu-item-type-post_type menu-item-object-page menu-item-2353\"><a href=\"https:\/\/www.cgjung.net\/espace\/cg-jung\/fonctions-psychologiques-conscience-collective\/\">Fonctions psychologiques et conscience collective<\/a><\/li>\n\t<li id=\"menu-item-2354\" class=\"menu-item menu-item-type-post_type menu-item-object-page menu-item-2354\"><a href=\"https:\/\/www.cgjung.net\/espace\/cg-jung\/les-inconscients\/\">Les inconscients selon Jung<\/a><\/li>\n\t<li id=\"menu-item-2355\" class=\"menu-item menu-item-type-post_type menu-item-object-page menu-item-2355\"><a href=\"https:\/\/www.cgjung.net\/espace\/cg-jung\/les-archetypes-le-soi\/\">Les arch\u00e9types et le Soi organisateur<\/a><\/li>\n\t<li id=\"menu-item-2356\" class=\"menu-item menu-item-type-post_type menu-item-object-page menu-item-2356\"><a href=\"https:\/\/www.cgjung.net\/espace\/cg-jung\/image-de-dieu\/\">L&rsquo;image de Dieu<\/a><\/li>\n\t<li id=\"menu-item-2357\" class=\"menu-item menu-item-type-post_type menu-item-object-page menu-item-2357\"><a href=\"https:\/\/www.cgjung.net\/espace\/cg-jung\/erotique-jungienne-anima-animus\/\">\u00ab\u00a0L&rsquo;\u00e9rotique\u00a0\u00bb jungienne : Anima et Animus<\/a><\/li>\n<\/ul>\n<\/li>\n<li id=\"menu-item-2358\" class=\"menu-item menu-item-type-post_type menu-item-object-page menu-item-has-children menu-item-2358\"><a href=\"https:\/\/www.cgjung.net\/espace\/cg-jung\/fonctions-et-etudes-des-reves\/\">Fonctions et \u00e9tudes des r\u00eaves<\/a>\n<ul class=\"sub-menu\">\n\t<li id=\"menu-item-2359\" class=\"menu-item menu-item-type-post_type menu-item-object-page menu-item-2359\"><a href=\"https:\/\/www.cgjung.net\/espace\/cg-jung\/interpretation-des-reves\/\">L&rsquo;interpr\u00e9tation des r\u00eaves<\/a><\/li>\n\t<li id=\"menu-item-2360\" class=\"menu-item menu-item-type-post_type menu-item-object-page menu-item-2360\"><a href=\"https:\/\/www.cgjung.net\/espace\/cg-jung\/dialogue-avec-inconscient\/\">Le dialogue avec l&rsquo;inconscient<\/a><\/li>\n\t<li id=\"menu-item-8349\" class=\"menu-item menu-item-type-post_type menu-item-object-page menu-item-8349\"><a href=\"https:\/\/www.cgjung.net\/espace\/cg-jung\/c-g-jung-et-les-series-de-reves\/\">C.G. Jung et les s\u00e9ries de r\u00eaves<\/a><\/li>\n\t<li id=\"menu-item-8501\" class=\"menu-item menu-item-type-post_type menu-item-object-page menu-item-8501\"><a href=\"https:\/\/www.cgjung.net\/espace\/cg-jung\/mandalas-symboles\/\">C.G. Jung, mandalas et symboles<\/a><\/li>\n<\/ul>\n<\/li>\n<li id=\"menu-item-2361\" class=\"menu-item menu-item-type-post_type menu-item-object-page menu-item-2361\"><a href=\"https:\/\/www.cgjung.net\/espace\/cg-jung\/fonction-transcendante-processus-dindividuation\/\">Fonction transcendante dans le processus d&rsquo;individuation<\/a><\/li>\n<li id=\"menu-item-2362\" class=\"menu-item menu-item-type-post_type menu-item-object-page menu-item-2362\"><a href=\"https:\/\/www.cgjung.net\/espace\/cg-jung\/bibliographie\/\">Bibliographie<\/a><\/li>\n<\/ul><\/div><\/code><\/p>\n<p style=\"text-align: right;\"><span style=\"font-size: 10pt;\"><em><a href=\"https:\/\/www.cgjung.net\/espace\/cg-jung\/avertissement\/\">Publi\u00e9 initialement dans le cadre d&rsquo;une th\u00e8se<\/a> cette page a \u00e9t\u00e9 adapt\u00e9e par Ariaga (Ariane Callot), son auteure.<br \/>\nLes ouvrages cit\u00e9s <a href=\"https:\/\/www.cgjung.net\/espace\/cg-jung\/bibliographie\/\">sont r\u00e9f\u00e9renc\u00e9s \u00e0 la page bibliographie<\/a>.<\/em><\/span><\/p>\n\n","protected":false},"excerpt":{"rendered":"<p>Le terme repr\u00e9sentation, la complexit\u00e9 et la richesse de ses contenus. Le RE d&rsquo;Edgar Morin. Les r\u00eaves comme repr\u00e9sentation. Du repr\u00e9sentable \u00e0 l&rsquo;irrepr\u00e9sentable Le terme repr\u00e9sentation se montre \u00e0 nous dans la complexit\u00e9 de ses contenus et, quand nous l\u2019employons, il est riche, non seulement de la signification que nous lui donnons, mais de tous [&hellip;]<\/p>\n","protected":false},"author":1,"featured_media":0,"parent":110,"menu_order":46,"comment_status":"closed","ping_status":"closed","template":"","meta":{"footnotes":""},"class_list":["post-2292","page","type-page","status-publish","hentry"],"_links":{"self":[{"href":"https:\/\/www.cgjung.net\/espace\/wp-json\/wp\/v2\/pages\/2292","targetHints":{"allow":["GET"]}}],"collection":[{"href":"https:\/\/www.cgjung.net\/espace\/wp-json\/wp\/v2\/pages"}],"about":[{"href":"https:\/\/www.cgjung.net\/espace\/wp-json\/wp\/v2\/types\/page"}],"author":[{"embeddable":true,"href":"https:\/\/www.cgjung.net\/espace\/wp-json\/wp\/v2\/users\/1"}],"replies":[{"embeddable":true,"href":"https:\/\/www.cgjung.net\/espace\/wp-json\/wp\/v2\/comments?post=2292"}],"version-history":[{"count":10,"href":"https:\/\/www.cgjung.net\/espace\/wp-json\/wp\/v2\/pages\/2292\/revisions"}],"predecessor-version":[{"id":8738,"href":"https:\/\/www.cgjung.net\/espace\/wp-json\/wp\/v2\/pages\/2292\/revisions\/8738"}],"up":[{"embeddable":true,"href":"https:\/\/www.cgjung.net\/espace\/wp-json\/wp\/v2\/pages\/110"}],"wp:attachment":[{"href":"https:\/\/www.cgjung.net\/espace\/wp-json\/wp\/v2\/media?parent=2292"}],"curies":[{"name":"wp","href":"https:\/\/api.w.org\/{rel}","templated":true}]}}