{"id":22850,"date":"2023-11-09T06:11:11","date_gmt":"2023-11-09T05:11:11","guid":{"rendered":"https:\/\/www.cgjung.net\/espace\/?page_id=22850"},"modified":"2023-11-09T06:21:20","modified_gmt":"2023-11-09T05:21:20","slug":"rachel-huber","status":"publish","type":"page","link":"https:\/\/www.cgjung.net\/espace\/accueil\/rachel-huber\/","title":{"rendered":"Rachel Huber"},"content":{"rendered":"<p><a href=\"https:\/\/www.cgjung.net\/contact.htm\"><strong>Adresser un message \u00e0 Rachel Huber<\/strong><\/a><\/p>\n<p>&nbsp;<\/p>\n<h2>Rachel Huber<\/h2>\n<p><img loading=\"lazy\" decoding=\"async\" class=\"alignright size-full wp-image-22852\" src=\"https:\/\/www.cgjung.net\/espace\/wp-content\/uploads\/2023\/11\/rachel-huber.jpg\" alt=\"\" width=\"120\" height=\"176\" \/>Rachel Huber est praticienne en psychoth\u00e9rapies, sophrologue, enseignante, formatrice et assure des supervisions. Son cabinet se trouve dans le Sud-Est de la France.<\/p>\n<p>Tr\u00e8s attach\u00e9e \u00e0 la psychologie jungienne, s&rsquo;appuyant sur des textes fondateurs, elle d\u00e9montre comment celle-ci apporte un \u00e9clairage autour des questionnements li\u00e9s \u00e0 nos modes de vie actuels.<\/p>\n<p>Elle est professionnelle agr\u00e9e de la <a href=\"https:\/\/www.ff2p.fr\/recherche-praticien\/?search-psycho=Rachel%20HUBER&amp;search-psycho-type=praticien&amp;search-location=Cap-d%27Ail%20%20%2806320%29&amp;search-location-disabled&amp;search-location-country&amp;search-location-zipcode=06320&amp;search-location-city=Cap-d%27Ail&amp;search-location-department&amp;search-practitioner=Rachel%2CHUBER\" target=\"_blank\" rel=\"noopener\">F\u00e9d\u00e9ration Fran\u00e7aise de Psychoth\u00e9rapie et Psychanalyse<\/a> (FF2P).<\/p>\n<p>Elle fait partie de l&rsquo;\u00e9quipe \u00e9ditoriale du site Espace Francophone Jungien.<\/p>\n<p>Pour en savoir plus, voir son site internet <a href=\"http:\/\/cabinet-sophro-psy.com\/\" target=\"_blank\" rel=\"noopener\">Cabinet Sophro-Psy<\/a><\/p>\n<p><strong>S\u00e9minaires<\/strong><\/p>\n<p>Elle coanime <a href=\"https:\/\/www.cgjung.net\/espace\/seminaires\/\">des s\u00e9minaires de formation<\/a> avec d&rsquo;autres membres d\u2019Espace Francophone Jungien.<\/p>\n<p><strong>Articles<\/strong><\/p>\n<ul>\n<li><a href=\"https:\/\/www.cgjung.net\/espace\/accueil\/rachel-huber\/conclave\/\">Conclave, ou l\u2019\u00e9preuve du centre<\/a><\/li>\n<li><a href=\"https:\/\/www.cgjung.net\/espace\/accueil\/rachel-huber\/chronos-kairos-et-aion\/\">Chronos, Kairos et A\u00efon : temporalit\u00e9s psychiques<\/a><\/li>\n<li><a href=\"https:\/\/www.cgjung.net\/espace\/accueil\/rachel-huber\/symbolisme-semiotique-iconologie-symbologie\/\">O\u00f9 se situe la psychologie analytique parmi le symbolisme, la s\u00e9miotique, l\u2019iconologie et la symbologie ?<\/a><\/li>\n<li><a href=\"https:\/\/www.cgjung.net\/espace\/accueil\/rachel-huber\/noel-le-soi\/\">No\u00ebl, l\u2019ombre et le f\u00e9minin r\u00e9conciliateur : fils conducteurs vers le Soi<\/a><\/li>\n<li><a href=\"https:\/\/www.cgjung.net\/espace\/accueil\/rachel-huber\/visite-musee-emma-carl-gustav-jung\/\">Visite du foyer d\u2019Emma et de Carl Gustav Jung<\/a><\/li>\n<li><a href=\"https:\/\/www.cgjung.net\/espace\/accueil\/breves-efj\/processus-individuation\/\">Un processus d\u2019individuation \u00e0 \u00e9couter et \u00e0 voir<\/a><\/li>\n<li><a href=\"https:\/\/www.cgjung.net\/espace\/accueil\/rachel-huber\/reseaux-sociaux\/\">C.G. Jung, les r\u00e9seaux sociaux et le malaise des jeunes : un regard jungien<\/a><\/li>\n<li><a href=\"https:\/\/www.cgjung.net\/espace\/accueil\/rachel-huber\/feminin-masculin\/\">Qu\u2019est-ce que le f\u00e9minin, qu\u2019est-ce que le masculin ?<\/a> Cet article s&rsquo;appuie en partie sur les entretiens audio diffus\u00e9s sur France Culture dans la s\u00e9rie d&rsquo;\u00e9missions <a href=\"https:\/\/www.cgjung.net\/espace\/ressources\/jung-totalite-homme-futur\/\">Carl Gustav Jung ou la totalit\u00e9 de l\u2019homme futur<\/a>.<\/li>\n<\/ul>\n<p><strong>Entretiens<\/strong><\/p>\n<ul>\n<li><a href=\"https:\/\/www.cgjung.net\/espace\/ressources\/bernard-hort\/\">Animus et anima au XXIe si\u00e8cle<\/a> (entretien avec Bernard Hort)<\/li>\n<li><a href=\"https:\/\/www.cgjung.net\/espace\/accueil\/rachel-huber\/alizon-opicino\/\">Opicino de Canistris<\/a> (entretien avec Jean-Fran\u00e7ois Alizon)<\/li>\n<li><a href=\"https:\/\/www.cgjung.net\/espace\/accueil\/rachel-huber\/marie-laure-colonna\/\">Discussion avec Marie-Laure Colonna<\/a><\/li>\n<li><a href=\"https:\/\/www.cgjung.net\/espace\/accueil\/rachel-huber\/discussion-avec-bertrand-de-la-vaissiere\/\">Discussion avec Bertrand de la Vaissi\u00e8re<\/a><\/li>\n<\/ul>\n\n","protected":false},"excerpt":{"rendered":"","protected":false},"author":1,"featured_media":0,"parent":53,"menu_order":17,"comment_status":"closed","ping_status":"closed","template":"","meta":{"footnotes":""},"class_list":["post-22850","page","type-page","status-publish","hentry"],"_links":{"self":[{"href":"https:\/\/www.cgjung.net\/espace\/wp-json\/wp\/v2\/pages\/22850","targetHints":{"allow":["GET"]}}],"collection":[{"href":"https:\/\/www.cgjung.net\/espace\/wp-json\/wp\/v2\/pages"}],"about":[{"href":"https:\/\/www.cgjung.net\/espace\/wp-json\/wp\/v2\/types\/page"}],"author":[{"embeddable":true,"href":"https:\/\/www.cgjung.net\/espace\/wp-json\/wp\/v2\/users\/1"}],"replies":[{"embeddable":true,"href":"https:\/\/www.cgjung.net\/espace\/wp-json\/wp\/v2\/comments?post=22850"}],"version-history":[{"count":3,"href":"https:\/\/www.cgjung.net\/espace\/wp-json\/wp\/v2\/pages\/22850\/revisions"}],"predecessor-version":[{"id":31437,"href":"https:\/\/www.cgjung.net\/espace\/wp-json\/wp\/v2\/pages\/22850\/revisions\/31437"}],"up":[{"embeddable":true,"href":"https:\/\/www.cgjung.net\/espace\/wp-json\/wp\/v2\/pages\/53"}],"wp:attachment":[{"href":"https:\/\/www.cgjung.net\/espace\/wp-json\/wp\/v2\/media?parent=22850"}],"curies":[{"name":"wp","href":"https:\/\/api.w.org\/{rel}","templated":true}]}}

<p><a href="https://www.cgjung.net/contact.htm"><strong>Adresser un message à Rachel Huber</strong></a></p>
<p>&nbsp;</p>
<h2>Rachel Huber</h2>
<p><img loading="lazy" decoding="async" class="alignright size-full wp-image-22852" src="https://www.cgjung.net/espace/wp-content/uploads/2023/11/rachel-huber.jpg" alt="" width="120" height="176" />Rachel Huber est praticienne en psychothérapies, sophrologue, enseignante, formatrice et assure des supervisions. Son cabinet se trouve dans le Sud-Est de la France.</p>
<p>Très attachée à la psychologie jungienne, s&rsquo;appuyant sur des textes fondateurs, elle démontre comment celle-ci apporte un éclairage autour des questionnements liés à nos modes de vie actuels.</p>
<p>Elle est professionnelle agrée de la <a href="https://www.ff2p.fr/recherche-praticien/?search-psycho=Rachel%20HUBER&amp;search-psycho-type=praticien&amp;search-location=Cap-d%27Ail%20%20%2806320%29&amp;search-location-disabled&amp;search-location-country&amp;search-location-zipcode=06320&amp;search-location-city=Cap-d%27Ail&amp;search-location-department&amp;search-practitioner=Rachel%2CHUBER" target="_blank" rel="noopener">Fédération Française de Psychothérapie et Psychanalyse</a> (FF2P).</p>
<p>Elle fait partie de l&rsquo;équipe éditoriale du site Espace Francophone Jungien.</p>
<p>Pour en savoir plus, voir son site internet <a href="http://cabinet-sophro-psy.com/" target="_blank" rel="noopener">Cabinet Sophro-Psy</a></p>
<p><strong>Séminaires</strong></p>
<p>Elle coanime <a href="https://www.cgjung.net/espace/seminaires/">des séminaires de formation</a> avec d&rsquo;autres membres d’Espace Francophone Jungien.</p>
<p><strong>Articles</strong></p>
<ul>
<li><a href="https://www.cgjung.net/espace/accueil/rachel-huber/conclave/">Conclave, ou l’épreuve du centre</a></li>
<li><a href="https://www.cgjung.net/espace/accueil/rachel-huber/chronos-kairos-et-aion/">Chronos, Kairos et Aïon : temporalités psychiques</a></li>
<li><a href="https://www.cgjung.net/espace/accueil/rachel-huber/symbolisme-semiotique-iconologie-symbologie/">Où se situe la psychologie analytique parmi le symbolisme, la sémiotique, l’iconologie et la symbologie ?</a></li>
<li><a href="https://www.cgjung.net/espace/accueil/rachel-huber/noel-le-soi/">Noël, l’ombre et le féminin réconciliateur : fils conducteurs vers le Soi</a></li>
<li><a href="https://www.cgjung.net/espace/accueil/rachel-huber/visite-musee-emma-carl-gustav-jung/">Visite du foyer d’Emma et de Carl Gustav Jung</a></li>
<li><a href="https://www.cgjung.net/espace/accueil/breves-efj/processus-individuation/">Un processus d’individuation à écouter et à voir</a></li>
<li><a href="https://www.cgjung.net/espace/accueil/rachel-huber/reseaux-sociaux/">C.G. Jung, les réseaux sociaux et le malaise des jeunes : un regard jungien</a></li>
<li><a href="https://www.cgjung.net/espace/accueil/rachel-huber/feminin-masculin/">Qu’est-ce que le féminin, qu’est-ce que le masculin ?</a> Cet article s&rsquo;appuie en partie sur les entretiens audio diffusés sur France Culture dans la série d&rsquo;émissions <a href="https://www.cgjung.net/espace/ressources/jung-totalite-homme-futur/">Carl Gustav Jung ou la totalité de l’homme futur</a>.</li>
</ul>
<p><strong>Entretiens</strong></p>
<ul>
<li><a href="https://www.cgjung.net/espace/ressources/bernard-hort/">Animus et anima au XXIe siècle</a> (entretien avec Bernard Hort)</li>
<li><a href="https://www.cgjung.net/espace/accueil/rachel-huber/alizon-opicino/">Opicino de Canistris</a> (entretien avec Jean-François Alizon)</li>
<li><a href="https://www.cgjung.net/espace/accueil/rachel-huber/marie-laure-colonna/">Discussion avec Marie-Laure Colonna</a></li>
<li><a href="https://www.cgjung.net/espace/accueil/rachel-huber/discussion-avec-bertrand-de-la-vaissiere/">Discussion avec Bertrand de la Vaissière</a></li>
</ul>
