{"id":21502,"date":"2024-04-05T04:37:43","date_gmt":"2024-04-05T02:37:43","guid":{"rendered":"https:\/\/www.cgjung.net\/espace\/?page_id=21502"},"modified":"2024-04-07T06:53:11","modified_gmt":"2024-04-07T04:53:11","slug":"les-voix-du-reve","status":"publish","type":"page","link":"https:\/\/www.cgjung.net\/espace\/accueil\/breves-efj\/les-voix-du-reve\/","title":{"rendered":"Les voix du r\u00eave"},"content":{"rendered":"<p><strong>Le r\u00eave est un pont entre l&rsquo;inconscient et le conscient et sur ce pont des messages circulent. Ils se manifestent parfois par des voix.&nbsp;<\/strong><\/p>\n<p><img loading=\"lazy\" decoding=\"async\" class=\"aligncenter size-full wp-image-24211\" src=\"https:\/\/www.cgjung.net\/espace\/wp-content\/uploads\/2024\/04\/les-voies-du-reve-2.jpg\" alt=\"\" width=\"600\" height=\"343\" srcset=\"https:\/\/www.cgjung.net\/espace\/wp-content\/uploads\/2024\/04\/les-voies-du-reve-2.jpg 600w, https:\/\/www.cgjung.net\/espace\/wp-content\/uploads\/2024\/04\/les-voies-du-reve-2-300x172.jpg 300w\" sizes=\"auto, (max-width: 600px) 100vw, 600px\" \/><\/p>\n<h2>La Grande Voix du Soi<\/h2>\n<p>Les voix qui parlent dans les r\u00eaves peuvent manifester l&rsquo;opinion d&rsquo;inconnus ou de personnages bien identifi\u00e9s. Il peut aussi s&rsquo;agir d&rsquo;une r\u00e9flexion que le r\u00eaveur se fait \u00e0 lui-m\u00eame. Parfois c&rsquo;est plus vague : \u00ab\u00a0on dit que, il est dit que\u00a0\u00bb.<\/p>\n<p>Une autre voix est entendue, imp\u00e9rative, numineuse, exprim\u00e9e avec force par un personnage plein d&rsquo;autorit\u00e9, ou m\u00eame par un \u00eatre invisible dont la voix r\u00e9sonne d&rsquo;une mani\u00e8re biblique. On peut alors penser, <strong>dans les pas de Jung<\/strong>, qu&rsquo;il s&rsquo;agit de la Grande Voix du Soi.<\/p>\n<h2>Les voix douteuses<\/h2>\n<p>Les voix appartenant \u00e0 des personnages identifi\u00e9s sont des voix \u00ab\u00a0douteuses\u00a0\u00bb. Voix de l&rsquo;ombre, voix d&rsquo;une <em>anima<\/em> ou d&rsquo;un <em>animus<\/em> n\u00e9gatif ou positif. Ces voix ont emprunt\u00e9 une forme symbolique.<\/p>\n<p>Il est difficile de s&rsquo;y retrouver car on a tendance \u00e0 leur donner, si on veut interpr\u00e9ter le r\u00eave, la m\u00eame place que si on les rencontrait dans la vie quotidienne, avec toutes les arri\u00e8re-pens\u00e9es que cela implique.&nbsp;<\/p>\n<h2>Le Soi veut se faire entendre<\/h2>\n<p>D&rsquo;autre fois, le r\u00eave propose des \u00ab\u00a0on dit que\u00a0\u00bb ou \u00ab\u00a0une voix dit\u00a0\u00bb. C&rsquo;est le d\u00e9but des efforts du Soi pour se faire entendre. Et puis, quand les r\u00eaves sont fr\u00e9quents et deviennent une s\u00e9rie de r\u00eaves, arrive la Voix qui est une esp\u00e8ce de fil conducteur. Elle \u00e9mane de personnages inconnus, vari\u00e9s, sous les d\u00e9guisements desquels il est difficile de reconna\u00eetre des repr\u00e9sentants du Soi.<\/p>\n<p>Il arrive que survienne une situation onirique au cours de laquelle se produit le ph\u00e9nom\u00e8ne de la Grande Voix et alors le doute n&rsquo;est plus permis. Elle s&rsquo;exprime d&rsquo;une mani\u00e8re autoritaire, claire et convaincante et, <strong>comme l&rsquo;\u00e9crit Jung<\/strong> dans <a href=\"https:\/\/www.cgjung.net\/oeuvre\/psychologie_religion.htm\">Psychologie et religion<\/a> :<\/p>\n<blockquote>\n<p style=\"text-align: left;\">\u00ab\u00a0&#8230; para\u00eet souvent \u00eatre le r\u00e9sultat final et pertinent d&rsquo;une longue d\u00e9lib\u00e9ration inconsciente, au cours de laquelle tous les arguments auraient \u00e9t\u00e9 soigneusement pes\u00e9s. Fr\u00e9quemment, la voix provient d&rsquo;un personnage plein d&rsquo;autorit\u00e9 : tel un chef militaire, le commandant d&rsquo;un navire ou un vieux m\u00e9decin. Quelquefois il n&rsquo;y a qu&rsquo;une voix, venue, semble-t-il, de nulle part.\u00a0\u00bb (p.88)<\/p>\n<\/blockquote>\n<h2>&nbsp;La voix de l&rsquo;Ami int\u00e9rieur<\/h2>\n<p>Quand la voix n&rsquo;\u00e9mane pas d&rsquo;une personnalit\u00e9 sup\u00e9rieure ou id\u00e9ale, ce peut \u00eatre aussi celle de l&rsquo;Ami int\u00e9rieur avec lequel s&rsquo;engage une conversation avec soi m\u00eame. <strong>Jung<\/strong>, dans <a href=\"https:\/\/www.cgjung.net\/oeuvre\/ame_soi.htm\">l&rsquo;\u00c2me et le Soi<\/a>, r\u00e9pond \u00e0 ceux qui objectent que ce qu&rsquo;exprime la voix n&rsquo;est rien d&rsquo;autre que les pens\u00e9es du r\u00eaveur :<\/p>\n<blockquote>\n<p style=\"text-align: left;\">\u00ab\u00a0Souvent on m&rsquo;a object\u00e9 que les pens\u00e9es exprim\u00e9es par la voix ne sont autre chose que les pens\u00e9es de l&rsquo;individu lui-m\u00eame. C&rsquo;est possible mais je n&rsquo;appellerai mienne une id\u00e9e que si c&rsquo;est <em>moi<\/em> qui l&rsquo;ai pens\u00e9e, comme je ne dirai d&rsquo;une somme d&rsquo;argent qu&rsquo;elle m&rsquo;appartient, que si je l&rsquo;ai gagn\u00e9e ou encore acquise d&rsquo;une mani\u00e8re consciente et l\u00e9gitime.\u00a0\u00bb<\/p>\n<\/blockquote>\n<p>Le ph\u00e9nom\u00e8ne de la Voix est identique. Elle offre des contenus mentaux comme le ferait un ami donnant des id\u00e9es ou des conseils. Cependant, il est impossible de produire la voix \u00e0 la demande ou de deviner \u00e0 l&rsquo;avance le contenu d&rsquo;un message. La voix du r\u00eave n&rsquo;appartient pas plus au r\u00eaveur que le bruit de la rue ou d&rsquo;une musique lointaine.<\/p>\n<p>Pour dire que la voix est un \u00e9l\u00e9ment de la personnalit\u00e9 consciente, il faudrait admettre que cette personnalit\u00e9 fait partie d&rsquo;un tout, qu&rsquo;elle est un petit cercle contenu dans un cercle plus grand, l\u00e0 o\u00f9 se joue la musique.<\/p>\n<p style=\"text-align: right;\"><a href=\"https:\/\/www.cgjung.net\/espace\/accueil\/ariane-callot\/\">Ariane Callot<\/a>, avril 2024<\/p>\n<p><img loading=\"lazy\" decoding=\"async\" class=\"wp-image-98 size-medium aligncenter\" src=\"https:\/\/www.cgjung.net\/espace\/wp-content\/uploads\/2014\/08\/cul-de-lampe-1-300x112.png\" alt=\"\" width=\"300\" height=\"112\" srcset=\"https:\/\/www.cgjung.net\/espace\/wp-content\/uploads\/2014\/08\/cul-de-lampe-1-300x112.png 300w, https:\/\/www.cgjung.net\/espace\/wp-content\/uploads\/2014\/08\/cul-de-lampe-1.png 650w\" sizes=\"auto, (max-width: 300px) 100vw, 300px\" \/><\/p>\n<h2>Br\u00e8ves et coups de c\u0153ur<\/h2>\n<ul>\n<li><a href=\"https:\/\/www.cgjung.net\/espace\/accueil\/breves-efj\/paranoia-folie-lucide\/\">Parano\u00efa ou la folie lucide<\/a><\/li>\n<li><a href=\"https:\/\/www.cgjung.net\/espace\/accueil\/breves-efj\/les-voix-du-reve\/\">Les voix du r\u00eave<\/a><\/li>\n<li><a href=\"https:\/\/www.cgjung.net\/espace\/accueil\/breves-efj\/processus-individuation\/\">Un processus d\u2019individuation \u00e0 \u00e9couter et \u00e0 voir<\/a><\/li>\n<li><a href=\"https:\/\/www.cgjung.net\/espace\/accueil\/breves-efj\/feminin-psyche\/\">Le f\u00e9minin \u00e0 l\u2019\u0153uvre dans la psych\u00e9<\/a><\/li>\n<li><a href=\"https:\/\/www.cgjung.net\/espace\/accueil\/breves-efj\/tres-vieil-homme-en-nous\/\">C.G. Jung et le tr\u00e8s Vieil Homme en nous<\/a><\/li>\n<li><a href=\"https:\/\/www.cgjung.net\/espace\/accueil\/breves-efj\/violence-alchimie\/\">Jung et la symbolique de la violence en alchimie<\/a><\/li>\n<li><a href=\"https:\/\/www.cgjung.net\/espace\/accueil\/breves-efj\/jung-liberte-expression\/\">C.G. Jung et la libert\u00e9 d\u2019expression<\/a><\/li>\n<li><a href=\"https:\/\/www.cgjung.net\/espace\/accueil\/breves-efj\/jung-phobies\/\">Que pense Jung des phobies et de leur traitement ?<\/a><\/li>\n<li><a href=\"https:\/\/www.cgjung.net\/espace\/accueil\/breves-efj\/hallucinations-alchimistes\/\">Les hallucinations des alchimistes<\/a><\/li>\n<li><a href=\"https:\/\/www.cgjung.net\/espace\/accueil\/textes\/vie-et-mort-selon-jung\/\">La vie et la mort selon Carl Gustav Jung<\/a><\/li>\n<\/ul>\n\n","protected":false},"excerpt":{"rendered":"<p>Le r\u00eave est un pont entre l&rsquo;inconscient et le conscient et sur ce pont des messages circulent. Ils se manifestent parfois par des voix.&nbsp; La Grande Voix du Soi Les voix qui parlent dans les r\u00eaves peuvent manifester l&rsquo;opinion d&rsquo;inconnus ou de personnages bien identifi\u00e9s. Il peut aussi s&rsquo;agir d&rsquo;une r\u00e9flexion que le r\u00eaveur se [&hellip;]<\/p>\n","protected":false},"author":3,"featured_media":0,"parent":21160,"menu_order":0,"comment_status":"closed","ping_status":"closed","template":"","meta":{"footnotes":""},"class_list":["post-21502","page","type-page","status-publish","hentry"],"_links":{"self":[{"href":"https:\/\/www.cgjung.net\/espace\/wp-json\/wp\/v2\/pages\/21502","targetHints":{"allow":["GET"]}}],"collection":[{"href":"https:\/\/www.cgjung.net\/espace\/wp-json\/wp\/v2\/pages"}],"about":[{"href":"https:\/\/www.cgjung.net\/espace\/wp-json\/wp\/v2\/types\/page"}],"author":[{"embeddable":true,"href":"https:\/\/www.cgjung.net\/espace\/wp-json\/wp\/v2\/users\/3"}],"replies":[{"embeddable":true,"href":"https:\/\/www.cgjung.net\/espace\/wp-json\/wp\/v2\/comments?post=21502"}],"version-history":[{"count":28,"href":"https:\/\/www.cgjung.net\/espace\/wp-json\/wp\/v2\/pages\/21502\/revisions"}],"predecessor-version":[{"id":24214,"href":"https:\/\/www.cgjung.net\/espace\/wp-json\/wp\/v2\/pages\/21502\/revisions\/24214"}],"up":[{"embeddable":true,"href":"https:\/\/www.cgjung.net\/espace\/wp-json\/wp\/v2\/pages\/21160"}],"wp:attachment":[{"href":"https:\/\/www.cgjung.net\/espace\/wp-json\/wp\/v2\/media?parent=21502"}],"curies":[{"name":"wp","href":"https:\/\/api.w.org\/{rel}","templated":true}]}}