{"id":19619,"date":"2022-10-28T07:17:58","date_gmt":"2022-10-28T05:17:58","guid":{"rendered":"https:\/\/www.cgjung.net\/espace\/?page_id=19619"},"modified":"2022-10-28T07:21:41","modified_gmt":"2022-10-28T05:21:41","slug":"termes-alchimiques","status":"publish","type":"page","link":"https:\/\/www.cgjung.net\/espace\/accueil\/ariane-callot\/termes-alchimiques\/","title":{"rendered":"Les termes alchimiques \u00e9clair\u00e9s par Dom Pernety et C.G. Jung"},"content":{"rendered":"<p style=\"text-align: justify;\"><strong>C.G. Jung a r\u00e9alis\u00e9 son propre dictionnaire du langage alchimique. Une telle capacit\u00e9 de travail n&rsquo;est pas donn\u00e9e \u00e0 tous et pour ceux qui s&rsquo;int\u00e9ressent \u00e0 l&rsquo;alchimie voici une pr\u00e9sentation du dictionnaire Mytho-Herm\u00e9tique de Dom Pernety. Jung cite r\u00e9guli\u00e8rement cet auteur.<\/strong><\/p>\n<h2><img loading=\"lazy\" decoding=\"async\" class=\"size-full wp-image-8530 aligncenter\" src=\"https:\/\/www.cgjung.net\/espace\/wp-content\/uploads\/2019\/03\/desintoxication.jpg\" alt=\"\" width=\"457\" height=\"655\" srcset=\"https:\/\/www.cgjung.net\/espace\/wp-content\/uploads\/2019\/03\/desintoxication.jpg 457w, https:\/\/www.cgjung.net\/espace\/wp-content\/uploads\/2019\/03\/desintoxication-209x300.jpg 209w\" sizes=\"auto, (max-width: 457px) 100vw, 457px\" \/><\/h2>\n<h2>C.G. Jung et l&rsquo;obscur<strong>it<\/strong>\u00e9 du langage alchimique<\/h2>\n<p style=\"text-align: justify;\">Dans <a href=\"https:\/\/www.cgjung.net\/oeuvre\/ma_vie.htm\">Ma vie<\/a><em>,<\/em> Jung raconte au chapitre Gen\u00e8se de l\u2019\u0153uvre combien furent difficiles ses premiers contacts avec l&rsquo;alchimie. Il pressentait le rapport tr\u00e8s particulier entre la psychologie analytique et les textes des philosophes alchimistes du Moyen-\u00c2ge, mais il butait sur le foisonnement des synonymes, les contradictions, les m\u00e9taphores qui rendent ces textes particuli\u00e8rement obscurs.<\/p>\n<p style=\"text-align: justify;\">\u00c0 la suite de la lecture du texte d&rsquo;alchimie chinoise<em> Secret de la fleur d&rsquo;or<\/em> que lui avait envoy\u00e9 Richard Wilhelm en 1928, il avait re\u00e7u une v\u00e9ritable illumination au sujet de l&rsquo;importance de l&rsquo;alchimie et command\u00e9 toute une s\u00e9rie d&rsquo;ouvrages. Il se mit \u00e0 la lecture du premier et fut tr\u00e8s d\u00e9\u00e7u et comme il l&rsquo;\u00e9crit :<\/p>\n<blockquote>\n<p style=\"text-align: justify;\">\u00ab\u00a0Mais ce livre demeura tout d&rsquo;abord presque deux ans \u00e0 l&rsquo;\u00e9cart. De temps en temps, j&rsquo;en feuilletais les gravures et chaque fois je pensais par devers moi : Seigneur quelle stupidit\u00e9 ! Il n&rsquo;est pas possible de comprendre \u00e7a.\u00a0\u00bb p.238<\/p>\n<\/blockquote>\n<p style=\"text-align: justify;\">Mais Jung n&rsquo;\u00e9tait pas homme \u00e0 renoncer et \u00e0 force d&rsquo;acharnement il comprit que tout ce vocabulaire \u00e9tait symbolique. Commen\u00e7a alors un travail titanesque qui dura plus de dix ans :<\/p>\n<blockquote>\n<p style=\"text-align: justify;\">\u00ab\u00a0Si bien que je d\u00e9cidai <strong>de me constituer un dictionnaire <\/strong>de mots de r\u00e9f\u00e9rence avec des renvois. Le temps aidant, j&rsquo;ai recueilli plusieurs milliers de termes de r\u00e9f\u00e9rence, et cela me faisait des volumes entiers de citations.\u00a0\u00bb (p.239)<\/p>\n<\/blockquote>\n<h2>La n\u00e9cessit\u00e9 d&rsquo;un dictionnaire<\/h2>\n<p style=\"text-align: justify;\">Tout le monde n&rsquo;a pas l&rsquo;intense curiosit\u00e9, la patience et l&rsquo;immense capacit\u00e9 de travail de Jung. Pour celui ou celle (j&rsquo;en fais partie) qui cherche \u00e0 trouver son chemin dans la for\u00eat de la symbolique alchimique <i>Le dictionnaire Mytho-herm\u00e9tique<\/i> de Dom Antoine-Joseph <strong>Pernety<\/strong> est un outil pr\u00e9cieux dont il existe plusieurs r\u00e9\u00e9ditions en fac-simil\u00e9.<\/p>\n<p style=\"text-align: justify;\">R\u00e9dig\u00e9 en fran\u00e7ais et publi\u00e9 en 1758, il est ainsi pr\u00e9sent\u00e9 par l&rsquo;auteur : DICTIONNAIRE MYTHO-HERM\u00c9TIQUE Dans lequel on trouve les All\u00e9gories fabuleuses des Po\u00e8tes, les M\u00e9taphores, les \u00c9nigmes et les Termes barbares des Philosophes Herm\u00e9tiques expliqu\u00e9s.<\/p>\n<p style=\"text-align: justify;\">Il signe de son nom en ajoutant qu&rsquo;il est Religieux B\u00e9n\u00e9dictin de la Congr\u00e9gation de Saint-Maur.&nbsp;<\/p>\n<h2>Dom Antoine-Joseph PERNETY<\/h2>\n<p style=\"text-align: justify;\">Pern\u00e9ty, m\u00eame s&rsquo;il se disait moine et tr\u00e8s chr\u00e9tien, sentait fortement le souffre.<\/p>\n<p style=\"text-align: justify;\">N\u00e9 en 1716 \u00e0 Roanne il rentre dans les ordres chez les B\u00e9n\u00e9dictins. Tr\u00e8s cultiv\u00e9, \u00e9rudit m\u00eame, il s\u2019int\u00e9resse vivement \u00e0 l&rsquo;alchimie. Il se lasse de la vie monastique et passe une bonne partie de sa vie \u00e0 lutter pour \u00eatre dispens\u00e9 des r\u00e8gles de son ordre. On peut le consid\u00e9rer comme un moine d\u00e9froqu\u00e9.<\/p>\n<p style=\"text-align: justify;\">Il s&rsquo;exila en Prusse durant quelques ann\u00e9es mais revient en France en 1783. On tente sans succ\u00e8s de le faire rentrer dans son monast\u00e8re. Il survit, apr\u00e8s un passage en prison, \u00e0 la R\u00e9volution et meurt \u00e0 Avignon en 1796, persuad\u00e9 d&rsquo;avoir trouv\u00e9 la Pierre Philosophale.<\/p>\n<p style=\"text-align: justify;\">On dit beaucoup de choses vraies ou fausses \u00e0 son sujet. Influenc\u00e9 par Swedenborg, celui-l\u00e0 m\u00eame dont Jung avait lu sept volumes dans sa jeunesse, il aurait \u00e0 une \u00e9poque cr\u00e9\u00e9 en Avignon une esp\u00e8ce de secte. En tous cas son int\u00e9r\u00eat pour l&rsquo;alchimie ne se d\u00e9mentit jamais et son dictionnaire lui a surv\u00e9cu en ayant une certaine influence. <a href=\"https:\/\/www.cgjung.net\/espace\/accueil\/jung-nerval-aurelia\/\">G\u00e9rard de Nerval<\/a>, par exemple, en \u00e9tait impr\u00e9gn\u00e9.<\/p>\n<p style=\"text-align: justify;\">Pour ce qui est de Jung il ne le cite que tardivement. Il faut dire qu&rsquo;il avait son propre dictionnaire. Il y fait r\u00e9f\u00e9rence dans <a href=\"https:\/\/www.cgjung.net\/oeuvre\/synchronicite_paracelsica.htm\">Synchronicit\u00e9 et Paracelsica<\/a>, <a href=\"https:\/\/www.cgjung.net\/oeuvre\/aion.htm\">A\u00efon<\/a>, <a href=\"https:\/\/www.cgjung.net\/oeuvre\/mysterium_conjunctionis_1.htm\">Mysterium conjunctionis<\/a> mais pas dans <a href=\"https:\/\/www.cgjung.net\/oeuvre\/psychologie_alchimie.htm\">Psychologie et alchimie.<\/a><\/p>\n<h2>Que pensait Pernety ?<\/h2>\n<p style=\"text-align: justify;\">Dom Pernety, qui se pr\u00e9sente comme chr\u00e9tien, est d&rsquo;une largesse d&rsquo;id\u00e9es \u00e9tonnante, en particulier dans sa mani\u00e8re de <strong>diviniser la Nature<\/strong>, tout en s&rsquo;abritant derri\u00e8re des auteurs.<\/p>\n<p style=\"text-align: justify;\">En effet, Pernety utilise pour ses d\u00e9finitions des extraits \u00ab\u00a0choisis\u00a0\u00bb des auteurs les plus r\u00e9put\u00e9s. M\u00eame s&rsquo;il ne le cite pas tr\u00e8s souvent, on devine l&rsquo;influence de <b>Paracelse<\/b>. Il propose ainsi un vaste panorama de la philosophie herm\u00e9tique \u00e0 l&rsquo;\u00e9poque de son travail. Il justifie ses recherches, sur le plan religieux, en \u00e9crivant dans sa pr\u00e9face :<\/p>\n<blockquote>\n<p style=\"text-align: justify;\">\u00ab\u00a0Cette Science est un don de Dieu et un myst\u00e8re cach\u00e9 dans les livres des philosophes, sous le voile obscur des \u00e9nigmes, des m\u00e9taphores, des paraboles et des discours envelopp\u00e9s, afin qu&rsquo;elle ne vienne pas \u00e0 la connaissance des insens\u00e9s qui en abuseraient et des ignorants qui ne se donnent pas la peine d&rsquo;\u00e9tudier la Nature.\u00a0\u00bb<\/p>\n<\/blockquote>\n<p style=\"text-align: justify;\">Ces gens qui refusent d&rsquo;\u00e9tudier la Nature sont ceux qu&rsquo;il avait d\u00e9j\u00e0 fustig\u00e9s par ces lignes qui me semblent avoir conserv\u00e9 toute leur actualit\u00e9 :<\/p>\n<blockquote>\n<p style=\"text-align: justify;\">\u00ab\u00a0Mal \u00e0 propos traite-t-on de fous les Philosophes Herm\u00e9tiques : n&rsquo;est-ce pas se donner un vrai ridicule que de d\u00e9cider hardiment que l&rsquo;objet de leur Science est une chim\u00e8re, parce qu&rsquo;on ne peut pas le p\u00e9n\u00e9trer, ou qu&rsquo;on l&rsquo;ignore absolument, c&rsquo;est en juger comme un aveugle des couleurs.\u00a0\u00bb<\/p>\n<\/blockquote>\n<p style=\"text-align: justify;\">Je pense que cette citation devrait \u00eatre m\u00e9dit\u00e9e de nos jours &#8230;<\/p>\n<p style=\"text-align: justify;\">Pernety fait le choix de multiplier les exemples, au risque d&rsquo;\u00eatre touffu, pour donner au lecteur la possibilit\u00e9 de se faire une id\u00e9e au sujet des \u00ab\u00a0obscurit\u00e9s\u00a0\u00bb qui peuvent \u00eatre \u00e0 l&rsquo;origine d&rsquo;erreurs, mais aussi de d\u00e9couvertes \u00ab\u00a0extraordinaires\u00a0\u00bb. C&rsquo;\u00e9tait un homme qui ne craignait pas de prendre des risques, on le voit dans les derni\u00e8res lignes de la pr\u00e9face :<\/p>\n<blockquote>\n<p style=\"text-align: justify;\">\u00ab\u00a0Il me semble que plus un homme a d&rsquo;\u00e9tendue de g\u00e9nie et de connaissances moins il doit nier et plus il doit voir de possibilit\u00e9s dans la Nature. \u00c0 \u00eatre cr\u00e9dule il y a plus \u00e0 gagner qu&rsquo;\u00e0 perdre. La cr\u00e9dulit\u00e9 engage un homme d&rsquo;esprit dans des recherches qui le d\u00e9sabusent, s&rsquo;il \u00e9tait dans l&rsquo;erreur, et qui toujours l&rsquo;instruisent de ce qu&rsquo;il ignorait.\u00a0\u00bb&nbsp;<\/p>\n<\/blockquote>\n<p style=\"text-align: justify;\">Et que dire de ce qu&rsquo;\u00e9crit Pernety \u00e0 l&rsquo;article Nature :<\/p>\n<blockquote>\n<p style=\"text-align: justify;\"><strong>\u00ab\u00a0L&rsquo;\u0153il de Dieu, Dieu lui-m\u00eame toujours attentif \u00e0 son ouvrage, est proprement la Nature-m\u00eame, et les lois qu&rsquo;il a pos\u00e9es pour sa conservation sont les causes de tout ce qui s&rsquo;op\u00e8re dans l&rsquo;univers\u00a0\u00bb.&nbsp;<\/strong><\/p>\n<\/blockquote>\n<p style=\"text-align: justify;\">Pour Pernety, comme pour Paracelse, la Nature toute puissante est assimilable \u00e0 Dieu et en retournant la proposition on peut se demander si ces philosophes, sans en \u00eatre conscients, n&rsquo;assimilaient pas Dieu \u00e0 la Nature rejoignant ainsi la pens\u00e9e de<strong> Spinoza<\/strong>.<\/p>\n<h2 style=\"text-align: justify;\">De l&rsquo;utilisation du Dictionnaire mytho-herm\u00e9tique<strong><br \/>\n<\/strong><\/h2>\n<p style=\"text-align: justify;\">Pour ceux qui seraient tent\u00e9s par l&rsquo;aventure po\u00e9tique, je dirais m\u00eame surr\u00e9aliste, que repr\u00e9sente la lecture de certains textes alchimiques et aussi pour ceux qui voudraient suivre le cheminement de Jung dans les ouvrages o\u00f9 il traite de la symbolique alchimique, il est n\u00e9cessaire de de lire certaines entr\u00e9es du dictionnaire.&nbsp;<\/p>\n<p style=\"text-align: justify;\">Au mot <strong>Langage <\/strong>il montre bien le c\u00f4t\u00e9 herm\u00e9tique de la langue des philosophes alchimistes :<\/p>\n<blockquote>\n<p style=\"text-align: justify;\">\u00ab\u00a0Les philosophes n&rsquo;expriment point le vrai sens de leurs pens\u00e9es en langage vulgaire, et il ne faut pas les interpr\u00e9ter suivant les id\u00e9es que pr\u00e9sentent les termes en usage pour exprimer les choses communes.\u00a0\u00bb<\/p>\n<\/blockquote>\n<p style=\"text-align: justify;\">Ceci est compl\u00e9t\u00e9 \u00e0 l&rsquo;entr\u00e9e<strong> Ruse <\/strong>par cette phrase cinglante :<\/p>\n<blockquote>\n<p style=\"text-align: justify;\">\u00ab\u00a0Les Philosophes emploient la ruse pour cacher le secret de leur Art et faire prendre le change aux ignorants.\u00a0\u00bb<\/p>\n<\/blockquote>\n<p style=\"text-align: justify;\">Le reste du texte montre bien la mani\u00e8re dont Pernety pense que les alchimistes veulent \u00e0 tout prix cacher leur savoir au \u00ab\u00a0vulgaire \u00ab\u00a0. Mais il est l\u00e0, lui le moine rebelle, pour tout r\u00e9v\u00e9ler.<\/p>\n<p style=\"text-align: justify;\">Le mot<strong> Nature, <\/strong>dont j&rsquo;ai parl\u00e9 plus haut<strong>, <\/strong>int\u00e9resse tellement Pernety qu&rsquo;il comporte 12 pages. C&rsquo;est foisonnant, historique, alchimique et passionnant car on y retrouve une v\u00e9ritable et originale description de l&rsquo;univers, des r\u00e8gnes, des \u00e9l\u00e9ments, des nombres et j&rsquo;en passe car ce mot m\u00e9riterait \u00e0 lui seul un article.&nbsp;<\/p>\n<p style=\"text-align: justify;\">Pernety peut aussi faire preuve d&rsquo;une certaine forme d&rsquo;humour, par exemple au sujet du <strong>Fourneau <\/strong>dont il dit :<\/p>\n<blockquote>\n<p style=\"text-align: justify;\">\u00ab\u00a0Les philosophes chymiques ont aussi leur fourneau, dont ils font un grand secret.\u00a0\u00bb<\/p>\n<\/blockquote>\n<p style=\"text-align: justify;\">Il fait une nouvelle entr\u00e9e intitul\u00e9e<strong> Fourneau de Paresse<\/strong> :<\/p>\n<blockquote>\n<p style=\"text-align: justify;\">\u00ab\u00a0Se dit, en terme de chymie, d&rsquo;un fourneau fait de telle fa\u00e7on, qu\u2019avec peu de feu et peu de travail, il chauffe et communique sa chaleur \u00e0 plusieurs autres.\u00a0\u00bb<\/p>\n<\/blockquote>\n<p style=\"text-align: justify;\">On connaissait d\u00e9j\u00e0 les \u00e9conomies d&rsquo;\u00e9nergie !<\/p>\n<h2>Une description des phases de l&rsquo;\u0152uvre<\/h2>\n<p style=\"text-align: justify;\">Quand on lit les auteurs qui parlent des diff\u00e9rentes phases de l\u2019\u0153uvre alchimique on nage souvent dans la confusion. Pernety, m\u00eame si apr\u00e8s une d\u00e9finition tr\u00e8s claire il s\u2019\u00e9gare parfois dans les d\u00e9tails donne des d\u00e9finitions tr\u00e8s utiles. J&rsquo;en ai gard\u00e9 la substantifique moelle pour vous proposer ces br\u00e8ves d\u00e9finitions des cinq premi\u00e8res phases du travail de l&rsquo;alchimiste :<\/p>\n<ul>\n<li style=\"text-align: justify;\">En premier lieu il y a la <strong>calcination<\/strong>, c&rsquo;est \u00e0 dire, au moyen du Mercure des sages chauff\u00e9 \u00ab\u00a0au feu philosophal\u00a0\u00bb, la purification des corps et leur s\u00e9paration de l&rsquo;Humide qui les liait.<\/li>\n<li style=\"text-align: justify;\">Suit la <strong>putr\u00e9faction<\/strong>, op\u00e9ration qui d\u00e9truit la nature et la forme du corps putr\u00e9fi\u00e9, pour le transmuer et lui permettre de produire un corps nouveau.&nbsp;<\/li>\n<li style=\"text-align: justify;\">Vient ensuite la <strong>solution<\/strong>, c&rsquo;est \u00e0 dire, \u00ab\u00a0la conversion de l&rsquo;Humide Radical fixe en un corps aqueux par l&rsquo;action de l&rsquo;esprit volatil cach\u00e9 dans la premi\u00e8re eau.\u00a0\u00bb<\/li>\n<li style=\"text-align: justify;\">La quatri\u00e8me marche est celle de la <strong>distillation<\/strong>, op\u00e9ration qui \u00ab\u00a0subtilise toutes les eaux et les huiles\u00a0\u00bb.<\/li>\n<li style=\"text-align: justify;\">Ensuite, la <strong>conjonction<\/strong> pendant laquelle il y a r\u00e9union des natures contraires et des qualit\u00e9s s\u00e9par\u00e9es. Il doit alors se faire un \u00ab\u00a0mariage indissoluble m\u00eame \u00e0 la plus grande violence du feu.\u00a0\u00bb<\/li>\n<\/ul>\n<h2 style=\"text-align: justify;\">\u00c9viter la lumi\u00e8re glac\u00e9e de l&rsquo;intellect<\/h2>\n<p style=\"text-align: justify;\">Il faut se garder d'\u00a0\u00bbintellectualiser\u00a0\u00bb l&rsquo;alchimie et son vocabulaire et il me vient, pour conclure, cette belle citation d&rsquo; <strong>\u00c9tienne Perrot<\/strong> :<\/p>\n<blockquote>\n<p style=\"text-align: justify;\">\u00ab\u00a0L&rsquo;alchimie, la voie int\u00e9rieure, est aux antipodes de toute technique, de toute conceptualisation, puisqu&rsquo;elle est la vie dans son jaillissement. Elle est la sagesse des fous, la sagesse des enfants qui puisent leur savoir dans l&rsquo;eau qui coule, le vent qui berce les branches en faisant bruisser et trembler les feuilles, le feu qui p\u00e9tille et multiplie les nuances de ses ors. L&rsquo;ordre profond, l&rsquo;ordre de l&rsquo;univers n&rsquo;appara\u00eet que si l&rsquo;on \u00e9pouse amoureusement le d\u00e9sordre des ph\u00e9nom\u00e8nes, la na\u00efvet\u00e9 \u00e9loquente des formes int\u00e9rieures et ext\u00e9rieures, sans intrusion ill\u00e9gitime de la raison qui classe, syst\u00e9matise et veut tout r\u00e9genter. Le monde, certes, est un syst\u00e8me, c&rsquo;est \u00e0 dire un ensemble dont toutes les parties se tiennent, il est le Vivant parfait dont parle le <em>Tim\u00e9e<\/em>. Pourtant, ses membres ne sont pas reli\u00e9s par la lumi\u00e8re glac\u00e9e de l&rsquo;intellect coup\u00e9 de ses racines, ils ont pour lien, pour sang, &#8211; pour <em>colle<\/em>, disent les alchimistes &#8211; la clart\u00e9 rougeoyante et chaude de l&rsquo;amour.\u00a0\u00bb <a href=\"https:\/\/www.cgjung.net\/publications\/etienne-perrot\/la-voie-de-la-transformation.htm\">La voie de la transformation<\/a> p. 337<\/p>\n<\/blockquote>\n<p>\u00c0 lire \u00e9galement <a href=\"https:\/\/www.cgjung.net\/espace\/ariaga-ecrits-jung\/alchimie\/origine-couleurs\/\">C.G. Jung d\u00e9crit l\u2019origine et la couleur des phases de l\u2019alchimie.<\/a><\/p>\n<p style=\"text-align: right;\">Octobre 2022<\/p>\n<p><a href=\"https:\/\/www.cgjung.net\/contact.htm\"><strong>Adresser un message \u00e0 Ariane Callot<\/strong><\/a><\/p>\n<p>&nbsp;<\/p>\n<h2>Articles Ariane Callot<\/h2>\n<ul>\n<li><a href=\"https:\/\/www.cgjung.net\/espace\/accueil\/ariane-callot\/pouvoir-jugement\/\">Les affam\u00e9s de pouvoir ont-ils un jugement unilat\u00e9ral ?<\/a><\/li>\n<li><a href=\"https:\/\/www.cgjung.net\/espace\/accueil\/ariane-callot\/vieil-homme-enfant\/\">Jung : le vieil homme et l\u2019enfant<\/a><\/li>\n<li><a href=\"https:\/\/www.cgjung.net\/espace\/accueil\/ariane-callot\/individuation-individualisme\/\">Individuation et individualisme<\/a><\/li>\n<li><a href=\"https:\/\/www.cgjung.net\/espace\/accueil\/ariane-callot\/jung-et-la-geomancie\/\">C.G. Jung et la g\u00e9omancie<\/a><\/li>\n<li><a href=\"https:\/\/www.cgjung.net\/espace\/accueil\/ariane-callot\/citations-jung\/\">Sur l\u2019utilisation des citations de Carl Gustav Jung<\/a><\/li>\n<li><a href=\"https:\/\/www.cgjung.net\/espace\/accueil\/ariane-callot\/representations-theatrales-serie-reves\/\">Prologues aux repr\u00e9sentations th\u00e9\u00e2trales d\u2019une s\u00e9rie de r\u00eaves<\/a><\/li>\n<li><a href=\"https:\/\/www.cgjung.net\/espace\/accueil\/ariane-callot\/psyche-champ-de-bataille\/\">Quand la psych\u00e9 est un champ de bataille<\/a><\/li>\n<li><a href=\"https:\/\/www.cgjung.net\/espace\/accueil\/ariane-callot\/horloge-du-monde\/\">C.G. Jung et l\u2019Horloge du Monde<\/a><\/li>\n<li><a href=\"https:\/\/www.cgjung.net\/espace\/accueil\/ariane-callot\/frank-herbert-jung\/\">Carl Gustav Jung et l\u2019\u0153uvre de Frank Herbert<\/a><\/li>\n<li><a href=\"https:\/\/www.cgjung.net\/espace\/accueil\/pauli-jung-femme-inconnue\/\">Wolfgang Pauli, Carl Gustav Jung et la femme inconnue<\/a><\/li>\n<li><a href=\"https:\/\/www.cgjung.net\/espace\/accueil\/trois-oeuvres-essentielles\/\">L\u2019inspiration alchimique de Jung dans trois \u0153uvres essentielles<\/a><\/li>\n<li><a href=\"https:\/\/www.cgjung.net\/espace\/accueil\/ariane-callot\/psychologie-alchimie\/\">Comment aborder le livre de C.G. Jung Psychologie et Alchimie ?<\/a><\/li>\n<li><a href=\"https:\/\/www.cgjung.net\/espace\/accueil\/ariane-callot\/arbre-philosophique\/\">Carl Gustav Jung et l\u2019arbre philosophique<\/a><\/li>\n<li><a href=\"https:\/\/www.cgjung.net\/espace\/accueil\/ariane-callot\/reponse-job-jung-et-ses-detracteurs\/\">R\u00e9ponse \u00e0 Job : Jung et ses d\u00e9tracteurs<\/a><\/li>\n<li><a href=\"https:\/\/www.cgjung.net\/espace\/accueil\/ariane-callot\/termes-alchimiques\/\">Les termes alchimiques \u00e9clair\u00e9s par Dom Pernety et C.G. Jung<\/a><\/li>\n<li><a href=\"https:\/\/www.cgjung.net\/espace\/accueil\/les-dedoublements-du-thesard\/\">Les d\u00e9doublements du th\u00e9sard<\/a><\/li>\n<li><a href=\"https:\/\/www.cgjung.net\/espace\/accueil\/ariane-callot\/rencontres-bernard-kaempf\/\">Rencontres autour de Jung avec Bernard Kaempf<\/a><\/li>\n<li><a href=\"https:\/\/www.cgjung.net\/espace\/accueil\/alchimie-poetique\/\">Jung, Rimbaud, vers l\u2019alchimie po\u00e9tique<\/a><\/li>\n<li><a href=\"https:\/\/www.cgjung.net\/espace\/accueil\/jung-nerval-aurelia\/\">Carl Gustav Jung, G\u00e9rard de Nerval et Aur\u00e9lia<\/a><\/li>\n<li><a href=\"https:\/\/www.cgjung.net\/espace\/accueil\/jung-nietzsche-dieu-ne-peut-pas-mourir\/\">Jung \/ Nietzsche&nbsp;: Dieu ne peut pas mourir<\/a><\/li>\n<li><a href=\"https:\/\/www.cgjung.net\/espace\/accueil\/jung-nietzsche-maladie\/\">Jung \/ Nietzsche&nbsp;: le c\u00f4t\u00e9 positif\/n\u00e9gatif de la maladie<\/a><\/li>\n<li><a href=\"https:\/\/www.cgjung.net\/espace\/accueil\/jung-nietzsche\/\">Jung \/ Nietzsche, rendez-vous et \u00e9vitement<\/a><\/li>\n<\/ul>\n<p><em>Articles co-\u00e9crits avec Jean-Pierre Robert :<\/em><\/p>\n<ul>\n<li><a href=\"https:\/\/www.cgjung.net\/espace\/accueil\/psychologie-carl-gustav-jung\/\">La psychologie de Carl Gustav Jung expliqu\u00e9e clairement<\/a><\/li>\n<li><a href=\"https:\/\/www.cgjung.net\/espace\/accueil\/carl-gustav-jung-junichiro-tanizaki\/\">Carl Gustav Jung et Junichir\u00f4 Tanizaki font l\u2019\u00e9loge de l\u2019ombre<\/a><\/li>\n<\/ul>\n<p><em>Trois rubriques compl\u00e8tent cette liste d&rsquo;articles :<\/em><\/p>\n<p><a href=\"https:\/\/www.cgjung.net\/espace\/cg-jung\/\">Recherches sur Jung<\/a>&nbsp;|&nbsp;<a href=\"https:\/\/www.cgjung.net\/espace\/ariaga-ecrits-jung\/\">\u00c9crits sur Jung<\/a> | <a href=\"https:\/\/www.cgjung.net\/espace\/ariaga-poesie\/\">Po\u00e9sie Ariaga<\/a><\/p>\n\n","protected":false},"excerpt":{"rendered":"<p>C.G. Jung a r\u00e9alis\u00e9 son propre dictionnaire du langage alchimique. Une telle capacit\u00e9 de travail n&rsquo;est pas donn\u00e9e \u00e0 tous et pour ceux qui s&rsquo;int\u00e9ressent \u00e0 l&rsquo;alchimie voici une pr\u00e9sentation du dictionnaire Mytho-Herm\u00e9tique de Dom Pernety. Jung cite r\u00e9guli\u00e8rement cet auteur. C.G. Jung et l&rsquo;obscurit\u00e9 du langage alchimique Dans Ma vie, Jung raconte au chapitre [&hellip;]<\/p>\n","protected":false},"author":1,"featured_media":0,"parent":18078,"menu_order":0,"comment_status":"closed","ping_status":"closed","template":"","meta":{"footnotes":""},"class_list":["post-19619","page","type-page","status-publish","hentry"],"_links":{"self":[{"href":"https:\/\/www.cgjung.net\/espace\/wp-json\/wp\/v2\/pages\/19619","targetHints":{"allow":["GET"]}}],"collection":[{"href":"https:\/\/www.cgjung.net\/espace\/wp-json\/wp\/v2\/pages"}],"about":[{"href":"https:\/\/www.cgjung.net\/espace\/wp-json\/wp\/v2\/types\/page"}],"author":[{"embeddable":true,"href":"https:\/\/www.cgjung.net\/espace\/wp-json\/wp\/v2\/users\/1"}],"replies":[{"embeddable":true,"href":"https:\/\/www.cgjung.net\/espace\/wp-json\/wp\/v2\/comments?post=19619"}],"version-history":[{"count":68,"href":"https:\/\/www.cgjung.net\/espace\/wp-json\/wp\/v2\/pages\/19619\/revisions"}],"predecessor-version":[{"id":20170,"href":"https:\/\/www.cgjung.net\/espace\/wp-json\/wp\/v2\/pages\/19619\/revisions\/20170"}],"up":[{"embeddable":true,"href":"https:\/\/www.cgjung.net\/espace\/wp-json\/wp\/v2\/pages\/18078"}],"wp:attachment":[{"href":"https:\/\/www.cgjung.net\/espace\/wp-json\/wp\/v2\/media?parent=19619"}],"curies":[{"name":"wp","href":"https:\/\/api.w.org\/{rel}","templated":true}]}}