{"id":17402,"date":"2021-08-08T10:15:33","date_gmt":"2021-08-08T08:15:33","guid":{"rendered":"https:\/\/www.cgjung.net\/espace\/?page_id=17402"},"modified":"2021-08-08T10:15:33","modified_gmt":"2021-08-08T08:15:33","slug":"frink-freud","status":"publish","type":"page","link":"https:\/\/www.cgjung.net\/espace\/ressources\/frink-freud\/","title":{"rendered":"Frink &#038; Freud"},"content":{"rendered":"<p><strong>Cette bande dessin\u00e9e retrace la vie d&rsquo;Horace Frink (1883-1936), l&rsquo;un des am\u00e9ricains de la premi\u00e8re heure \u00e0 soutenir Sigmund Freud, qui de son c\u00f4t\u00e9 lui accordait toute sa confiance.&nbsp; D\u00e8s leur arriv\u00e9e, lors de leur premier voyage aux USA en 1909, Sigmund Freud, Carl Gustav Jung et S\u00e1ndor Ferenczi sont conduits \u00e0 l&rsquo;h\u00f4tel par Horace Frink.<\/strong><\/p>\n<p>C&rsquo;est l&rsquo;occasion pour Pierre P\u00e9ju, l&rsquo;auteur des textes qui accompagnent les riches illustrations de Lionel Richerand, d&rsquo;\u00e9voquer les relations entre les grands noms de la psychanalyse naissante qui ont particip\u00e9 \u00e0 son essort.<\/p>\n<p><img loading=\"lazy\" decoding=\"async\" class=\"size-full wp-image-17400 aligncenter\" src=\"https:\/\/www.cgjung.net\/espace\/wp-content\/uploads\/2021\/08\/frink-et-freud.jpg\" alt=\"\" width=\"280\" height=\"395\" \/><\/p>\n<p style=\"text-align: center;\"><a href=\"https:\/\/www.amazon.fr\/exec\/obidos\/ASIN\/2356141987\/carlgustavjungen\" target=\"_blank\" rel=\"noopener\"><img loading=\"lazy\" decoding=\"async\" class=\"aligncenter\" src=\"https:\/\/www.cgjung.net\/espace\/wp-content\/uploads\/2019\/08\/achat-amazon-fr.png\" alt=\"\" width=\"300\" height=\"25\" \/><\/a>Editions Casterman &#8211; 18,9 x 26,1 x 2 cm &#8211; 216 pages<\/p>\n<p>Les dialogues et les dessins sont plein d&rsquo;humour. Ils se conjuguent et donnent vie aux personnages qui sont aux prises avec leurs probl\u00e8mes personnels, leur d\u00e9sir de convaincre et de prendre place dans ce nouveau monde. L&rsquo;auteur montre qu&rsquo;ils ne sont pas toujours les bienvenus dans ce grand pays tr\u00e8s puritain.<\/p>\n<p><img loading=\"lazy\" decoding=\"async\" class=\"size-full wp-image-17404 aligncenter\" src=\"https:\/\/www.cgjung.net\/espace\/wp-content\/uploads\/2021\/08\/frink-freud-jung-a.jpg\" alt=\"\" width=\"600\" height=\"917\" \/><\/p>\n<p>Ces deux planches o\u00f9 figurent C.G. Jung t\u00e9moignent du ton de cette bande dessin\u00e9e.<\/p>\n<p><img loading=\"lazy\" decoding=\"async\" class=\"size-full wp-image-17405 aligncenter\" src=\"https:\/\/www.cgjung.net\/espace\/wp-content\/uploads\/2021\/08\/frink-freud-jung-b-scaled.jpg\" alt=\"\" width=\"1667\" height=\"2560\" \/><\/p>\n<p>Une belle r\u00e9alisation !<\/p>\n","protected":false},"excerpt":{"rendered":"<p>Cette bande dessin\u00e9e retrace la vie d&rsquo;Horace Frink (1883-1936), l&rsquo;un des am\u00e9ricains de la premi\u00e8re heure \u00e0 soutenir Sigmund Freud, qui de son c\u00f4t\u00e9 lui accordait toute sa confiance.&nbsp; D\u00e8s leur arriv\u00e9e, lors de leur premier voyage aux USA en 1909, Sigmund Freud, Carl Gustav Jung et S\u00e1ndor Ferenczi sont conduits \u00e0 l&rsquo;h\u00f4tel par Horace [&hellip;]<\/p>\n","protected":false},"author":1,"featured_media":0,"parent":9713,"menu_order":13,"comment_status":"closed","ping_status":"closed","template":"","meta":{"footnotes":""},"class_list":["post-17402","page","type-page","status-publish","hentry"],"_links":{"self":[{"href":"https:\/\/www.cgjung.net\/espace\/wp-json\/wp\/v2\/pages\/17402","targetHints":{"allow":["GET"]}}],"collection":[{"href":"https:\/\/www.cgjung.net\/espace\/wp-json\/wp\/v2\/pages"}],"about":[{"href":"https:\/\/www.cgjung.net\/espace\/wp-json\/wp\/v2\/types\/page"}],"author":[{"embeddable":true,"href":"https:\/\/www.cgjung.net\/espace\/wp-json\/wp\/v2\/users\/1"}],"replies":[{"embeddable":true,"href":"https:\/\/www.cgjung.net\/espace\/wp-json\/wp\/v2\/comments?post=17402"}],"version-history":[{"count":13,"href":"https:\/\/www.cgjung.net\/espace\/wp-json\/wp\/v2\/pages\/17402\/revisions"}],"predecessor-version":[{"id":17417,"href":"https:\/\/www.cgjung.net\/espace\/wp-json\/wp\/v2\/pages\/17402\/revisions\/17417"}],"up":[{"embeddable":true,"href":"https:\/\/www.cgjung.net\/espace\/wp-json\/wp\/v2\/pages\/9713"}],"wp:attachment":[{"href":"https:\/\/www.cgjung.net\/espace\/wp-json\/wp\/v2\/media?parent=17402"}],"curies":[{"name":"wp","href":"https:\/\/api.w.org\/{rel}","templated":true}]}}