{"id":15612,"date":"2021-02-14T11:09:54","date_gmt":"2021-02-14T10:09:54","guid":{"rendered":"https:\/\/www.cgjung.net\/espace\/?page_id=15612"},"modified":"2021-02-23T06:18:11","modified_gmt":"2021-02-23T05:18:11","slug":"detournement-langage","status":"publish","type":"page","link":"https:\/\/www.cgjung.net\/espace\/accueil\/michel-cautaerts\/detournement-langage\/","title":{"rendered":"D\u00e9tournement du langage dans la perversion narcissique ou le harc\u00e8lement"},"content":{"rendered":"<p><strong>Pour le pervers narcissique, ou le harceleur, la v\u00e9rit\u00e9 ne compte pas. Le langage est d\u00e9tourn\u00e9 de sa fonction naturelle de communication. Il est utilis\u00e9 pour agir sur la victime, la d\u00e9stabiliser, la manipuler et lui instiller (injecter) le poison du doute.<\/strong><\/p>\n<p><img loading=\"lazy\" decoding=\"async\" class=\"size-full wp-image-15627 aligncenter\" src=\"https:\/\/www.cgjung.net\/espace\/wp-content\/uploads\/2021\/02\/Detournement-du-langage.png\" alt=\"\" width=\"573\" height=\"141\" srcset=\"https:\/\/www.cgjung.net\/espace\/wp-content\/uploads\/2021\/02\/Detournement-du-langage.png 573w, https:\/\/www.cgjung.net\/espace\/wp-content\/uploads\/2021\/02\/Detournement-du-langage-300x74.png 300w\" sizes=\"auto, (max-width: 573px) 100vw, 573px\" \/><\/p>\n<p>Le langage constitue l&rsquo;outil prioritaire investi par le pervers narcissique pour manipuler la victime et persuader \u00e0 l\u2019entourage en sa propre valeur. Importent en effet chez lui le besoin et le plaisir de se faire valoir aux d\u00e9pens d\u2019autrui. La v\u00e9rit\u00e9 compte d&rsquo;ailleurs si peu pour lui qu&rsquo;il se trouve proche de la mythomanie ; tout entier dans l&rsquo;acte, il pense \u00e0 peine.<\/p>\n<h2>Usage des mots, un exemple<\/h2>\n<p>Dans l&rsquo;ouvrage <a href=\"https:\/\/www.cgjung.net\/publications\/perversion-narcissique-je-tu-il-michel-cautaerts.htm\">\u00ab\u00a0Je tu(e) il\u00a0\u00bb<\/a>, page 222-223, je donne un exemple :<\/p>\n<blockquote><p>\u00ab\u00a0Quand la victime demande une discussion, le pervers la remet habilement \u00e0 plus tard ou la refuse sous divers pr\u00e9textes. Il ne r\u00e9pond jamais, soupire, d\u00e9clare que l&rsquo;autre est d\u00e9cid\u00e9ment insupportable, obs\u00e9d\u00e9 ou malade.<\/p>\n<p>Si malgr\u00e9 tout la discussion a lieu, il renverse les faits sans scrupule, affirme que sa victime joue la com\u00e9die, m\u00eame si elle est atteinte d&rsquo;une maladie physique. Les d\u00e9nis viennent \u00e9tayer les mensonges.<\/p>\n<p>La discussion se termine invariablement par la victoire du pervers ou du harceleur, expert dans l&rsquo;art du retournement de tous les arguments dont la victime ne rep\u00e8re pas les glissements de sens, le passage du particulier au g\u00e9n\u00e9ral, etc.<\/p>\n<p>\u00c9puis\u00e9e, celle-ci \u00e9prouve le vague sentiment de s&rsquo;\u00eatre fait avoir mais les arguments semblent si logiques qu&rsquo;elle s&rsquo;accuse int\u00e9rieurement de manque de gentillesse, d&rsquo;amour ou de bon sens, d&rsquo;exag\u00e9ration ou d&rsquo;hyst\u00e9rie, etc.<\/p>\n<p>Comme les man\u0153uvres se prolongent et se r\u00e9p\u00e8tent, elle revient \u00e0 la charge mais avec le m\u00eame d\u00e9plorable manque de r\u00e9sultat. Lass\u00e9e, elle devient de plus en plus passive et subit la situation, jusqu&rsquo;au jour o\u00f9 une insulte de plus ou un acte pervers humiliant et insupportable \u00ab fait d\u00e9border son vase \u00bb et la jette hors de la relation.\u00a0\u00bb<\/p><\/blockquote>\n<h2>Le pervers narcissique est un \u00eatre charmant<\/h2>\n<p>Son art consomm\u00e9 de la s\u00e9duction et sa propension \u00e0 rendre service font percevoir le pervers narcissique comme un \u00eatre charmant. Par cons\u00e9quent, lorsque av\u00e9r\u00e9e, la victime se plaint, <span style=\"color: #ff0000;\"><span style=\"color: #000000;\">e<\/span><\/span>lle se retrouve en butte \u00e0 l&rsquo;incr\u00e9dulit\u00e9 ou \u00e0 la minimisation de la nocivit\u00e9 des actes du pervers. A fortiori, \u00e9puis\u00e9e et d\u00e9cervel\u00e9e, elle n\u2019arrive pas \u00e0 pr\u00e9ciser ce qui la d\u00e9truit.<\/p>\n<p>Elle se souvient rarement des mots utilis\u00e9s par le pervers narcissique ou de ses attitudes et ce refoulement fonctionne d\u2019autant plus que les paradoxes et les doubles liens jouent sur les niveaux verbaux et non verbaux, ce qui les rend difficilement rep\u00e9rables sans prise de notes.<\/p>\n<h2>Le manque de cr\u00e9dibilit\u00e9 des victimes<\/h2>\n<p>Ainsi, la victime manque souvent de cr\u00e9dibilit\u00e9 aux yeux des juges ou des m\u00e9decins. Qui plus est, le pervers narcissique marque une pr\u00e9dilection pour l\u2019inversion : <strong>il injecte le poison du doute dans l\u2019autre<\/strong>, qu&rsquo;il d\u00e9finit toujours comme \u00e9tant en tort.<\/p>\n<p>Sa force vient aussi de ce que l<strong>a victime croit que le pervers fonctionne comme une personne normale<\/strong> ou n\u00e9vros\u00e9e et, d\u00e8s lors, lui attribue des affects qu\u2019il ne vit pas, un souci de v\u00e9rit\u00e9 dont il n\u2019a cure et une capacit\u00e9 de reconna\u00eetre ceux-ci pourtant incompatible avec son fonctionnement.<\/p>\n<h2>Le pervers narcissique s\u00e9duit et dupe les professionnels<\/h2>\n<p>Ayant d\u00e9crypt\u00e9 le langage et les r\u00e9f\u00e9rents des professionnels, le pervers narcissique, lui, les s\u00e9duit habilement avec d\u00e9f\u00e9rence en se pr\u00e9sentant comme un \u00eatre raisonnable, mesur\u00e9 et soucieux des autres.<\/p>\n<p>Les psychiatres eux-m\u00eames se laissent berner par cet escroc beau parleur et sont pouss\u00e9s \u00e0 sortir du cadre de leur travail. Quant aux avocats, habitu\u00e9s par profession \u00e0 discuter du sens de la loi, ils se font parfois complices, inconsciemment ou non, des manipulateurs.<\/p>\n<p style=\"text-align: center;\"><a class=\"buttonv navigation\" href=\"https:\/\/www.cgjung.net\/espace\/accueil\/michel-cautaerts\/la-perversion-narcissique\/\">Article pr\u00e9c\u00e9dent<\/a> <a class=\"buttonv navigation\" href=\"https:\/\/www.cgjung.net\/espace\/accueil\/michel-cautaerts\/manoeuvres-perverses\/\">Article suivant<\/a><\/p>\n<p><a href=\"https:\/\/www.cgjung.net\/contact.htm\"><strong>Adresser un message \u00e0 Michel Cautaerts<\/strong><\/a><\/p>\n<p>&nbsp;<\/p>\n<h2>A lire \u00e9galement<\/h2>\n<ul>\n<li><a href=\"https:\/\/www.cgjung.net\/espace\/accueil\/michel-cautaerts\/la-perversion-narcissique\/\">La perversion narcissique ou le harc\u00e8lement moral<\/a><\/li>\n<li><a href=\"https:\/\/www.cgjung.net\/espace\/accueil\/michel-cautaerts\/detournement-langage\/\">D\u00e9tournement du langage dans la perversion narcissique ou le harc\u00e8lement<\/a><\/li>\n<li><a href=\"https:\/\/www.cgjung.net\/espace\/accueil\/michel-cautaerts\/manoeuvres-perverses\/\">Les man\u0153uvres perverses et les personnes cibles<\/a><\/li>\n<li><a href=\"https:\/\/www.cgjung.net\/espace\/accueil\/michel-cautaerts\/perversion-narcissique-couples-et-enfants\/\">La perversion narcissique : couples et enfants<\/a><\/li>\n<li><a href=\"https:\/\/www.cgjung.net\/espace\/accueil\/michel-cautaerts\/traitement-victimes-pervers-narcissiques\/\">Traitement pour les victimes de pervers narcissiques<\/a><\/li>\n<li><a href=\"https:\/\/www.cgjung.net\/espace\/accueil\/michel-cautaerts\/traitement-pervers-narcissiques\/\">Traitement des pervers narcissiques<\/a><\/li>\n<li><a href=\"https:\/\/www.cgjung.net\/espace\/accueil\/michel-cautaerts\/narcissisme-perversion-paranoia\/\">Du narcissisme, \u00e0 travers la perversion, jusqu\u2019\u00e0 la parano\u00efa<\/a><\/li>\n<li><a href=\"https:\/\/www.cgjung.net\/espace\/accueil\/michel-cautaerts\/bibliographie\/\">Rep\u00e8res bibliographiques<\/a><\/li>\n<\/ul>\n<h2>Michel Cautaerts<\/h2>\n<p>M\u00e9decin psychiatre et psychanalyste jungien, ancien pr\u00e9sident de la Soci\u00e9t\u00e9 Belge de Psychologie Analytique, Michel Cautaerts est un chercheur, clinicien et conf\u00e9rencier. Sa riche exp\u00e9rience s&rsquo;\u00e9tend sur plus de 40 ans. Il est l&rsquo;auteur de deux ouvrages :<\/p>\n<ul>\n<li>\u00ab\u00a0<a href=\"https:\/\/www.cgjung.net\/publications\/perversion-narcissique-je-tu-il-michel-cautaerts.htm\">Je tu(e) il\u00a0\u00bb<\/a>. Manipulations et perversions: le sens du mal.<br \/>\n<a href=\"https:\/\/www.cgjung.net\/espace\/accueil\/michel-cautaerts\/\">Lire un extrait de la pr\u00e9face<\/a> r\u00e9dig\u00e9e par Michel Cazenave.<\/li>\n<li><a href=\"https:\/\/www.cgjung.net\/publications\/couples_dieux_hommes.htm\">Couples des dieux, couples des hommes<\/a>. De la mythologie \u00e0 la psychanalyse du quotidien.<\/li>\n<\/ul>\n\n","protected":false},"excerpt":{"rendered":"<p>Pour le pervers narcissique, ou le harceleur, la v\u00e9rit\u00e9 ne compte pas. Le langage est d\u00e9tourn\u00e9 de sa fonction naturelle de communication. Il est utilis\u00e9 pour agir sur la victime, la d\u00e9stabiliser, la manipuler et lui instiller (injecter) le poison du doute. Le langage constitue l&rsquo;outil prioritaire investi par le pervers narcissique pour manipuler la [&hellip;]<\/p>\n","protected":false},"author":1,"featured_media":0,"parent":15570,"menu_order":0,"comment_status":"closed","ping_status":"closed","template":"","meta":{"footnotes":""},"class_list":["post-15612","page","type-page","status-publish","hentry"],"_links":{"self":[{"href":"https:\/\/www.cgjung.net\/espace\/wp-json\/wp\/v2\/pages\/15612","targetHints":{"allow":["GET"]}}],"collection":[{"href":"https:\/\/www.cgjung.net\/espace\/wp-json\/wp\/v2\/pages"}],"about":[{"href":"https:\/\/www.cgjung.net\/espace\/wp-json\/wp\/v2\/types\/page"}],"author":[{"embeddable":true,"href":"https:\/\/www.cgjung.net\/espace\/wp-json\/wp\/v2\/users\/1"}],"replies":[{"embeddable":true,"href":"https:\/\/www.cgjung.net\/espace\/wp-json\/wp\/v2\/comments?post=15612"}],"version-history":[{"count":20,"href":"https:\/\/www.cgjung.net\/espace\/wp-json\/wp\/v2\/pages\/15612\/revisions"}],"predecessor-version":[{"id":15670,"href":"https:\/\/www.cgjung.net\/espace\/wp-json\/wp\/v2\/pages\/15612\/revisions\/15670"}],"up":[{"embeddable":true,"href":"https:\/\/www.cgjung.net\/espace\/wp-json\/wp\/v2\/pages\/15570"}],"wp:attachment":[{"href":"https:\/\/www.cgjung.net\/espace\/wp-json\/wp\/v2\/media?parent=15612"}],"curies":[{"name":"wp","href":"https:\/\/api.w.org\/{rel}","templated":true}]}}