{"id":15570,"date":"2021-02-10T16:43:37","date_gmt":"2021-02-10T15:43:37","guid":{"rendered":"https:\/\/www.cgjung.net\/espace\/?page_id=15570"},"modified":"2024-08-23T16:41:51","modified_gmt":"2024-08-23T14:41:51","slug":"michel-cautaerts","status":"publish","type":"page","link":"https:\/\/www.cgjung.net\/espace\/accueil\/michel-cautaerts\/","title":{"rendered":"Michel Cautaerts"},"content":{"rendered":"<p><strong>Michel Cazenave, dans la pr\u00e9face du livre de Michel Cautaerts \u00ab\u00a0<a href=\"https:\/\/www.cgjung.net\/publications\/perversion-narcissique-je-tu-il-michel-cautaerts.htm\"><em>Je tu(e) il\u00a0\u00bb Psychanalyse et mythanalyse des perversions<\/em><\/a>&nbsp; souligne \u00ab\u00a0la dialectique qui s&rsquo;y d\u00e9ploie entre les le\u00e7ons de Freud et celles de Jung\u00a0\u00bb.<\/strong><\/p>\n<h2>La perversion est l&rsquo;un des domaines les plus difficiles \u00e0 comprendre<\/h2>\n<p><em>Quelques extraits :&nbsp;<\/em>\u00ab\u00a0La perversion est certainement l&rsquo;un des domaines les plus difficiles \u00e0 comprendre dans le champ de la psychanalyse. Entre la n\u00e9vrose et la psychose &#8211; mais sans qu&rsquo;on puisse pourtant la confondre avec un quelconque \u00e9tat border-line, m\u00eame si elle en rel\u00e8ve quelquefois &#8211; elle est comme le double n\u00e9gatif de la premi\u00e8re sans l&rsquo;\u00e9dification de quoi la n\u00e9vrose \u00abnormale\u00bb \u00e0 laquelle nous sommes tous soumis ne pourrait elle-m\u00eame se construire (il suffit de penser ici \u00e0 l&rsquo;enfant pervers polymorphe), mais qu&rsquo;il faut absolument d\u00e9passer \u00e0 peine de graves troubles psychiques. [&#8230;]\n<p>Au fond, la perversion (du latin per-vertere), indique une \u00e9tape du d\u00e9veloppement qu&rsquo;il faut bien traverser (ce qu&rsquo;indique le per) pour pouvoir la d\u00e9passer. La perversion proprement dite renvoie alors \u00e0 cet \u00e9tat o\u00f9 le d\u00e9passement n&rsquo;a pas eu lieu &#8211; parce que les pulsions partielles n&rsquo;ont pas trouv\u00e9 leur unit\u00e9 par la gr\u00e2ce de la loi, autrement dit du processus de limitation et de la reconnaissance de notre finitude fondamentale.<\/p>\n<p>Alors, toutes les \u00ab erreurs \u00bb sont permises, et il est \u00e9tonnant de constater comme la psych\u00e9 se donne \u00e0 elle-m\u00eame cette limite par fixation sur un objet ou une mani\u00e8re de jouir qui a r\u00e9tr\u00e9ci son champ.&nbsp; [&#8230;]\n<h2>Les vieilles mythologies nous offrent de multiples tableaux de la perversion<\/h2>\n<p>Cette perversion, il n&rsquo;a pas fallu forc\u00e9ment attendre la psychanalyse classique, sinon pour l&rsquo;expliquer, du moins pour la rep\u00e9rer et l&rsquo;identifier. Les vieilles mythologies nous en offrent de multiples tableaux, qui nous permettent de comprendre comme les perversions, quelle que soit leur nature, ne d\u00e9pendent pas seulement de l&rsquo;histoire personnelle des sujets qui les vivent, mais peuvent relever aussi d&rsquo;un mod\u00e8le arch\u00e9typal que, pour ma part, et me r\u00e9f\u00e9rant \u00e0 de nombreuses d\u00e9clarations de Jung, j&rsquo;aurais tendance \u00e0 appeler une structure (vide a priori de toute repr\u00e9sentation) de l&rsquo;inconscient le plus profond.<\/p>\n<h2>Approfondir et compl\u00e9ter les travaux de Freud<\/h2>\n<p>Il ne s&rsquo;agit pas l\u00e0 de nier Freud, mais de l&rsquo;approfondir, et, \u00e9ventuellement, de le compl\u00e9ter en faisant appel \u00e0 toutes les sources de lumi\u00e8re dont nous pouvons disposer.<\/p>\n<p>C&rsquo;est \u00e0 ce travail &#8211; et non sans succ\u00e8s &#8211; que s&rsquo;est attel\u00e9 Michel Cautaerts. Soyons-lui reconnaissants du nouvel \u00e9clairage qu&rsquo;il instaure de la sorte, et de la dialectique qui s&rsquo;y d\u00e9ploie entre les le\u00e7ons de Freud et celles de Jung.<\/p>\n<p>Pour aborder un tel sujet, on prend toujours un risque : celui de se br\u00fbler \u00e0 son \u00e9tude. Risque assum\u00e9, et largement surmont\u00e9, nous semble-t-il, parce que, pr\u00e9cis\u00e9ment, c&rsquo;est \u00e0 une travers\u00e9e de la perversion que nous sommes ici appel\u00e9s.\u00a0\u00bb<\/p>\n<p><a id=\"cautaerts\"><\/a><p><a href=\"https:\/\/www.cgjung.net\/contact.htm\"><strong>Adresser un message \u00e0 Michel Cautaerts<\/strong><\/a><\/p>\n<p>&nbsp;<\/p>\n<h2>A lire \u00e9galement<\/h2>\n<ul>\n<li><a href=\"https:\/\/www.cgjung.net\/espace\/accueil\/michel-cautaerts\/la-perversion-narcissique\/\">La perversion narcissique ou le harc\u00e8lement moral<\/a><\/li>\n<li><a href=\"https:\/\/www.cgjung.net\/espace\/accueil\/michel-cautaerts\/detournement-langage\/\">D\u00e9tournement du langage dans la perversion narcissique ou le harc\u00e8lement<\/a><\/li>\n<li><a href=\"https:\/\/www.cgjung.net\/espace\/accueil\/michel-cautaerts\/manoeuvres-perverses\/\">Les man\u0153uvres perverses et les personnes cibles<\/a><\/li>\n<li><a href=\"https:\/\/www.cgjung.net\/espace\/accueil\/michel-cautaerts\/perversion-narcissique-couples-et-enfants\/\">La perversion narcissique : couples et enfants<\/a><\/li>\n<li><a href=\"https:\/\/www.cgjung.net\/espace\/accueil\/michel-cautaerts\/traitement-victimes-pervers-narcissiques\/\">Traitement pour les victimes de pervers narcissiques<\/a><\/li>\n<li><a href=\"https:\/\/www.cgjung.net\/espace\/accueil\/michel-cautaerts\/traitement-pervers-narcissiques\/\">Traitement des pervers narcissiques<\/a><\/li>\n<li><a href=\"https:\/\/www.cgjung.net\/espace\/accueil\/michel-cautaerts\/narcissisme-perversion-paranoia\/\">Du narcissisme, \u00e0 travers la perversion, jusqu\u2019\u00e0 la parano\u00efa<\/a><\/li>\n<li><a href=\"https:\/\/www.cgjung.net\/espace\/accueil\/michel-cautaerts\/bibliographie\/\">Rep\u00e8res bibliographiques<\/a><\/li>\n<\/ul>\n<h2>Michel Cautaerts<\/h2>\n<p>M\u00e9decin psychiatre et psychanalyste jungien, ancien pr\u00e9sident de la Soci\u00e9t\u00e9 Belge de Psychologie Analytique, Michel Cautaerts est un chercheur, clinicien et conf\u00e9rencier. Sa riche exp\u00e9rience s&rsquo;\u00e9tend sur plus de 40 ans. Il est l&rsquo;auteur de deux ouvrages :<\/p>\n<ul>\n<li>\u00ab\u00a0<a href=\"https:\/\/www.cgjung.net\/publications\/perversion-narcissique-je-tu-il-michel-cautaerts.htm\">Je tu(e) il\u00a0\u00bb<\/a>. Manipulations et perversions: le sens du mal.<br \/>\n<a href=\"https:\/\/www.cgjung.net\/espace\/accueil\/michel-cautaerts\/\">Lire un extrait de la pr\u00e9face<\/a> r\u00e9dig\u00e9e par Michel Cazenave.<\/li>\n<li><a href=\"https:\/\/www.cgjung.net\/publications\/couples_dieux_hommes.htm\">Couples des dieux, couples des hommes<\/a>. De la mythologie \u00e0 la psychanalyse du quotidien.<\/li>\n<\/ul>\n\n","protected":false},"excerpt":{"rendered":"<p>Michel Cazenave, dans la pr\u00e9face du livre de Michel Cautaerts \u00ab\u00a0Je tu(e) il\u00a0\u00bb Psychanalyse et mythanalyse des perversions&nbsp; souligne \u00ab\u00a0la dialectique qui s&rsquo;y d\u00e9ploie entre les le\u00e7ons de Freud et celles de Jung\u00a0\u00bb. La perversion est l&rsquo;un des domaines les plus difficiles \u00e0 comprendre Quelques extraits :&nbsp;\u00ab\u00a0La perversion est certainement l&rsquo;un des domaines les plus [&hellip;]<\/p>\n","protected":false},"author":1,"featured_media":0,"parent":53,"menu_order":17,"comment_status":"closed","ping_status":"closed","template":"","meta":{"footnotes":""},"class_list":["post-15570","page","type-page","status-publish","hentry"],"_links":{"self":[{"href":"https:\/\/www.cgjung.net\/espace\/wp-json\/wp\/v2\/pages\/15570","targetHints":{"allow":["GET"]}}],"collection":[{"href":"https:\/\/www.cgjung.net\/espace\/wp-json\/wp\/v2\/pages"}],"about":[{"href":"https:\/\/www.cgjung.net\/espace\/wp-json\/wp\/v2\/types\/page"}],"author":[{"embeddable":true,"href":"https:\/\/www.cgjung.net\/espace\/wp-json\/wp\/v2\/users\/1"}],"replies":[{"embeddable":true,"href":"https:\/\/www.cgjung.net\/espace\/wp-json\/wp\/v2\/comments?post=15570"}],"version-history":[{"count":10,"href":"https:\/\/www.cgjung.net\/espace\/wp-json\/wp\/v2\/pages\/15570\/revisions"}],"predecessor-version":[{"id":26370,"href":"https:\/\/www.cgjung.net\/espace\/wp-json\/wp\/v2\/pages\/15570\/revisions\/26370"}],"up":[{"embeddable":true,"href":"https:\/\/www.cgjung.net\/espace\/wp-json\/wp\/v2\/pages\/53"}],"wp:attachment":[{"href":"https:\/\/www.cgjung.net\/espace\/wp-json\/wp\/v2\/media?parent=15570"}],"curies":[{"name":"wp","href":"https:\/\/api.w.org\/{rel}","templated":true}]}}