{"id":14445,"date":"2020-09-20T17:56:18","date_gmt":"2020-09-20T15:56:18","guid":{"rendered":"https:\/\/www.cgjung.net\/espace\/?page_id=14445"},"modified":"2020-09-20T18:12:40","modified_gmt":"2020-09-20T16:12:40","slug":"structure-ame","status":"publish","type":"page","link":"https:\/\/www.cgjung.net\/espace\/ressources\/structure-ame\/","title":{"rendered":"La structure de l&rsquo;\u00e2me &#8211; C.G. Jung"},"content":{"rendered":"<p><strong>La structure de l&rsquo;\u00e2me est un texte in\u00e9dit de C.G. Jung, ne figurant pas dans ses \u0153uvres compl\u00e8tes. <\/strong><\/p>\n<p><img loading=\"lazy\" decoding=\"async\" class=\"size-full wp-image-14447 aligncenter\" src=\"https:\/\/www.cgjung.net\/espace\/wp-content\/uploads\/2020\/09\/cg-jung-la-structure-de-l-ame.jpg\" alt=\"\" width=\"280\" height=\"378\" \/><\/p>\n<p style=\"text-align: center;\"><a href=\"https:\/\/www.amazon.fr\/exec\/obidos\/ASIN\/2847954473\/carlgustavjungen\" target=\"_blank\" rel=\"noopener noreferrer\"><img loading=\"lazy\" decoding=\"async\" class=\"size-full wp-image-9645 aligncenter\" src=\"https:\/\/www.cgjung.net\/espace\/wp-content\/uploads\/2019\/08\/achat-amazon-fr.png\" alt=\"\" width=\"300\" height=\"25\" \/><\/a>\u00c9ditions L&rsquo;Esprit du Temps &#8211;&nbsp; 14 cm x 19 cm x 0,8 cm &#8211; 96 pages<br \/>\nPr\u00e9face de Fran\u00e7ois Martin &#8211; Vallas<\/p>\n<h2>Pr\u00e9sentation de l&rsquo;\u00e9diteur<\/h2>\n<p>Il s&rsquo;agit d&rsquo;un texte directement \u00e9crit en fran\u00e7ais par Jung et publi\u00e9 en 1928 dans la <em>Revue M\u00e9tapsychique<\/em>.<\/p>\n<p>Jung se situe dans la tradition philosophique occidentale pour nous d\u00e9crire la structure de l&rsquo;\u00e2me: la conscience est dot\u00e9e d&rsquo;un centre, le moi, ayant \u00e0 sa disposition une \u00e9nergie, la volont\u00e9, \u00e9nergie arrach\u00e9e \u00e0 l&rsquo;instinct et \u00e0 l&rsquo;inconscient par l&rsquo;action \u00ab\u00a0magique\u00a0\u00bb (symbolique) des arch\u00e9types et des rituels.<\/p>\n<p>Cette conception de la psych\u00e9 nous introduit dans l&rsquo;univers jungien tr\u00e8s distinct du monde freudien. C&rsquo;est enfin le premier texte de Jung \u00e0 \u00eatre illustr\u00e9 d&rsquo;une repr\u00e9sentation de mandala, en l&rsquo;occurrence dessin\u00e9e par l&rsquo;une de ses patientes.<\/p>\n","protected":false},"excerpt":{"rendered":"<p>La structure de l&rsquo;\u00e2me est un texte in\u00e9dit de C.G. Jung, ne figurant pas dans ses \u0153uvres compl\u00e8tes. \u00c9ditions L&rsquo;Esprit du Temps &#8211;&nbsp; 14 cm x 19 cm x 0,8 cm &#8211; 96 pages Pr\u00e9face de Fran\u00e7ois Martin &#8211; Vallas Pr\u00e9sentation de l&rsquo;\u00e9diteur Il s&rsquo;agit d&rsquo;un texte directement \u00e9crit en fran\u00e7ais par Jung et publi\u00e9 [&hellip;]<\/p>\n","protected":false},"author":1,"featured_media":0,"parent":9713,"menu_order":13,"comment_status":"closed","ping_status":"closed","template":"","meta":{"footnotes":""},"class_list":["post-14445","page","type-page","status-publish","hentry"],"_links":{"self":[{"href":"https:\/\/www.cgjung.net\/espace\/wp-json\/wp\/v2\/pages\/14445","targetHints":{"allow":["GET"]}}],"collection":[{"href":"https:\/\/www.cgjung.net\/espace\/wp-json\/wp\/v2\/pages"}],"about":[{"href":"https:\/\/www.cgjung.net\/espace\/wp-json\/wp\/v2\/types\/page"}],"author":[{"embeddable":true,"href":"https:\/\/www.cgjung.net\/espace\/wp-json\/wp\/v2\/users\/1"}],"replies":[{"embeddable":true,"href":"https:\/\/www.cgjung.net\/espace\/wp-json\/wp\/v2\/comments?post=14445"}],"version-history":[{"count":4,"href":"https:\/\/www.cgjung.net\/espace\/wp-json\/wp\/v2\/pages\/14445\/revisions"}],"predecessor-version":[{"id":14449,"href":"https:\/\/www.cgjung.net\/espace\/wp-json\/wp\/v2\/pages\/14445\/revisions\/14449"}],"up":[{"embeddable":true,"href":"https:\/\/www.cgjung.net\/espace\/wp-json\/wp\/v2\/pages\/9713"}],"wp:attachment":[{"href":"https:\/\/www.cgjung.net\/espace\/wp-json\/wp\/v2\/media?parent=14445"}],"curies":[{"name":"wp","href":"https:\/\/api.w.org\/{rel}","templated":true}]}}

La structure de l&rsquo;âme &#8211; C.G. Jung

<p><strong>La structure de l&rsquo;âme est un texte inédit de C.G. Jung, ne figurant pas dans ses œuvres complètes. </strong></p>
<p><img loading="lazy" decoding="async" class="size-full wp-image-14447 aligncenter" src="https://www.cgjung.net/espace/wp-content/uploads/2020/09/cg-jung-la-structure-de-l-ame.jpg" alt="" width="280" height="378" /></p>
<p style="text-align: center;"><a href="https://www.amazon.fr/exec/obidos/ASIN/2847954473/carlgustavjungen" target="_blank" rel="noopener noreferrer"><img loading="lazy" decoding="async" class="size-full wp-image-9645 aligncenter" src="https://www.cgjung.net/espace/wp-content/uploads/2019/08/achat-amazon-fr.png" alt="" width="300" height="25" /></a>Éditions L&rsquo;Esprit du Temps &#8211;&nbsp; 14 cm x 19 cm x 0,8 cm &#8211; 96 pages<br />
Préface de François Martin &#8211; Vallas</p>
<h2>Présentation de l&rsquo;éditeur</h2>
<p>Il s&rsquo;agit d&rsquo;un texte directement écrit en français par Jung et publié en 1928 dans la <em>Revue Métapsychique</em>.</p>
<p>Jung se situe dans la tradition philosophique occidentale pour nous décrire la structure de l&rsquo;âme: la conscience est dotée d&rsquo;un centre, le moi, ayant à sa disposition une énergie, la volonté, énergie arrachée à l&rsquo;instinct et à l&rsquo;inconscient par l&rsquo;action « magique » (symbolique) des archétypes et des rituels.</p>
<p>Cette conception de la psyché nous introduit dans l&rsquo;univers jungien très distinct du monde freudien. C&rsquo;est enfin le premier texte de Jung à être illustré d&rsquo;une représentation de mandala, en l&rsquo;occurrence dessinée par l&rsquo;une de ses patientes.</p>

<p>La structure de l&rsquo;âme est un texte inédit de C.G. Jung, ne figurant pas dans ses œuvres complètes. Éditions L&rsquo;Esprit du Temps &#8211;&nbsp; 14 cm x 19 cm x 0,8 cm &#8211; 96 pages Préface de François Martin &#8211; Vallas Présentation de l&rsquo;éditeur Il s&rsquo;agit d&rsquo;un texte directement écrit en français par Jung et publié [&hellip;]</p>
