{"id":1442,"date":"2016-07-14T20:38:30","date_gmt":"2016-07-14T19:38:30","guid":{"rendered":"https:\/\/www.cgjung.net\/espace\/?p=1442"},"modified":"2026-02-25T01:47:27","modified_gmt":"2026-02-25T00:47:27","slug":"histoire-de-la-reveuse","status":"publish","type":"page","link":"https:\/\/www.cgjung.net\/espace\/ariaga-ecrits-jung\/theatre-des-reves\/histoire-de-la-reveuse\/","title":{"rendered":"Histoire de la r\u00eaveuse"},"content":{"rendered":"<h3 style=\"text-align: justify;\">Pr\u00e9sentation de la s\u00e9rie de la R\u00eaveuse sur le plan du r\u00e9cit et du discours du Soi.<\/h3>\n<p><img loading=\"lazy\" decoding=\"async\" class=\"size-full wp-image-1488 aligncenter\" src=\"https:\/\/www.cgjung.net\/espace\/wp-content\/uploads\/2016\/07\/theatre-des-reves.jpeg\" alt=\"Th\u00e9\u00e2tre des r\u00eaves\" width=\"616\" height=\"480\" srcset=\"https:\/\/www.cgjung.net\/espace\/wp-content\/uploads\/2016\/07\/theatre-des-reves.jpeg 616w, https:\/\/www.cgjung.net\/espace\/wp-content\/uploads\/2016\/07\/theatre-des-reves-300x234.jpeg 300w\" sizes=\"auto, (max-width: 616px) 100vw, 616px\" \/><\/p>\n<h2>R\u00e9aliser la conjonction entre le masculin et le f\u00e9minin.<\/h2>\n<p style=\"text-align: justify;\">L\u2019histoire onirique de la R\u00eaveuse inclut deux grands mouvements, s\u00e9par\u00e9s par le nouvel apport que repr\u00e9sente l\u2019intervention de l\u2019analyste. En l&rsquo;absence de l&rsquo;analyste, dans la premi\u00e8re partie, on note cependant une certaine progression vers l&rsquo;individuation.<\/p>\n<p style=\"text-align: justify;\">On peut, ainsi, observer des <strong>manifestations brutes <\/strong>de la mise en place par l\u2019inconscient des personnages, situations et enjeux, des sc\u00e9narios de la s\u00e9rie. <strong>D\u00e8s les premiers r\u00eaves les grands th\u00e8mes \u00e9mergent<\/strong>. On a certaines cl\u00e9s de l\u2019intrigue, tout en ignorant quelles portes elles peuvent ouvrir.<\/p>\n<p style=\"text-align: justify;\">Le th\u00e8me g\u00e9n\u00e9ral est encore une fois relationnel, on pourrait dire amoureux. Il s\u2019agit de r\u00e9aliser la conjonction entre le f\u00e9minin et le masculin. Pour que ce projet r\u00e9ussisse <strong>l\u2019image de l\u2019homme<\/strong>, projet\u00e9e par l\u2019inconscient familial dont a h\u00e9rit\u00e9 la r\u00eaveuse, <strong>doit \u00e9voluer.<\/strong><\/p>\n<p style=\"text-align: justify;\">Ce sc\u00e9nario, en apparence clair et simple, qui est celui de nombreux romans, prend ici les allures d\u2019une <strong>trag\u00e9die<\/strong> enracin\u00e9e en des sentiments tr\u00e8s anciens.<\/p>\n<p style=\"text-align: justify;\">Le sc\u00e9nario de l&rsquo;inconscient est donc celui de la <strong>d\u00e9pr\u00e9ciation de l\u2019incarnation. <\/strong>Le corps est impur racontent les r\u00eaves. Il faut y ajouter la d\u00e9fiance, la peur m\u00eame, envers la f\u00e9minit\u00e9. C&rsquo;est la cons\u00e9quence d&rsquo;une une soci\u00e9t\u00e9 domin\u00e9e par les valeurs masculines o\u00f9 le monde du f\u00e9minin est d\u00e9valoris\u00e9.<\/p>\n<h2>La guerre contre le projet de l&rsquo;inconscient<\/h2>\n<p style=\"text-align: justify;\"><strong>La terreur de la f\u00e9minit\u00e9<\/strong> va de pair avec celle de la chair. La femme est plus associ\u00e9e par la conscience collective \u00e0 la mati\u00e8re. L&rsquo;homme, lui, est cens\u00e9 repr\u00e9senter les valeurs de l\u2019intellect. Ceci est parfaitement illustr\u00e9e par des sc\u00e8nes oniriques montrant \u00e0 la R\u00eaveuse le triste \u00e9tat des lieux de son inconscient personnel.<\/p>\n<p style=\"text-align: justify;\"><strong>Le Soi s\u2019efforce de proposer d\u2019autres repr\u00e9sentations de la relation de la R\u00eaveuse <\/strong>avec elle-m\u00eame et avec l\u2019Autre masculin. Mais elle n\u2019est pas dispos\u00e9e \u00e0 c\u00e9der sans combats et nous assistons, au cours de la premi\u00e8re partie, \u00e0 une v\u00e9ritable guerre contre le projet de l\u2019inconscient.<\/p>\n<p style=\"text-align: justify;\">Ainsi, contrairement \u00e0 ce que l\u2019on aurait pu attendre en pensant au viol subi \u00e0 la fin de son enfance, le premier probl\u00e8me de la R\u00eaveuse n\u2019est pas d\u2019accueillir l\u2019homme mais d\u2019accepter sa propre f\u00e9minit\u00e9.<\/p>\n<p style=\"text-align: justify;\">De plus, on peut observer un mouvement associant diff\u00e9rentes manifestations au cours de la relation \u00e0 l\u2019homme racont\u00e9e par les r\u00eaves. En effet,<strong> la<\/strong> <strong>R\u00eaveuse est habit\u00e9e,<\/strong> on pourrait presque dire poss\u00e9d\u00e9e, <strong>par un <em>animus<\/em> n\u00e9gatif complexe<\/strong> auquel elle s\u2019identifie. On peut mettre en \u00e9vidence plusieurs strates :<\/p>\n<ul>\n<li>tout d\u2019abord le m\u00e9pris de la femme, et <strong>l\u2019horreur d\u2019habiter dans un corps f\u00e9minin<\/strong>,<\/li>\n<li>ensuite, elle appara\u00eet comme un homme humili\u00e9 dans sa virilit\u00e9,<\/li>\n<li style=\"text-align: justify;\">enfin, et cela explique ses probl\u00e8mes psychologiques, il y a une martyrisation de la f\u00e9minit\u00e9 r\u00e9elle de la femme, avec des agressions qui peuvent \u00eatre physiques et avoir des<strong> r\u00e9percussions psychosomatiques<\/strong>.<\/li>\n<\/ul>\n<h2>Devenir un homme ?<\/h2>\n<p style=\"text-align: justify;\">Au cours de l\u2019histoire onirique, on trouve le m\u00e9pris de la femme et surtout des sc\u00e8nes montrant des hommes ayant perdu leur virilit\u00e9. Sont alors propos\u00e9s des <strong>personnages masculins homosexuels<\/strong>, impuissants, martyris\u00e9s et objets aux mains de sadiques.<\/p>\n<p style=\"text-align: justify;\">C\u2019est une vision terrible, tragique. L\u2019<em>animus<\/em> n\u00e9gatif propose une solution : <strong>devenir un homme<\/strong> vraiment homme, <strong>puissant<\/strong>. Le sc\u00e9nario se complexifie encore du fait que cet <em>animus,<\/em> non seulement voit la femme comme un homme martyris\u00e9, mais projette aussi une figure terrifiante. Cette figure torture la vraie f\u00e9minit\u00e9 de la femme.<\/p>\n<p style=\"text-align: justify;\"><strong>\u00c0 l<em>\u2019animus<\/em> n\u00e9gatif<\/strong>, \u00e0 la fois <strong>le tra\u00eetre du r\u00e9cit<\/strong> et son principal moteur parce qu\u2019il provoque les drames, <strong>s\u2019oppose l<em>\u2019animus<\/em> positif<\/strong> qui essaie de d\u00e9fendre le projet du Soi. <strong>L\u2019ombre<\/strong> est \u00e9videmment pr\u00e9sente dans le fond inconscient du Moi de la R\u00eaveuse. Elle radicalise encore plus la guerre entre les oppos\u00e9s.<\/p>\n<p style=\"text-align: justify;\">Il existe un \u00e9tat de conflit permanent entre la R\u00eaveuse qui refuse de coop\u00e9rer avec l\u2019inconscient, les <em>animus,<\/em> la chair, l\u2019intellect, les oppos\u00e9s f\u00e9minin et masculin. On pourrait pourrait alors croire que <strong>les pr\u00e9occupations religieuses<\/strong> sont absentes.<\/p>\n<p style=\"text-align: justify;\">Il n\u2019en est rien, et si le probl\u00e8me est au d\u00e9but occult\u00e9 par les combats, il va faire partie de la trame de toute la s\u00e9rie. Nous verrons que la vision religieuse est, elle aussi, influenc\u00e9e par une diff\u00e9rence de regard entre le point de vue f\u00e9minin et le point de vue masculin.<\/p>\n<h2 style=\"text-align: justify;\">Le discours du r\u00eave<\/h2>\n<p style=\"text-align: justify;\">Si on lit les r\u00eaves attentivement on s\u2019aper\u00e7oit que les sc\u00e9narios ne se contentent pas de d\u00e9crire les lieux, les situations, le jeu des acteurs. Elles contiennent aussi des dialogues qui, une fois isol\u00e9s, constituent<strong> un v\u00e9ritable discours<\/strong>. Ce discours repr\u00e9sente, en lui-m\u00eame, un niveau de l\u2019explication des comportements de la r\u00eaveuse et des <strong>intentions de l\u2019inconscient<\/strong>.<\/p>\n<p style=\"text-align: justify;\"><strong>Les paroles de l\u2019inconscient<\/strong> sont prononc\u00e9es, soit par la R\u00eaveuse elle-m\u00eame, soit par diff\u00e9rents protagonistes identifi\u00e9s, soit par des groupes ou des <strong>on<\/strong>, comparables \u00e0 des ch\u0153urs. Nous avons alors affaire \u00e0 des <strong>acteurs bien identifi\u00e9s<\/strong> repr\u00e9sentant diff\u00e9rentes composantes de la psych\u00e9 de la R\u00eaveuse.<\/p>\n<p style=\"text-align: justify;\"><strong>D\u2019autres paroles,<\/strong> proph\u00e9tiques, myst\u00e9rieuses, ou imp\u00e9ratives <strong>produisant un effet numineux<\/strong>, sont \u00e9mises par une voix non identifi\u00e9e. C&rsquo;est<strong> la grande voix du Soi, d\u00e9j\u00e0 observ\u00e9e chez le R\u00eaveur<\/strong>, par exemple dans le dernier r\u00eave de la s\u00e9rie.<\/p>\n<p style=\"text-align: justify;\">Le style des r\u00e9cits, et la fr\u00e9quence d\u2019apparition de certains vocables tels que chambre, aide, danger, les termes pr\u00e9cisant la situation dans l\u2019espace, tr\u00e8s fr\u00e9quents jusqu\u2019aux <em>Mandalas<\/em> finaux o\u00f9 la majorit\u00e9 d\u2019entre eux sont pr\u00e9sents, demanderaient eux aussi \u00e0 \u00eatre \u00e9tudi\u00e9s.<\/p>\n<p style=\"text-align: justify;\"><strong>Les jeux de mots,<\/strong> chers \u00e0 Freud, ne manquent pas pour celui qui sait les voir ou les entendre et demeurent souvent la seule explication possible d\u2019un r\u00eave en apparence absurde.<\/p>\n<p style=\"text-align: justify;\">Quand il est dit \u00e0 la R\u00eaveuse, au r\u00eave 85 que tout s\u2019explique parce qu\u2019elle souffre de la maladie de la tomate, on reste perplexe. Une signification peut appara\u00eetre si on entend maladie de l\u2019automate<em>.<\/em> La surprenante hy\u00e8ne rouge du r\u00eave 89 pourrait cacher une haine, bien explicable dans le contexte conflictuel de la s\u00e9rie. Ces exemples sont destin\u00e9s \u00e0 donner une id\u00e9e de la complexit\u00e9 et des <strong>multiples significations des termes employ\u00e9s par le langage des r\u00eaves.<\/strong><\/p>\n<p style=\"text-align: justify;\"><svg class=\"genericon genericond-genericons-neue genericons-neue-download genericond-genericons-neue-1x genericond-rotate-normal\" style=\"fill:#19486B;\" title=\"download\" role=\"img\" aria-labelledby=\"title\"><use xlink:href=\"https:\/\/www.cgjung.net\/espace\/wp-content\/plugins\/genericond\/\/icons\/genericons-neue\/svg-sprite\/genericons-neue.svg#download\" \/><\/svg> R\u00eave no 85 : \n\t\t<a id=\"h1\" href=\"javascript:toggle('c1','h1');\" >l'afficher<\/a>\n\t\t<div id=\"c1\" style=\"display:none\">\n\t\t<blockquote><p style=\"text-align:justify\"> Une femme habite dans une maison o\u00f9 r\u00e8gne une atmosph\u00e8re de suspicion. Il est question d\u2019une maladie myst\u00e9rieuse et d\u2019hommes qui lui rendent la vie impossible. Finalement la femme part avec deux grosses valises dans un h\u00f4tel o\u00f9 un nouvel homme la retrouve et lui dit: \u00abTout s\u2019explique, vous souffrez de la maladie de la tomate\u00bb . Alors elle dit: \u00abIl faut que je revienne chez moi\u00bb. <\/p><\/blockquote><\/div>\n<p style=\"text-align: justify;\"><svg class=\"genericon genericond-genericons-neue genericons-neue-download genericond-genericons-neue-1x genericond-rotate-normal\" style=\"fill:#19486B;\" title=\"download\" role=\"img\" aria-labelledby=\"title\"><use xlink:href=\"https:\/\/www.cgjung.net\/espace\/wp-content\/plugins\/genericond\/\/icons\/genericons-neue\/svg-sprite\/genericons-neue.svg#download\" \/><\/svg> R\u00eave no 89 : \n\t\t<a id=\"h2\" href=\"javascript:toggle('c2','h2');\" >l'afficher<\/a>\n\t\t<div id=\"c2\" style=\"display:none\">\n\t\t<blockquote><p style=\"text-align:justify\"> La R\u00eaveuse est avec un ancien ami au pied d\u2019un grand pommier dont les fruits sont magnifiques, rouges et verts, brillants. Elle pense qu\u2019ils doivent en manger et elle donne une pomme \u00e0 son ami et \u00e0 elle m\u00eame. <\/p><\/blockquote><\/div>\n<p style=\"text-align: justify;\">Au d\u00e9but de la s\u00e9rie, on observe un certain nombre de r\u00eaves, correspondants \u00e0 ce que Jung, dans sa s\u00e9rie, appelle <strong>les r\u00eaves initiaux.<\/strong> On y trouve, annonc\u00e9s d\u2019une mani\u00e8re tr\u00e8s pr\u00e9coce, les th\u00e8mes principaux. Il peut s\u2019agir, \u00e0 ce stade, d\u2019une simple allusion. Cependant, quand on regarde l\u2019ensemble de la s\u00e9rie, on se rend compte, <strong>comme pour le R\u00eaveur<\/strong>, que bien des \u00e9l\u00e9ments \u00e9taient d\u00e9j\u00e0 l\u00e0. La suite du r\u00e9cit consistera \u00e0 les faire sortir de l\u2019ombre.<\/p>\n<h3 style=\"text-align: justify;\"><svg class=\"genericon genericond-genericons-neue genericons-neue-document genericond-genericons-neue-1x genericond-rotate-normal\" style=\"fill:#19486B;\" title=\"document\" role=\"img\" aria-labelledby=\"title\"><use xlink:href=\"https:\/\/www.cgjung.net\/espace\/wp-content\/plugins\/genericond\/\/icons\/genericons-neue\/svg-sprite\/genericons-neue.svg#document\" \/><\/svg> <a href=\"https:\/\/www.cgjung.net\/espace\/ariaga-ecrits-jung\/theatre-des-reves\/premiers-reves-de-la-reveuse\/\">Page suivante<\/a> | <a href=\"https:\/\/www.cgjung.net\/espace\/ariaga-ecrits-jung\/serie-reveuse\/\">R\u00eaves de la r\u00eaveuse<\/a><\/h3>\n","protected":false},"excerpt":{"rendered":"<p>Pr\u00e9sentation de la s\u00e9rie de la R\u00eaveuse sur le plan du r\u00e9cit et du discours du Soi. R\u00e9aliser la conjonction entre le masculin et le f\u00e9minin. L\u2019histoire onirique de la R\u00eaveuse inclut deux grands mouvements, s\u00e9par\u00e9s par le nouvel apport que repr\u00e9sente l\u2019intervention de l\u2019analyste. En l&rsquo;absence de l&rsquo;analyste, dans la premi\u00e8re partie, on note [&hellip;]<\/p>\n","protected":false},"author":1,"featured_media":0,"parent":2039,"menu_order":28,"comment_status":"closed","ping_status":"open","template":"","meta":{"footnotes":""},"class_list":["post-1442","page","type-page","status-publish","hentry"],"_links":{"self":[{"href":"https:\/\/www.cgjung.net\/espace\/wp-json\/wp\/v2\/pages\/1442","targetHints":{"allow":["GET"]}}],"collection":[{"href":"https:\/\/www.cgjung.net\/espace\/wp-json\/wp\/v2\/pages"}],"about":[{"href":"https:\/\/www.cgjung.net\/espace\/wp-json\/wp\/v2\/types\/page"}],"author":[{"embeddable":true,"href":"https:\/\/www.cgjung.net\/espace\/wp-json\/wp\/v2\/users\/1"}],"replies":[{"embeddable":true,"href":"https:\/\/www.cgjung.net\/espace\/wp-json\/wp\/v2\/comments?post=1442"}],"version-history":[{"count":7,"href":"https:\/\/www.cgjung.net\/espace\/wp-json\/wp\/v2\/pages\/1442\/revisions"}],"predecessor-version":[{"id":33652,"href":"https:\/\/www.cgjung.net\/espace\/wp-json\/wp\/v2\/pages\/1442\/revisions\/33652"}],"up":[{"embeddable":true,"href":"https:\/\/www.cgjung.net\/espace\/wp-json\/wp\/v2\/pages\/2039"}],"wp:attachment":[{"href":"https:\/\/www.cgjung.net\/espace\/wp-json\/wp\/v2\/media?parent=1442"}],"curies":[{"name":"wp","href":"https:\/\/api.w.org\/{rel}","templated":true}]}}