{"id":14261,"date":"2020-08-30T10:33:22","date_gmt":"2020-08-30T08:33:22","guid":{"rendered":"https:\/\/www.cgjung.net\/espace\/?page_id=14261"},"modified":"2021-09-29T09:31:40","modified_gmt":"2021-09-29T07:31:40","slug":"pascal-chauvie","status":"publish","type":"page","link":"https:\/\/www.cgjung.net\/espace\/accueil\/pascal-chauvie\/","title":{"rendered":"Pascal Chauvie"},"content":{"rendered":"<h2>Le conflit int\u00e9rieur<\/h2>\n<p>Son m\u00e9moire de fin d&rsquo;\u00e9tudes le conduit \u00e0 explorer l&rsquo;impact possible de la Grande Guerre sur la syst\u00e9mique jungienne. Il \u00e9labore quelques hypoth\u00e8ses qui font l&rsquo;objet de la s\u00e9rie d&rsquo;articles ci-dessous :<\/p>\n<ul>\n<li><a href=\"https:\/\/www.cgjung.net\/espace\/accueil\/pascal-chauvie\/jung-grande-guerre\/\">Carl Gustav Jung et la Grande Guerre<\/a><br \/>\nDurant la Premi\u00e8re Guerre mondiale (1914-1918), Carl Gustav Jung s&rsquo;est confront\u00e9 \u00e0 son inconscient, exp\u00e9rience qu&rsquo;il a consign\u00e9e dans le Livre rouge. Durant cette p\u00e9riode, l&rsquo;impact de la Grande Guerre sur son \u0153uvre a \u00e9t\u00e9 tr\u00e8s largement sous estim\u00e9.<\/li>\n<li><a href=\"https:\/\/www.cgjung.net\/espace\/accueil\/pascal-chauvie\/limpact-grande-guerre-sur-carl-gustav-jung\/\">L&rsquo;impact de la Grande Guerre sur Carl Gustav Jung<\/a><br \/>\nC.G. Jung a exp\u00e9riment\u00e9 avec force l\u2019existence d\u2019une r\u00e9alit\u00e9 sur un plan psychique avant que celle-ci ne se r\u00e9alise sur un plan physique. Le d\u00e9clenchement de la Grande Guerre a jou\u00e9 un r\u00f4le fondamental dans sa th\u00e9orie de l\u2019inconscient collectif ainsi que dans sa conception syst\u00e9mique de l\u2019\u00e2me.<\/li>\n<li><a href=\"https:\/\/www.cgjung.net\/espace\/accueil\/pascal-chauvie\/conflit-interieur-au-coeur-de-l-individu\/\">Le conflit int\u00e9rieur au c\u0153ur de l\u2019individu<\/a><br \/>\nLe conflit est int\u00e9rieur \u00e0 l\u2019homme moderne. La Grande Guerre de 1914-1918 en est l\u2019image collective ext\u00e9rieure. Seule une r\u00e9flexion sur soi permettrait de r\u00e9duire les risques de tels ph\u00e9nom\u00e8nes sur le plan physique.<\/li>\n<li><a href=\"https:\/\/www.cgjung.net\/espace\/accueil\/pascal-chauvie\/jung-renverse-principe-realite\/\">C.G. Jung renverse le principe de r\u00e9alit\u00e9<\/a><br \/>\nC.G. Jung est \u00e0 la fois t\u00e9moin et chroniqueur du changement de perception du monde de la premi\u00e8re partie du XXe si\u00e8cle.<\/li>\n<\/ul>\n<p><a href=\"https:\/\/www.cgjung.net\/contact.htm\"><strong>Adresser un message \u00e0 Pascal Chauvie<\/strong><\/a><\/p>\n<p>&nbsp;<\/p>\n<h2>Pascal Chauvie<\/h2>\n<p><img loading=\"lazy\" decoding=\"async\" class=\"alignright size-full wp-image-14381\" src=\"https:\/\/www.cgjung.net\/espace\/wp-content\/uploads\/2020\/09\/pascal-chauvie.jpg\" alt=\"\" width=\"150\" height=\"179\" \/><\/p>\n<p>De son premier nom Juan Carlos Per\u00e9z, <strong>Pascal Chauvie<\/strong> est n\u00e9 \u00e0 Cali en Colombie en 1981. Il est adopt\u00e9 en Suisse et s\u2019int\u00e9resse \u00e0 l\u2019\u0153uvre de Carl Gustav Jung en lisant <a href=\"https:\/\/www.cgjung.net\/oeuvre\/decouverte_ame.htm\">L\u2019homme \u00e0 la d\u00e9couverte de son \u00e2me<\/a> en 2007.<\/p>\n<p>Riche de son exp\u00e9rience d\u2019historien, d\u2019enseignant, de conf\u00e9rencier, de policier, il s\u2019int\u00e9resse \u00e0 l\u2019histoire de la pens\u00e9e, \u00e0 l\u2019analyse des processus culturels, et surtout \u00e0 la dynamique du r\u00eave.<\/p>\n<p>Certifi\u00e9 en 2020 par l\u2019Institut Carl Gustav Jung de Z\u00fcrich, il publie d\u00e9sormais des textes originaux favorisant une approche holistique et inspirante de l\u2019\u0153uvre jungienne.<\/p>\n\n<p>Pour en savoir plus, <a href=\"https:\/\/juan-pascal.com\/\" target=\"_blank\" rel=\"noopener noreferrer\">visite de son site internet<\/a>.<\/p>\n<p>&nbsp;<\/p>\n","protected":false},"excerpt":{"rendered":"<p>Le conflit int\u00e9rieur Son m\u00e9moire de fin d&rsquo;\u00e9tudes le conduit \u00e0 explorer l&rsquo;impact possible de la Grande Guerre sur la syst\u00e9mique jungienne. Il \u00e9labore quelques hypoth\u00e8ses qui font l&rsquo;objet de la s\u00e9rie d&rsquo;articles ci-dessous : Carl Gustav Jung et la Grande Guerre Durant la Premi\u00e8re Guerre mondiale (1914-1918), Carl Gustav Jung s&rsquo;est confront\u00e9 \u00e0 son [&hellip;]<\/p>\n","protected":false},"author":7,"featured_media":0,"parent":53,"menu_order":17,"comment_status":"closed","ping_status":"closed","template":"","meta":{"footnotes":""},"class_list":["post-14261","page","type-page","status-publish","hentry"],"_links":{"self":[{"href":"https:\/\/www.cgjung.net\/espace\/wp-json\/wp\/v2\/pages\/14261","targetHints":{"allow":["GET"]}}],"collection":[{"href":"https:\/\/www.cgjung.net\/espace\/wp-json\/wp\/v2\/pages"}],"about":[{"href":"https:\/\/www.cgjung.net\/espace\/wp-json\/wp\/v2\/types\/page"}],"author":[{"embeddable":true,"href":"https:\/\/www.cgjung.net\/espace\/wp-json\/wp\/v2\/users\/7"}],"replies":[{"embeddable":true,"href":"https:\/\/www.cgjung.net\/espace\/wp-json\/wp\/v2\/comments?post=14261"}],"version-history":[{"count":15,"href":"https:\/\/www.cgjung.net\/espace\/wp-json\/wp\/v2\/pages\/14261\/revisions"}],"predecessor-version":[{"id":17757,"href":"https:\/\/www.cgjung.net\/espace\/wp-json\/wp\/v2\/pages\/14261\/revisions\/17757"}],"up":[{"embeddable":true,"href":"https:\/\/www.cgjung.net\/espace\/wp-json\/wp\/v2\/pages\/53"}],"wp:attachment":[{"href":"https:\/\/www.cgjung.net\/espace\/wp-json\/wp\/v2\/media?parent=14261"}],"curies":[{"name":"wp","href":"https:\/\/api.w.org\/{rel}","templated":true}]}}