{"id":13429,"date":"2020-06-16T15:02:20","date_gmt":"2020-06-16T13:02:20","guid":{"rendered":"https:\/\/www.cgjung.net\/espace\/?page_id=13429"},"modified":"2024-08-23T16:38:21","modified_gmt":"2024-08-23T14:38:21","slug":"lh","status":"publish","type":"page","link":"https:\/\/www.cgjung.net\/espace\/accueil\/lh\/","title":{"rendered":"Leonardo Hincapi\u00e9"},"content":{"rendered":"<p><strong>Oscar Wilde, le mythe de Salom\u00e9, Yseut, voici quelques uns de sujets abord\u00e9s par Leonardo Hincapi\u00e9 en relation avec l\u2019\u0153uvre de C.G. Jung.<\/strong><\/p>\n<h2><a id=\"oscar\"><\/a>Oscar Wilde, Carl Gustav Jung et le mythe de Salom\u00e9<\/h2>\n<p><img loading=\"lazy\" decoding=\"async\" class=\"size-full wp-image-14209 aligncenter\" src=\"https:\/\/www.cgjung.net\/espace\/wp-content\/uploads\/2020\/08\/oscar-wilde-cg-jung.png\" alt=\"\" width=\"400\" height=\"112\" \/><\/p>\n<p>Le personnage biblique de la danseuse Salom\u00e9 a marqu\u00e9 les esprits de beaucoup d&rsquo;\u00e9crivains et d&rsquo;artistes, comme Oscar Wilde, mais pas seulement : Carl Gustav Jung, le psychiatre suisse, le rencontre aussi pendant sa confrontation personnelle avec l&rsquo;inconscient. Quel peut \u00eatre le sens de cette figure qui a charm\u00e9 l&rsquo;imaginaire de tant d&rsquo;hommes ?<\/p>\n<p><a href=\"https:\/\/www.cgjung.net\/publications\/oscar-wide-cg-jung-le-mythe-de-salome.pdf\" target=\"_blank\" rel=\"noopener noreferrer\">Lire ou t\u00e9l\u00e9charger le document au format pdf<\/a> (5 pages)<\/p>\n<h2>Yseut &#8211; La vie, la mort le renouvellement<\/h2>\n<p>S&rsquo;appuyant sur les travaux de C.G. Jung et de M.L von Franz, Leonardo Hincapi\u00e9 explore la l\u00e9gende m\u00e9di\u00e9vale de Tristan et Iseut. Cette \u00e9tude se distingue par l&rsquo;exploration du personnage d&rsquo;Yseut repr\u00e9sentant \u00e0 la fois la vie, la mort et le renouvellement.<\/p>\n<p><a href=\"https:\/\/www.cgjung.net\/publications\/yseut.htm\">Lire la pr\u00e9sentation de l&rsquo;ouvrage<\/a><\/p>\n<h2><a id=\"hincapie\"><\/a>Leonardo Hincapi\u00e9<\/h2>\n<p><img loading=\"lazy\" decoding=\"async\" class=\"alignright wp-image-13643\" src=\"https:\/\/www.cgjung.net\/espace\/wp-content\/uploads\/2020\/07\/leonardo-hincapie.jpg\" alt=\"\" width=\"100\" height=\"150\" \/>Homme de th\u00e9\u00e2tre, docteur en litt\u00e9rature m\u00e9di\u00e9vale et enseignant de langues, Leonardo Hincapi\u00e9 est n\u00e9 \u00e0 Medellin en Colombie. Il s&rsquo;int\u00e9resse \u00e0 la th\u00e9orie junguienne pendant ses \u00e9tudes de psychologie dans les ann\u00e9es 1990. Il l&rsquo;utilise comme approche pour certains de ses travaux acad\u00e9miques. Venu en France pour continuer ses \u00e9tudes, il s&rsquo;installe \u00e0 Paris en 2006.<\/p>\n<p>Leonardo Hincapi\u00e9 est docteur de l\u2019Universit\u00e9, essayiste, psychologue, metteur en sc\u00e8ne et professeur de langues (fran\u00e7ais et espagnol). Il a fait ses \u00e9tudes de psychologie, de philologie fran\u00e7aise et sa formation d\u2019acteur en Colombie, son pays natal.<\/p>\n<p>Il est venu en France en 2006 avec une bourse de la Commission Europ\u00e9enne pour r\u00e9aliser un Master 2 en didactique du fran\u00e7ais et des langues. Il a fait par la suite un doctorat en litt\u00e9rature fran\u00e7aise m\u00e9di\u00e9vale \u00e0 l\u2019Universit\u00e9 de Paris 3-Sorbonne Nouvelle. Le sujet de sa th\u00e8se : une explication junguienne de l\u2019origine et du r\u00f4le psychique collectif du personnage d\u2019Yseut dans la l\u00e9gende tristanienne qui a \u00e9t\u00e9 publi\u00e9e en 2017 chez La Fontaine de Pierre sous le nom <a href=\"https:\/\/www.cgjung.net\/publications\/yseut.htm\">Yseut : la vie, la mort, le renouvellement<\/a>.<\/p>\n<p>En 2010, Leonardo a cofond\u00e9 \u00e0 Paris <a href=\"https:\/\/www.compagnie-diversites.com\/\" target=\"_blank\" rel=\"noopener noreferrer\">la compagnie de th\u00e9\u00e2tre Diversit\u00e9s.<\/a><\/p>\n","protected":false},"excerpt":{"rendered":"<p>Oscar Wilde, le mythe de Salom\u00e9, Yseut, voici quelques uns de sujets abord\u00e9s par Leonardo Hincapi\u00e9 en relation avec l\u2019\u0153uvre de C.G. Jung. Oscar Wilde, Carl Gustav Jung et le mythe de Salom\u00e9 Le personnage biblique de la danseuse Salom\u00e9 a marqu\u00e9 les esprits de beaucoup d&rsquo;\u00e9crivains et d&rsquo;artistes, comme Oscar Wilde, mais pas seulement [&hellip;]<\/p>\n","protected":false},"author":1,"featured_media":0,"parent":53,"menu_order":17,"comment_status":"closed","ping_status":"closed","template":"","meta":{"footnotes":""},"class_list":["post-13429","page","type-page","status-publish","hentry"],"_links":{"self":[{"href":"https:\/\/www.cgjung.net\/espace\/wp-json\/wp\/v2\/pages\/13429","targetHints":{"allow":["GET"]}}],"collection":[{"href":"https:\/\/www.cgjung.net\/espace\/wp-json\/wp\/v2\/pages"}],"about":[{"href":"https:\/\/www.cgjung.net\/espace\/wp-json\/wp\/v2\/types\/page"}],"author":[{"embeddable":true,"href":"https:\/\/www.cgjung.net\/espace\/wp-json\/wp\/v2\/users\/1"}],"replies":[{"embeddable":true,"href":"https:\/\/www.cgjung.net\/espace\/wp-json\/wp\/v2\/comments?post=13429"}],"version-history":[{"count":8,"href":"https:\/\/www.cgjung.net\/espace\/wp-json\/wp\/v2\/pages\/13429\/revisions"}],"predecessor-version":[{"id":26369,"href":"https:\/\/www.cgjung.net\/espace\/wp-json\/wp\/v2\/pages\/13429\/revisions\/26369"}],"up":[{"embeddable":true,"href":"https:\/\/www.cgjung.net\/espace\/wp-json\/wp\/v2\/pages\/53"}],"wp:attachment":[{"href":"https:\/\/www.cgjung.net\/espace\/wp-json\/wp\/v2\/media?parent=13429"}],"curies":[{"name":"wp","href":"https:\/\/api.w.org\/{rel}","templated":true}]}}