{"id":13011,"date":"2020-06-17T15:13:37","date_gmt":"2020-06-17T13:13:37","guid":{"rendered":"https:\/\/www.cgjung.net\/espace\/?page_id=13011"},"modified":"2020-07-02T14:42:07","modified_gmt":"2020-07-02T12:42:07","slug":"frontiere-science-mythe","status":"publish","type":"page","link":"https:\/\/www.cgjung.net\/espace\/accueil\/alain-negre\/frontiere-science-mythe\/","title":{"rendered":"\u00c0 la fronti\u00e8re de la science et du mythe"},"content":{"rendered":"<p><strong>La formation des hypoth\u00e8ses est la phase imaginative de la d\u00e9marche scientifique. Les arch\u00e9types, inimaginables, recr\u00e9ent et recomposent sans cesse ce que le cosmologiste per\u00e7oit de la r\u00e9alit\u00e9 du ciel.\u00a0Le retour des conceptions\u00a0cycliques du devenir.\u00a0<\/strong><\/p>\n<p style=\"text-align: right;\"><a href=\"https:\/\/www.cgjung.net\/espace\/accueil\/alain-negre\/#negre\"><em>Par Alain N\u00e8gre<\/em><\/a><\/p>\n<p><img loading=\"lazy\" decoding=\"async\" class=\"aligncenter wp-image-13323\" src=\"https:\/\/www.cgjung.net\/espace\/wp-content\/uploads\/2020\/06\/menon-socrate-esclave.png\" alt=\"\" width=\"300\" height=\"265\" \/><\/p>\n<p><img loading=\"lazy\" decoding=\"async\" class=\"alignright wp-image-13324\" src=\"https:\/\/www.cgjung.net\/espace\/wp-content\/uploads\/2020\/06\/carre-dessine-esclave.png\" alt=\"\" width=\"120\" height=\"120\" \/>Le doublement du carr\u00e9 dans le M\u00e9non de Platon :<br \/>\nComment conna\u00eet-on ?<br \/>\nToute recherche n\u2019est-elle que rem\u00e9moration ?<br \/>\nM\u00e9moire ou imagination ?<br \/>\nD\u00e9couverte scientifique ou invention scientifique ?<br \/>\nLa relation E = mc<sup>2<\/sup> fut-elle invent\u00e9e ou d\u00e9couverte ?<\/p>\n<h2>Science et imagination<\/h2>\n<p>M\u00eame infalsifiables, les mod\u00e8les tr\u00e8s sp\u00e9culatifs \u00e9voqu\u00e9s <a href=\"https:\/\/www.cgjung.net\/espace\/accueil\/alain-negre\/modeles-univers\/\">dans le pr\u00e9c\u00e9dent article<\/a> ont un grand int\u00e9r\u00eat. Car, quel que soit leur degr\u00e9 de plausibilit\u00e9, ils n\u2019en constituent pas moins des sch\u00e8mes d\u2019intelligibilit\u00e9 pouvant permettre la construction de nouveaux mod\u00e8les ayant acc\u00e8s, eux,\u00a0 au verdict de l\u2019exp\u00e9rience. Tous bas\u00e9s sur des concepts de physique contemporaine, ils sont le fruit d\u2019une grande ouverture \u00e0 l\u2019imagination, une imagination inspir\u00e9e.<\/p>\n<p>L\u2019imagination inspir\u00e9e, \u00e9crit Michel Cazenave, est<\/p>\n<blockquote><p>\u00ab une imagination cr\u00e9atrice de son mode singulier \u2013 mais cr\u00e9atrice parce qu\u2019elle est d\u2019abord r\u00e9ceptrice en l\u2019\u00e2me humaine de ce qui lui survient \u00e0 partir du \u00ab\u00a0N\u00e9ant du R\u00e9el\u00a0\u00bb, autrement dit, de la plus t\u00e9n\u00e9breuse lumi\u00e8re du gouffre sans fond dont nous sommes issus.<\/p>\n<p>Si, de ce point de vue particulier, nous ne saisissons pas qu\u2019elle est par nature un moyen de connaissance, non seulement au sens de \u00ab\u00a0l\u2019imagination transcendantale\u00a0\u00bb de Kant, qui op\u00e8re des synth\u00e8ses <em>a priori<\/em>, mais surtout au sens de la\u00a0<em>phantasia<\/em> de Proclus, qui invente et qui d\u00e9couvre dans le m\u00eame mouvement l\u2019essence cach\u00e9e de toute chose, et particuli\u00e8rement du domaine math\u00e9matique en tant qu\u2019il est parall\u00e8le, pour ne pas dire qu\u2019il est diff\u00e9remment identique \u00e0 la puissance de l\u2019\u00e2me [&#8230;]\n<p>comme si l\u2019invention et la d\u00e9couverte, la cr\u00e9ation et la r\u00e9ception \u00e9taient n\u00e9cessairement exclusives l\u2019une de l\u2019autre, mais ne se tenaient au contraire \u00e9troitement dans ce monde interm\u00e9diaire o\u00f9 elles trouvent tout leur sens et leur authenticit\u00e9 !\u00bb<\/p>\n<p>Michel Cazenave, <a href=\"https:\/\/www.cgjung.net\/publications\/cazenave\/a_la_rencontre_de_carl_gustav_jung.htm\">A la rencontre de Carl Gustav Jung<\/a>\u00a0p 109-110<\/p><\/blockquote>\n<p>Ce monde interm\u00e9diaire dont parle Cazenave est celui de l\u2019\u00e2me qui, traditionnellement, existait entre l\u2019intelligible et le sensible. Disparue avec l\u2019av\u00e8nement de la science, <span style=\"color: #000000;\">l&rsquo;\u00e2me<\/span>\u00a0a \u00e9t\u00e9 reprise en compte en psychologie des profondeurs avec la notion d\u2019inconscient qui est un autre nom pour l&rsquo;<em>unus mundus<\/em>.<\/p>\n<p>En ne mod\u00e9lisant que les seules structures physiques de l\u2019univers, le cosmologiste scinde, en quelque sorte, <em>l\u2019unus mundus<\/em>\u00a0en tant que domaine holistique psychophysique. Il ne garde que la mati\u00e8re, l\u2019\u00e9nergie et l\u2019information qui s\u2019appr\u00e9hendent gr\u00e2ce aux \u00e9quations math\u00e9matiques de la physique.<\/p>\n<p>Les structures psychiques perdues pour la connaissance perdurent dans l\u2019inconscient. Elles peuvent transpara\u00eetre comme reflets dans l\u2019interpr\u00e9tation de la mod\u00e9lisation des structures physiques. En effet, dans l\u2019interpr\u00e9tation, les arch\u00e9types \u2013 structures vides de l\u2019inconscient cosmique \u2013 sont <em>activ\u00e9s<\/em>\u00a0dans le r\u00e9cit qui est fait de l\u2019histoire de la mati\u00e8re. Leurs reflets peuvent se r\u00e9v\u00e9ler sous la forme d\u2019\u00e9ventuelles homologies et corr\u00e9lations entre les divers \u00e9l\u00e9ments de chaque monde, spirituel ou mat\u00e9riel.<\/p>\n<h2>Arch\u00e9types\u00a0et \u00ab appels de l\u2019\u00catre \u00bb<\/h2>\n<p>Dans le m\u00eame esprit que Jung-Pauli, le physicien Bernard d\u2019Espagnat a postul\u00e9 une \u00ab r\u00e9alit\u00e9 voil\u00e9e \u00bb ant\u00e9rieure \u00e0 la scission Esprit\/Mati\u00e8re. Il sous-entend que cette r\u00e9alit\u00e9 \u00ab\u00a0n\u2019est pas enti\u00e8rement voil\u00e9e\u00a0\u00bb. \u00c0 la place du terme \u00ab\u00a0arch\u00e9types\u00a0\u00bb, il utilise celui d\u2019\u00ab appels de l\u2019\u00catre \u00bb en quelque sorte murmur\u00e9s \u00e0 l\u2019oreille du physicien et se manifestant dans les structures r\u00e9v\u00e9l\u00e9es par les lois de la physique.<a href=\"#_edn1\" name=\"_ednref1\"><sup>[1]<\/sup><\/a><\/p>\n<p>Ainsi, le mod\u00e8le dominant de l\u2019univers mat\u00e9riel de la cosmologie contemporaine dit quelque chose de l\u2019invisible essentiel de la \u00ab r\u00e9alit\u00e9 voil\u00e9e \u00bb. Il d\u00e9voile la r\u00e9alit\u00e9 \u2013 tout en la voilant dans sa derni\u00e8re repr\u00e9sentation \u2013 dans l\u2019attente d\u2019un meilleur mod\u00e8le plus englobant.<\/p>\n<p>Ainsi avance la science, d\u00e9voilant l\u2019Un principiel au fur et \u00e0 mesure des changements de paradigmes, des r\u00e9futations et des d\u00e9passements de mod\u00e8les qui permettent de se rapprocher sans jamais l\u2019atteindre de la r\u00e9alit\u00e9 ind\u00e9pendante.<\/p>\n<h2>Reflets des quatre premiers nombres<\/h2>\n<p><img loading=\"lazy\" decoding=\"async\" class=\"alignright wp-image-13329\" src=\"https:\/\/www.cgjung.net\/espace\/wp-content\/uploads\/2020\/06\/tetraktys.png\" alt=\"\" width=\"85\" height=\"76\" \/><\/p>\n<p>Tous les nombres organisent, structurent et mod\u00e8lent le monde. Mais dans l\u2019ordonnancement de la multiplicit\u00e9 des ph\u00e9nom\u00e8nes les quatre premiers nombres interviennent avec une plus grande fr\u00e9quence. Pour la plupart, les sch\u00e9mas d\u2019ordre primitifs sont des triades et des t\u00e9trades.<\/p>\n<p><strong>Voir aussi :<\/strong> Ariane Callot : <a href=\"https:\/\/www.cgjung.net\/espace\/cg-jung\/les-nombres-du-un-au-quatre\/\">L\u2019importance pour Jung des nombres du un au quatre<\/a><\/p>\n<p>L\u2019interpr\u00e9tation du mod\u00e8le cosmologique contemporain laisse entrevoir les reflets des quatre premiers nombres entiers sous la forme de \u00ab configurations rythmiques du continuum unitaire \u00bb<a href=\"#_edn1\" name=\"_ednref1\"><sup>[2]<\/sup><\/a>:<\/p>\n<ul>\n<li>\u00ab\u00a0Un\u00a0\u00bb repr\u00e9sente ce qui est indiff\u00e9renci\u00e9.<\/li>\n<li>\u00ab\u00a0Deux\u00a0\u00bb repr\u00e9sente la s\u00e9paration, la polarit\u00e9, l&rsquo;opposition de la th\u00e8se et de l&rsquo;antith\u00e8se.<\/li>\n<li>\u00ab\u00a0Trois\u00a0\u00bb repr\u00e9sente la r\u00e9conciliation entre deux polarit\u00e9s, la nouvelle synth\u00e8se qui d\u00e9passent la th\u00e8se et l&rsquo;antith\u00e8se.<\/li>\n<li>\u00ab\u00a0Quatre\u00a0\u00bb repr\u00e9sente la stabilit\u00e9 et l\u2019unit\u00e9 reconstruite \u00e0 un niveau sup\u00e9rieur. C\u2019est le nombre du monde actualis\u00e9, par opposition \u00e0 une totalit\u00e9 originelle irrepr\u00e9sentable.<\/li>\n<\/ul>\n<h2>Histoire de la mati\u00e8re<\/h2>\n<div><\/div>\n<div><img loading=\"lazy\" decoding=\"async\" class=\"size-full wp-image-13331 aligncenter\" src=\"https:\/\/www.cgjung.net\/espace\/wp-content\/uploads\/2020\/06\/histoire-matiere.jpg\" alt=\"\" width=\"600\" height=\"285\" \/><\/div>\n<p>Le mod\u00e8le cosmologique pr\u00e9valant aujourd\u2019hui s\u2019interpr\u00e8te comme une histoire, une histoire de la mati\u00e8re n\u00e9e d\u2019une fluctuation du vide.<\/p>\n<p>C\u2019est l\u2019histoire d\u2019un m\u00e9lange de particules en expansion qui se refroidit tout en s\u2019expansant et qui, vers l\u2019\u00e2ge de 380 000 ans, se diff\u00e9rencie entre mati\u00e8re et lumi\u00e8re, se structure en galaxies, \u00e9toiles, plan\u00e8tes pour aboutir sur Terre \u00e0 une biosph\u00e8re et \u00e0 l\u2019Homo Sapiens.<\/p>\n<p>L\u2019univers passe ainsi par diff\u00e9rentes phases o\u00f9 tour \u00e0 tour domine le rayonnement, la mati\u00e8re puis l\u2019hypoth\u00e9tique \u00e9nergie noire r\u00e9pulsive qui serait responsable de l\u2019expansion acc\u00e9l\u00e9r\u00e9e actuellement observ\u00e9e. Le mod\u00e8le peut \u00eatre extrapol\u00e9 vers l&rsquo;avenir, un avenir tr\u00e8s lointain.<\/p>\n<h2>Mod\u00e8les cycliques de type expansion-contraction<\/h2>\n<p>Les trois derni\u00e8res d\u00e9cennies du XXe si\u00e8cle avaient vu les cosmologistes h\u00e9siter entre une expansion ind\u00e9finie mais de plus en plus ralentie et un \u00ab Big Crunch \u00bb comportant des possibilit\u00e9s de rebond.<\/p>\n<p><img loading=\"lazy\" decoding=\"async\" class=\"size-full wp-image-13332 aligncenter\" src=\"https:\/\/www.cgjung.net\/espace\/wp-content\/uploads\/2020\/06\/univers-rebondissant.png\" alt=\"\" width=\"280\" height=\"280\" \/><\/p>\n<p>Mais les premiers mod\u00e8les de rebond ne tenaient pas compte du second principe de la thermodynamique voulant que l&rsquo;entropie ne cesse de cro\u00eetre dans un syst\u00e8me clos ce qui ne cadrait pas avec la notion de cycles \u00e9ternels. Ils reviennent en gr\u00e2ce aujourd\u2019hui dans le cadre de la th\u00e9orie de la gravitation quantique \u00e0 boucles.<\/p>\n<h2>Mod\u00e8les cycliques dans le cas d\u2019expansion ind\u00e9finie<\/h2>\n<p>D\u2019autre part, l\u2019expansion acc\u00e9l\u00e9r\u00e9e favoris\u00e9e par les observations actuelles n\u2019emp\u00eache pas la possibilit\u00e9 de cycles. Telle est l\u2019hypoth\u00e8se de Penros<span style=\"color: #000000;\">e orient\u00e9 ver<\/span>s ce type de mod\u00e8le par l\u2019\u00ab \u00e9l\u00e9phant dans la salle \u00bb que constitue un univers cens\u00e9 devenir de plus en plus d\u00e9sordonn\u00e9.<\/p>\n<p><a id=\"entropie\"><\/a>Car l\u2019entropie, mesure du d\u00e9sordre, est <em>d\u00e9j\u00e0\u00a0<\/em>infinie dans son pass\u00e9 (parfaitement prouv\u00e9 par les observations du rayonnement fossile qui font \u00e9tat d\u2019un arrangement id\u00e9al de photons en \u00e9quilibre thermique). En outre, Penrose note l\u2019absence de mati\u00e8re au tout \u00ab d\u00e9but \u00bb de l\u2019univers comme dans son futur lointain.<\/p>\n<p>En effet, dans le premier cas les particules mat\u00e9rielles sont n\u00e9gligeables par rapport \u00e0 la densit\u00e9 ambiante et, dans le second cas, les trous noirs auront aval\u00e9 les particules mat\u00e9rielles puis se seront \u00e9vapor\u00e9s. Il ne restera que les photons et les gravitons qui ne connaissent pas le temps.<\/p>\n<p><img loading=\"lazy\" decoding=\"async\" class=\"size-full wp-image-13333 aligncenter\" src=\"https:\/\/www.cgjung.net\/espace\/wp-content\/uploads\/2020\/06\/les-eons-de-penrose.png\" alt=\"\" width=\"393\" height=\"373\" \/><\/p>\n<p>Ainsi aux deux \u00ab\u00a0bouts\u00a0\u00bb du temps lin\u00e9aire, le temps s\u2019\u00e9vanouit\u00a0: en effet, pas de mati\u00e8re donc pas d\u2019\u00e9nergie et donc pas d\u2019horloge.<a href=\"#_edn1\" name=\"_ednref1\"><sup>[3]<\/sup><\/a>\u00a0Par une transformation g\u00e9om\u00e9trique conforme, Penrose montre l\u2019\u00e9quivalence entre une contraction et une expansion infinie, conduisant ainsi vers une cosmologie cyclique sans d\u00e9but ni fin.<\/p>\n<p style=\"text-align: center;\"><a class=\"buttonv navigation\" href=\"https:\/\/www.cgjung.net\/espace\/accueil\/alain-negre\/modeles-univers\/\">Article pr\u00e9c\u00e9dent<\/a> \u00a0\u00a0 <a class=\"buttonv navigation\" href=\"https:\/\/www.cgjung.net\/espace\/accueil\/alain-negre\/modeles-cosmologiques-archetype-du-quatre\/\">Article suivant<\/a><\/p>\n<p><strong>Notes<\/strong><\/p>\n<p><a href=\"#_ednref1\" name=\"_edn1\">[1]<\/a> Bernard d\u2019Espagnat, Un atome de sagesse : propos d&rsquo;un physicien sur le r\u00e9el voil\u00e9, Paris, \u00c9ditions du Seuil, 1982.<\/p>\n<p><a href=\"#_ednref1\" name=\"_edn1\">[2]<\/a>\u00a0Marie-Louise von Franz, <a href=\"https:\/\/www.cgjung.net\/mlvf\/oeuvre\/nombre_temps.htm\">Nombre et Temps<\/a>, Paris, La Fontaine de Pierre, 1983, p. 91, 2012. Von Franz utilise ult\u00e9rieurement d\u2019autres variantes\u00a0: \u00ab\u00a0configurations rythmiques de l&rsquo;\u00e9nergie psychique, et j&rsquo;ajouterais aujourd&rsquo;hui \u2013 de l&rsquo;\u00e9nergie psycho-physique\u00a0\u00bb dans Mati\u00e8re et Psych\u00e9, Paris, Albin Michel, 2002<\/p>\n<p><a href=\"#_ednref1\" name=\"_edn1\">[3]<\/a>\u00a0Entre \u00e9nergie et mati\u00e8re\u00a0: E = mc<sup>2<\/sup>\u00a0(c = constante) et entre \u00e9nergie et fr\u00e9quence\u00a0: E = h f (h = constante). \u00a0Donc hf = mc<sup>2<\/sup>, d\u2019o\u00f9\u00a0 f = (c<sup>2<\/sup>\/h) m. Si m=0, f=0. Sans fr\u00e9quence, pas d\u2019horloge, pas de possibilit\u00e9 de d\u00e9finir une \u00e9chelle de temps ni donc d&rsquo;espace.<\/p>\n<p><a href=\"https:\/\/www.cgjung.net\/contact.htm\"><strong>Adresser un message \u00e0 Alain N\u00e8gre<\/strong><\/a><\/p>\n<h1>Alain N\u00e8gre<\/h1>\n<p><a href=\"https:\/\/www.cgjung.net\/espace\/accueil\/alain-negre\/#negre\">Biographie et publications<\/a><\/p>\n<p><strong><a href=\"https:\/\/www.cgjung.net\/espace\/accueil\/alain-negre\/archetype-number-cosmology\/\"><img loading=\"lazy\" decoding=\"async\" class=\"alignright size-full wp-image-12694\" src=\"https:\/\/www.cgjung.net\/espace\/wp-content\/uploads\/2020\/05\/archetype-number-v.jpg\" alt=\"\" width=\"90\" height=\"133\" \/><\/a>Ouvrage<\/strong><\/p>\n<ul>\n<li><a href=\"https:\/\/www.cgjung.net\/espace\/accueil\/alain-negre\/archetype-number-cosmology\/\">The Archetype of the Number and its Reflections in Contemporary Cosmology<\/a><\/li>\n<\/ul>\n<p><strong>Articles<\/strong><\/p>\n<ul>\n<li><a href=\"https:\/\/www.cgjung.net\/espace\/accueil\/alain-negre\/cosmos-et-zodiaque\/\">Cosmos et Zodiaque<\/a><\/li>\n<li><a href=\"https:\/\/www.cgjung.net\/espace\/accueil\/alain-negre\/racines-connaissance-scientifique\/\">Les racines de la connaissance scientifique<\/a><\/li>\n<li><a href=\"https:\/\/www.cgjung.net\/espace\/accueil\/alain-negre\/archetype-ordonnateur-univers\/\">L\u2019arch\u00e9type : facteur ordonnateur, principe formateur de l\u2019univers<\/a><\/li>\n<li><a href=\"https:\/\/www.cgjung.net\/espace\/accueil\/alain-negre\/modeles-univers\/\">Les mod\u00e8les de l\u2019univers dans son ensemble<\/a><\/li>\n<li><a href=\"https:\/\/www.cgjung.net\/espace\/accueil\/alain-negre\/frontiere-science-mythe\/\">\u00c0 la fronti\u00e8re de la science et du mythe<\/a><\/li>\n<li><a href=\"https:\/\/www.cgjung.net\/espace\/accueil\/alain-negre\/modeles-cosmologiques-archetype-du-quatre\/\">Des mod\u00e8les cosmologiques \u00e0 l&rsquo;arch\u00e9type du quatre<\/a><\/li>\n<li><a href=\"https:\/\/www.cgjung.net\/espace\/accueil\/alain-negre\/dialectique-des-forces\/\">Du travail dialectique des forces \u00e0 l\u2019arch\u00e9type du trois<\/a><\/li>\n<li><a href=\"https:\/\/www.cgjung.net\/espace\/accueil\/alain-negre\/autoproduction-univers\/\">L\u2019univers s\u2019autoproduit \u00e0 travers les contraires<\/a><\/li>\n<li><a href=\"https:\/\/www.cgjung.net\/espace\/accueil\/alain-negre\/univers-ame-du-monde\/\">L\u2019univers et l\u2019\u00e2me du monde<\/a><\/li>\n<\/ul>\n\n","protected":false},"excerpt":{"rendered":"<p>La formation des hypoth\u00e8ses est la phase imaginative de la d\u00e9marche scientifique. Les arch\u00e9types, inimaginables, recr\u00e9ent et recomposent sans cesse ce que le cosmologiste per\u00e7oit de la r\u00e9alit\u00e9 du ciel.\u00a0Le retour des conceptions\u00a0cycliques du devenir.\u00a0 Par Alain N\u00e8gre Le doublement du carr\u00e9 dans le M\u00e9non de Platon : Comment conna\u00eet-on ? Toute recherche n\u2019est-elle que [&hellip;]<\/p>\n","protected":false},"author":6,"featured_media":0,"parent":12649,"menu_order":39,"comment_status":"closed","ping_status":"closed","template":"","meta":{"footnotes":""},"class_list":["post-13011","page","type-page","status-publish","hentry"],"_links":{"self":[{"href":"https:\/\/www.cgjung.net\/espace\/wp-json\/wp\/v2\/pages\/13011","targetHints":{"allow":["GET"]}}],"collection":[{"href":"https:\/\/www.cgjung.net\/espace\/wp-json\/wp\/v2\/pages"}],"about":[{"href":"https:\/\/www.cgjung.net\/espace\/wp-json\/wp\/v2\/types\/page"}],"author":[{"embeddable":true,"href":"https:\/\/www.cgjung.net\/espace\/wp-json\/wp\/v2\/users\/6"}],"replies":[{"embeddable":true,"href":"https:\/\/www.cgjung.net\/espace\/wp-json\/wp\/v2\/comments?post=13011"}],"version-history":[{"count":70,"href":"https:\/\/www.cgjung.net\/espace\/wp-json\/wp\/v2\/pages\/13011\/revisions"}],"predecessor-version":[{"id":13550,"href":"https:\/\/www.cgjung.net\/espace\/wp-json\/wp\/v2\/pages\/13011\/revisions\/13550"}],"up":[{"embeddable":true,"href":"https:\/\/www.cgjung.net\/espace\/wp-json\/wp\/v2\/pages\/12649"}],"wp:attachment":[{"href":"https:\/\/www.cgjung.net\/espace\/wp-json\/wp\/v2\/media?parent=13011"}],"curies":[{"name":"wp","href":"https:\/\/api.w.org\/{rel}","templated":true}]}}