{"id":12937,"date":"2020-05-20T07:16:38","date_gmt":"2020-05-20T05:16:38","guid":{"rendered":"https:\/\/www.cgjung.net\/espace\/?page_id=12937"},"modified":"2024-12-31T04:20:43","modified_gmt":"2024-12-31T03:20:43","slug":"chantal-armouet","status":"publish","type":"page","link":"https:\/\/www.cgjung.net\/espace\/qui-sommes-nous\/chantal-armouet\/","title":{"rendered":"En souvenir de Chantal Armouet"},"content":{"rendered":"<p><strong>Chantal Armouet, secr\u00e9taire et membre fondatrice de l&rsquo;association Espace Francophone Jungien, nous a quitt\u00e9s le samedi 20 avril 2024. Nous sommes profond\u00e9ment attrist\u00e9s par la disparition de Chantal, qui a consacr\u00e9 sa vie \u00e0 notre communaut\u00e9 et bien au-del\u00e0 avec un d\u00e9vouement inlassable.<\/strong><\/p>\n<p><img loading=\"lazy\" decoding=\"async\" class=\"size-full wp-image-12938 alignright\" src=\"https:\/\/www.cgjung.net\/espace\/wp-content\/uploads\/2020\/05\/chantal-armouet.jpg\" alt=\"\" width=\"150\" height=\"153\" \/><\/p>\n<p><span style=\"font-weight: 400;\">Chantal Armouet est d\u00e9c\u00e9d\u00e9e le 20 avril 2024, \u00e0 l&rsquo;\u00e2ge de 64 ans, \u00e0 son domicile de Pr\u00e9chacq-Josbaig, des suites d&rsquo;une courte maladie.<\/span><\/p>\n<p>Reconnue unanimement pour son d\u00e9vouement, sa gentillesse et son professionnalisme, elle incarnait les valeurs jungiennes avec passion et int\u00e9grit\u00e9.<\/p>\n<p>Chantal Armouet a d\u00e9couvert Carl Gustav Jung il y a plusieurs ann\u00e9es et a imm\u00e9diatement mesur\u00e9 l\u2019int\u00e9r\u00eat de son \u0153uvre pour la connaissance de soi et des autres.<\/p>\n<p>Apr\u00e8s une carri\u00e8re professionnelle dans un domaine compl\u00e8tement diff\u00e9rent, elle a ouvert un cabinet de consultation pour accompagner et aider des personnes dans leur parcours individuel.&nbsp;<\/p>\n<p>Elle a coanim\u00e9, avec&nbsp;Jean-Pierre Robert, fondateur du site EFJ cgjung.net, <a href=\"https:\/\/www.cgjung.net\/espace\/seminaires\/\">des s\u00e9minaires de&nbsp; 2017 \u00e0 2023<\/a>.<\/p>\n<p>Chantal nous manquera \u00e9norm\u00e9ment, mais son esprit continuera de veiller sur nous et d&rsquo;inspirer notre mission.<\/p>\n<p><em>Les obs\u00e8ques ont eu lieu \u00e0 la cath\u00e9drale d&rsquo;Oloron-Sainte-Marie le mardi 23 avril 2024, suivies de l&rsquo;inhumation au cimeti\u00e8re de Pr\u00e9chacq-Josbaig.<\/em><\/p>\n<p style=\"text-align: center;\"><a class=\"buttonv navigation\" href=\"https:\/\/www.cgjung.net\/espace\/no-index\/hommages\/hommages-chantal-armouet\/\">Lire deux hommages prononc\u00e9s lors de la c\u00e9r\u00e9monie d&rsquo;obs\u00e8ques<\/a><\/p>\n<h2>Journ\u00e9e du 7 ao\u00fbt 2024<\/h2>\n<p>Une journ\u00e9e en souvenir de Chantal Armouet a \u00e9t\u00e9 organis\u00e9e le 7 ao\u00fbt 2024, r\u00e9unissant 18 personnes venues de diff\u00e9rentes zones g\u00e9ographiques et d\u2019horizons divers, \u00e0 l\u2019ancien presbyt\u00e8re de Pr\u00e9chacq-Josbaig (64).<\/p>\n<p style=\"text-align: center;\"><a class=\"buttonv navigation\" href=\"https:\/\/www.cgjung.net\/espace\/no-index\/hommages\/2024-08-07-journee\/\"> Voir le d\u00e9roul\u00e9 de cette journ\u00e9e et une photo de sa s\u00e9pulture<\/a><\/p>\n<p><em>Page r\u00e9dig\u00e9e par Ariane Callot, Claire Droin et Jean-Pierre Robert.&nbsp;<\/em><em>Avril 2024<\/em><\/p>\n","protected":false},"excerpt":{"rendered":"<p>Chantal Armouet, secr\u00e9taire et membre fondatrice de l&rsquo;association Espace Francophone Jungien, nous a quitt\u00e9s le samedi 20 avril 2024. Nous sommes profond\u00e9ment attrist\u00e9s par la disparition de Chantal, qui a consacr\u00e9 sa vie \u00e0 notre communaut\u00e9 et bien au-del\u00e0 avec un d\u00e9vouement inlassable. Chantal Armouet est d\u00e9c\u00e9d\u00e9e le 20 avril 2024, \u00e0 l&rsquo;\u00e2ge de 64 [&hellip;]<\/p>\n","protected":false},"author":1,"featured_media":0,"parent":9062,"menu_order":14,"comment_status":"closed","ping_status":"closed","template":"","meta":{"footnotes":""},"class_list":["post-12937","page","type-page","status-publish","hentry"],"_links":{"self":[{"href":"https:\/\/www.cgjung.net\/espace\/wp-json\/wp\/v2\/pages\/12937","targetHints":{"allow":["GET"]}}],"collection":[{"href":"https:\/\/www.cgjung.net\/espace\/wp-json\/wp\/v2\/pages"}],"about":[{"href":"https:\/\/www.cgjung.net\/espace\/wp-json\/wp\/v2\/types\/page"}],"author":[{"embeddable":true,"href":"https:\/\/www.cgjung.net\/espace\/wp-json\/wp\/v2\/users\/1"}],"replies":[{"embeddable":true,"href":"https:\/\/www.cgjung.net\/espace\/wp-json\/wp\/v2\/comments?post=12937"}],"version-history":[{"count":31,"href":"https:\/\/www.cgjung.net\/espace\/wp-json\/wp\/v2\/pages\/12937\/revisions"}],"predecessor-version":[{"id":27875,"href":"https:\/\/www.cgjung.net\/espace\/wp-json\/wp\/v2\/pages\/12937\/revisions\/27875"}],"up":[{"embeddable":true,"href":"https:\/\/www.cgjung.net\/espace\/wp-json\/wp\/v2\/pages\/9062"}],"wp:attachment":[{"href":"https:\/\/www.cgjung.net\/espace\/wp-json\/wp\/v2\/media?parent=12937"}],"curies":[{"name":"wp","href":"https:\/\/api.w.org\/{rel}","templated":true}]}}

<p><strong>Chantal Armouet, secrétaire et membre fondatrice de l&rsquo;association Espace Francophone Jungien, nous a quittés le samedi 20 avril 2024. Nous sommes profondément attristés par la disparition de Chantal, qui a consacré sa vie à notre communauté et bien au-delà avec un dévouement inlassable.</strong></p>
<p><img loading="lazy" decoding="async" class="size-full wp-image-12938 alignright" src="https://www.cgjung.net/espace/wp-content/uploads/2020/05/chantal-armouet.jpg" alt="" width="150" height="153" /></p>
<p><span style="font-weight: 400;">Chantal Armouet est décédée le 20 avril 2024, à l&rsquo;âge de 64 ans, à son domicile de Préchacq-Josbaig, des suites d&rsquo;une courte maladie.</span></p>
<p>Reconnue unanimement pour son dévouement, sa gentillesse et son professionnalisme, elle incarnait les valeurs jungiennes avec passion et intégrité.</p>
<p>Chantal Armouet a découvert Carl Gustav Jung il y a plusieurs années et a immédiatement mesuré l’intérêt de son œuvre pour la connaissance de soi et des autres.</p>
<p>Après une carrière professionnelle dans un domaine complètement différent, elle a ouvert un cabinet de consultation pour accompagner et aider des personnes dans leur parcours individuel.&nbsp;</p>
<p>Elle a coanimé, avec&nbsp;Jean-Pierre Robert, fondateur du site EFJ cgjung.net, <a href="https://www.cgjung.net/espace/seminaires/">des séminaires de&nbsp; 2017 à 2023</a>.</p>
<p>Chantal nous manquera énormément, mais son esprit continuera de veiller sur nous et d&rsquo;inspirer notre mission.</p>
<p><em>Les obsèques ont eu lieu à la cathédrale d&rsquo;Oloron-Sainte-Marie le mardi 23 avril 2024, suivies de l&rsquo;inhumation au cimetière de Préchacq-Josbaig.</em></p>
<p style="text-align: center;"><a class="buttonv navigation" href="https://www.cgjung.net/espace/no-index/hommages/hommages-chantal-armouet/">Lire deux hommages prononcés lors de la cérémonie d&rsquo;obsèques</a></p>
<h2>Journée du 7 août 2024</h2>
<p>Une journée en souvenir de Chantal Armouet a été organisée le 7 août 2024, réunissant 18 personnes venues de différentes zones géographiques et d’horizons divers, à l’ancien presbytère de Préchacq-Josbaig (64).</p>
<p style="text-align: center;"><a class="buttonv navigation" href="https://www.cgjung.net/espace/no-index/hommages/2024-08-07-journee/"> Voir le déroulé de cette journée et une photo de sa sépulture</a></p>
<p><em>Page rédigée par Ariane Callot, Claire Droin et Jean-Pierre Robert.&nbsp;</em><em>Avril 2024</em></p>

<p>Chantal Armouet, secrétaire et membre fondatrice de l&rsquo;association Espace Francophone Jungien, nous a quittés le samedi 20 avril 2024. Nous sommes profondément attristés par la disparition de Chantal, qui a consacré sa vie à notre communauté et bien au-delà avec un dévouement inlassable. Chantal Armouet est décédée le 20 avril 2024, à l&rsquo;âge de 64 [&hellip;]</p>
