{"id":12698,"date":"2020-05-09T05:17:30","date_gmt":"2020-05-09T03:17:30","guid":{"rendered":"https:\/\/www.cgjung.net\/espace\/?page_id=12698"},"modified":"2020-05-09T06:04:21","modified_gmt":"2020-05-09T04:04:21","slug":"archetype-number-cosmology","status":"publish","type":"page","link":"https:\/\/www.cgjung.net\/espace\/accueil\/alain-negre\/archetype-number-cosmology\/","title":{"rendered":"The Archetype of the Number and its Reflections in Contemporary Cosmology"},"content":{"rendered":"<p><strong>Cet ouvrage d&rsquo;Alain N\u00e8gre est disponible en langue anglaise uniquement, il est sous titr\u00e9 <em>Psychophysical Rhythmic Configurations &#8211; Jung, Pauli and Beyond<\/em>. Il fait l&rsquo;objet d&rsquo;une pr\u00e9sentation dans la s\u00e9rie d&rsquo;articles intitul\u00e9e <\/strong><a href=\"https:\/\/www.cgjung.net\/espace\/accueil\/alain-negre\/#enant\"><em><strong>Vers une approche \u00e9nantiodromique de l&rsquo;univers. Jung, Pauli et au-del\u00e0&#8230;<\/strong> <\/em><\/a><\/p>\n<p><img loading=\"lazy\" decoding=\"async\" class=\"size-full wp-image-12693 aligncenter\" src=\"https:\/\/www.cgjung.net\/espace\/wp-content\/uploads\/2020\/05\/archetype-number.jpg\" alt=\"\" width=\"280\" height=\"413\" \/><\/p>\n<p style=\"text-align: center;\"><a href=\"https:\/\/www.amazon.fr\/exec\/obidos\/ASIN\/1630515876\/carlgustavjungen\" target=\"_blank\" rel=\"noopener noreferrer\"><img loading=\"lazy\" decoding=\"async\" class=\"size-full wp-image-9645 aligncenter\" src=\"https:\/\/www.cgjung.net\/espace\/wp-content\/uploads\/2019\/08\/achat-amazon-fr.png\" alt=\"\" width=\"300\" height=\"25\" \/><\/a>Les \u00e9ditions Chiron \u2013 14 x 21,6 x 1,2 cm \u2013 212 pages<\/p>\n<h2>Table des mati\u00e8res<\/h2>\n<p>Preface ix<\/p>\n<p>1. Seeing the History of the Universe in a Different Light<\/p>\n<p>2. Wolfgang Pauli and Number as \u2018Primitive Mathematical Intuition<\/p>\n<p>3. Signs in the Sky: The Withdrawal of Projections<\/p>\n<p>4. Science Finds its Origins Outside of its Own System of Thought: Natural Numbers and the Foundations of Mathematics<\/p>\n<p>4.1. Limits in Scientific Knowledge<br \/>\n4.2. Levels of Reality and Mirroring Effects<br \/>\n4.3. Qualitative Number and Quantitative Number<br \/>\n4.4. The Number-Archetype, the Point of Contact between Matter and the Psyche<br \/>\n4.5. Symmetry and Asymmetry in Number<\/p>\n<p>5. The Concept of Number-Archetype and the First Four Integers<\/p>\n<p>5.1. One Becomes Two, Two becomes Three . . . Number as a Field<br \/>\n5.2 The First Four Integer Numbers as Fundamental Dynamic Models<\/p>\n<p>6. The Transition from Three to Four<\/p>\n<p>6.1. The Transition from Three to Four in the (3 + 1) Psychological Functions<br \/>\n6.2. The Transition from Three to Four in the Trinity and the Assumption of Mary<br \/>\n6.3. (3 + 1) Dimensions of Space-Time and (3 + 1) Interactions in Physics<br \/>\n6.4. The Transition from Three to Four in the (3 + 1) Quantum Numbers<br \/>\n6.5. Trinitarian Kepler and Quaternarian Fludd<\/p>\n<p>7. Traces of a Quaternary Rhythm in Cosmological Events<\/p>\n<p>7.1 Two Strongly Emergent Events<br \/>\n7.2. Two Horizon-Type Events or Temporal-Attracting Events<br \/>\n7.3. Relative Durations of the Four Quadrants of the History of the Universe<br \/>\n7.4. The Four Quadrants and Cosmological \u2018Eras\u2019<br \/>\n7.5. The (3 + 1) Aristotelian Causes and the (3 + 1) Steps of Alchemical Work throughout the Universe<\/p>\n<p>8. Traces of a Ternary Rhythm in Cosmological Events<\/p>\n<p>8.1. Three Forces and Three Ternary Sequences<br \/>\n8.2. Ternary Sequence in the First Quadrant<br \/>\n8.3. Ternary Sequence in the Second Quadrant<br \/>\n8.4. Ternary Sequence in the Third Quadrant<br \/>\n8.5. Ternary Sequence in the Fourth Quadrant<br \/>\n8.6. The Unfinished Game of the Untotalizable \u20184 x 3\u2019 Structure<br \/>\n8.7. The Fourth of the Aristotelian Causes and Alchemical Process Revisited<\/p>\n<p>9. The Archetypal Images of the Zodiac as Projection of Numbers-Archetypes<\/p>\n<p>9.1. Zodiac Signs Expand Number Symbolism<br \/>\n9.2. Jung\u2019s Equation of the Self<br \/>\n9.3. Illustration of Cyclical Process<br \/>\n9.4. The Two Spirals of the Zodiac Circle: Involution, Devolution, and Evolution processes<\/p>\n<p>10. The Rhythmic Reflections of the Psychophysical Energy through a Diachronic Reading of the Zodiac<\/p>\n<p>11. Squaring the Circle and the Union of Opposites<\/p>\n<p>11.1. Strange Loops and \u2018Aspects\u2019<br \/>\n11.2. The Interchange of Time<br \/>\n11.3. The Three Crosses of the Relational Physics of the Universe<br \/>\n11.4. Coniunctio Oppositorum: The Six Oppositions<\/p>\n<p>12. The Universe and its Fourfold Refection<\/p>\n<p>12.1. Four Types of Psychological Projection<br \/>\n12.2. Ego-Self Mirrorings<br \/>\n12.3. Matter-Psyche Mirrorings<br \/>\n12.4. The Four Emblematic Events of the Universe as Four Psychophysical Projections<br \/>\n12.5. The Chiseling Work of the Universe<\/p>\n<p>Conclusion &amp; Bibliography<\/p>\n<p><a href=\"https:\/\/www.cgjung.net\/contact.htm\"><strong>Adresser un message \u00e0 Alain N\u00e8gre<\/strong><\/a><\/p>\n<h1>Alain N\u00e8gre<\/h1>\n<p><a href=\"https:\/\/www.cgjung.net\/espace\/accueil\/alain-negre\/#negre\">Biographie et publications<\/a><\/p>\n<p><strong><a href=\"https:\/\/www.cgjung.net\/espace\/accueil\/alain-negre\/archetype-number-cosmology\/\"><img loading=\"lazy\" decoding=\"async\" class=\"alignright size-full wp-image-12694\" src=\"https:\/\/www.cgjung.net\/espace\/wp-content\/uploads\/2020\/05\/archetype-number-v.jpg\" alt=\"\" width=\"90\" height=\"133\" \/><\/a>Ouvrage<\/strong><\/p>\n<ul>\n<li><a href=\"https:\/\/www.cgjung.net\/espace\/accueil\/alain-negre\/archetype-number-cosmology\/\">The Archetype of the Number and its Reflections in Contemporary Cosmology<\/a><\/li>\n<\/ul>\n<p><strong>Articles<\/strong><\/p>\n<ul>\n<li><a href=\"https:\/\/www.cgjung.net\/espace\/accueil\/alain-negre\/cosmos-et-zodiaque\/\">Cosmos et Zodiaque<\/a><\/li>\n<li><a href=\"https:\/\/www.cgjung.net\/espace\/accueil\/alain-negre\/racines-connaissance-scientifique\/\">Les racines de la connaissance scientifique<\/a><\/li>\n<li><a href=\"https:\/\/www.cgjung.net\/espace\/accueil\/alain-negre\/archetype-ordonnateur-univers\/\">L\u2019arch\u00e9type : facteur ordonnateur, principe formateur de l\u2019univers<\/a><\/li>\n<li><a href=\"https:\/\/www.cgjung.net\/espace\/accueil\/alain-negre\/modeles-univers\/\">Les mod\u00e8les de l\u2019univers dans son ensemble<\/a><\/li>\n<li><a href=\"https:\/\/www.cgjung.net\/espace\/accueil\/alain-negre\/frontiere-science-mythe\/\">\u00c0 la fronti\u00e8re de la science et du mythe<\/a><\/li>\n<li><a href=\"https:\/\/www.cgjung.net\/espace\/accueil\/alain-negre\/modeles-cosmologiques-archetype-du-quatre\/\">Des mod\u00e8les cosmologiques \u00e0 l&rsquo;arch\u00e9type du quatre<\/a><\/li>\n<li><a href=\"https:\/\/www.cgjung.net\/espace\/accueil\/alain-negre\/dialectique-des-forces\/\">Du travail dialectique des forces \u00e0 l\u2019arch\u00e9type du trois<\/a><\/li>\n<li><a href=\"https:\/\/www.cgjung.net\/espace\/accueil\/alain-negre\/autoproduction-univers\/\">L\u2019univers s\u2019autoproduit \u00e0 travers les contraires<\/a><\/li>\n<li><a href=\"https:\/\/www.cgjung.net\/espace\/accueil\/alain-negre\/univers-ame-du-monde\/\">L\u2019univers et l\u2019\u00e2me du monde<\/a><\/li>\n<\/ul>\n\n","protected":false},"excerpt":{"rendered":"<p>Cet ouvrage d&rsquo;Alain N\u00e8gre est disponible en langue anglaise uniquement, il est sous titr\u00e9 Psychophysical Rhythmic Configurations &#8211; Jung, Pauli and Beyond. Il fait l&rsquo;objet d&rsquo;une pr\u00e9sentation dans la s\u00e9rie d&rsquo;articles intitul\u00e9e Vers une approche \u00e9nantiodromique de l&rsquo;univers. Jung, Pauli et au-del\u00e0&#8230; Les \u00e9ditions Chiron \u2013 14 x 21,6 x 1,2 cm \u2013 212 pages [&hellip;]<\/p>\n","protected":false},"author":6,"featured_media":0,"parent":12649,"menu_order":18,"comment_status":"closed","ping_status":"closed","template":"","meta":{"footnotes":""},"class_list":["post-12698","page","type-page","status-publish","hentry"],"_links":{"self":[{"href":"https:\/\/www.cgjung.net\/espace\/wp-json\/wp\/v2\/pages\/12698","targetHints":{"allow":["GET"]}}],"collection":[{"href":"https:\/\/www.cgjung.net\/espace\/wp-json\/wp\/v2\/pages"}],"about":[{"href":"https:\/\/www.cgjung.net\/espace\/wp-json\/wp\/v2\/types\/page"}],"author":[{"embeddable":true,"href":"https:\/\/www.cgjung.net\/espace\/wp-json\/wp\/v2\/users\/6"}],"replies":[{"embeddable":true,"href":"https:\/\/www.cgjung.net\/espace\/wp-json\/wp\/v2\/comments?post=12698"}],"version-history":[{"count":6,"href":"https:\/\/www.cgjung.net\/espace\/wp-json\/wp\/v2\/pages\/12698\/revisions"}],"predecessor-version":[{"id":12717,"href":"https:\/\/www.cgjung.net\/espace\/wp-json\/wp\/v2\/pages\/12698\/revisions\/12717"}],"up":[{"embeddable":true,"href":"https:\/\/www.cgjung.net\/espace\/wp-json\/wp\/v2\/pages\/12649"}],"wp:attachment":[{"href":"https:\/\/www.cgjung.net\/espace\/wp-json\/wp\/v2\/media?parent=12698"}],"curies":[{"name":"wp","href":"https:\/\/api.w.org\/{rel}","templated":true}]}}