{"id":12050,"date":"2020-04-12T05:41:43","date_gmt":"2020-04-12T03:41:43","guid":{"rendered":"https:\/\/www.cgjung.net\/espace\/?page_id=12050"},"modified":"2020-04-13T04:52:47","modified_gmt":"2020-04-13T02:52:47","slug":"effarante-vacuite","status":"publish","type":"page","link":"https:\/\/www.cgjung.net\/espace\/ressources\/effarante-vacuite\/","title":{"rendered":"Une effarante vacuit\u00e9"},"content":{"rendered":"<p><strong>Avec pour sous titre \u00ab\u00a0Spiritualit\u00e9 et opposition \u00e2me\/esprit dans une perspective jungienne\u00a0\u00bb cet ouvrage de Pierre Willequet a pour ambition d&rsquo;analyser le d\u00e9sarroi, tout autant que l&rsquo;atomisation du <em>monde spirituel<\/em> chez la plupart de nos contemporains.<\/strong><\/p>\n<p><em>Cet ouvrage remplace l&rsquo;\u00e9dition pr\u00e9c\u00e9dente <a href=\"https:\/\/www.cgjung.net\/publications\/le-vide-spirituel-pierre-willequet.htm\">du livre Le Vide Spirituel<\/a>, enrichie de nouveaux contenus.<\/em><\/p>\n<p><img loading=\"lazy\" decoding=\"async\" class=\"size-full wp-image-12055 aligncenter\" src=\"https:\/\/www.cgjung.net\/espace\/wp-content\/uploads\/2020\/04\/une-effarante-vacuite.jpg\" alt=\"\" width=\"340\" height=\"427\" srcset=\"https:\/\/www.cgjung.net\/espace\/wp-content\/uploads\/2020\/04\/une-effarante-vacuite.jpg 340w, https:\/\/www.cgjung.net\/espace\/wp-content\/uploads\/2020\/04\/une-effarante-vacuite-239x300.jpg 239w\" sizes=\"auto, (max-width: 340px) 100vw, 340px\" \/><\/p>\n<p style=\"text-align: center;\"><a href=\"https:\/\/www.amazon.fr\/exec\/obidos\/ASIN\/2916537252\/carlgustavjungen\" target=\"_blank\" rel=\"noopener noreferrer\"><img loading=\"lazy\" decoding=\"async\" class=\"size-full wp-image-9645 aligncenter\" src=\"https:\/\/www.cgjung.net\/espace\/wp-content\/uploads\/2019\/08\/achat-amazon-fr.png\" alt=\"\" width=\"300\" height=\"25\" \/><\/a><span style=\"font-size: 10pt;\">\u00c9ditions C\u00e9nacle de France \u2013 14 x 21 x 3,4 cm \u2013 410 pages<\/span><\/p>\n<h2>Pr\u00e9sentation par l&rsquo;\u00e9diteur<\/h2>\n<p>Ce livre a pour ambition d&rsquo;analyser le d\u00e9sarroi, tout autant que l&rsquo;atomisation du <em>monde spirituel<\/em> chez la plupart de nos contemporains qui, dans leur qu\u00eate sinc\u00e8re de sens, adh\u00e8rent candidement \u00e0 toutes sortes de mouvements, croyances ou autres affiliations plus ou moins structur\u00e9es dont la pertinence devrait, imp\u00e9rativement, \u00eatre questionn\u00e9e. Ce qui n&rsquo;est bien s\u00fbr pas le cas pour la plupart d&rsquo;entre elles.<\/p>\n<p>L&rsquo;ouvrage \u00e9claire cette probl\u00e9matique en s&rsquo;attachant \u00e0 deux entit\u00e9s psychiques distinctes, oppos\u00e9es et compl\u00e9mentaires : l&rsquo;\u00e2me et l&rsquo;esprit. Les vis\u00e9es et ambitions de chacune d&rsquo;elles \u00e9tant h\u00e9t\u00e9rodoxes, il est utile d&rsquo;en \u00e9valuer les lignes de force afin de voir comment le sujet peut s&rsquo;y retrouver, scind\u00e9 entre des orientations pouvant litt\u00e9ralement l&rsquo;\u00e9carteler entre le <em>haut<\/em> (esprit) et le <em>bas<\/em> (l&rsquo;\u00e2me) \u00e0 la mani\u00e8re dont Jung analysait la symbolique de la croix en maints de ses ouvrages.<\/p>\n<p>Enfin, pour ne pas s&rsquo;enferrer dans un constat trop pessimiste, le livre propose une r\u00e9flexion de synth\u00e8se sur le r\u00f4le de l&rsquo;analyse, ses sp\u00e9cificit\u00e9s et son apport relativement aux tensions, souvent d\u00e9l\u00e9t\u00e8res, pr\u00e9c\u00e9demment \u00e9tudi\u00e9es.<\/p>\n<h2>Tables des mati\u00e8res<\/h2>\n<p>Introduction<\/p>\n<p>Bref \u00e9tat des lieux<\/p>\n<p>S&rsquo;approcher d&rsquo;une d\u00e9finition<\/p>\n<p style=\"padding-left: 40px;\">Comment elle se dit<br \/>\nAux origines, la Gr\u00e8ce<\/p>\n<p>La dialectique \u00e2me &#8211; esprit<\/p>\n<p>Promesses de l&rsquo;esprit<\/p>\n<p style=\"padding-left: 40px;\">Le d\u00e9sengagement du sensible<br \/>\nEffets sur le rapport de l&rsquo;Occidental \u00e0 son corps<br \/>\nBr\u00e8ve synth\u00e8se<\/p>\n<p>L&rsquo;\u00e2me et ses manifestations<\/p>\n<p style=\"padding-left: 40px;\">Le chemin vers le bas<br \/>\nLes promesses de l&rsquo;\u00e2me<br \/>\nL&rsquo;impr\u00e9gnation comme logique de d\u00e9veloppement<br \/>\nUnivers des ambiances<br \/>\nLa musicalit\u00e9<br \/>\nL&rsquo;animalit\u00e9<br \/>\nLa sauvagerie\/la r\u00e9sistance<br \/>\nSolve et coagula<\/p>\n<p>Ce qui &#8211; et ce que &#8211; g\u00e9n\u00e8re la perte d&rsquo;\u00e2me<\/p>\n<p style=\"padding-left: 40px;\">I- La d\u00e9sorientation<br \/>\nII- La soif<br \/>\nIII- L&rsquo;avidit\u00e9 consum\u00e9riste<br \/>\nIV- La frustration, la violence<\/p>\n<p>Que r\u00e9pondre<\/p>\n<p style=\"padding-left: 40px;\">La n\u00e9cessaire \u00ab\u00a0suspension\u00a0\u00bb<br \/>\nLe refus de toute connotation<br \/>\nL&rsquo;utilisation du temps<br \/>\nL&rsquo;analyse, exercice spirituel ?<br \/>\nLa dialectique \u00e2me\/esprit dans le travail analytique<br \/>\nLa rencontre avec, et le travail sur le corps<\/p>\n<p>\u00c9ros, l&rsquo;amour, le partage<\/p>\n<p>Remerciements &amp; bibliographie<\/p>\n<h2><img loading=\"lazy\" decoding=\"async\" class=\"alignright size-full wp-image-12071\" src=\"https:\/\/www.cgjung.net\/espace\/wp-content\/uploads\/2020\/04\/pierre-willequet.jpg\" alt=\"\" width=\"90\" height=\"125\" \/>Pierre Willequet<b><\/b><\/h2>\n<p>Docteur en Psychologie et dipl\u00f4m\u00e9 de l&rsquo;Institut C.G. Jung de Zurich, auteur de nombreux ouvrages, il exerce en France pr\u00e8s de Gen\u00e8ve. Il participe au programme de formation des analystes propos\u00e9 par L&rsquo;antenne romande de l&rsquo;Institut Jung de Zurich.<\/p>\n<p><b>Du m\u00eame auteur<br \/>\n<\/b><\/p>\n<ul>\n<li><a href=\"https:\/\/www.cgjung.net\/espace\/accueil\/entretien-pierre-willequet\/\">Entretien avec Pierre Willequet<\/a><\/li>\n<li><a href=\"https:\/\/www.cgjung.net\/espace\/ressources\/pas-de-therapie-sans-ame\/\">Pas de th\u00e9rapie sans \u00e2me<\/a><\/li>\n<li><a href=\"https:\/\/www.cgjung.net\/espace\/ressources\/ego-ultime-divinite\/\">La divinisation du moi<\/a><\/li>\n<li><a href=\"https:\/\/www.cgjung.net\/espace\/ressources\/effarante-vacuite\/\">Une effarante vacuit\u00e9<\/a><\/li>\n<li><a href=\"https:\/\/www.cgjung.net\/espace\/ressources\/delires-splendeurs-religieux\/\">D\u00e9lires et splendeurs du religieux<\/a><\/li>\n<li><a href=\"https:\/\/www.cgjung.net\/publications\/sexualite-homme-femme.htm\">Sexualit\u00e9 Homme-Femme &#8211; L&rsquo;\u00e9ternel malentendu<\/a><\/li>\n<li><a href=\"https:\/\/www.cgjung.net\/publications\/trahir-etre-trahi.htm\">Trahir, \u00eatre trahi<\/a><\/li>\n<li><a href=\"https:\/\/www.cgjung.net\/publications\/l-ego-face-au-divin-pierre-willequet.htm\">L&rsquo;ego face au divin<\/a><\/li>\n<li><a href=\"https:\/\/www.cgjung.net\/publications\/meres_et_filles.htm\">M\u00e8res et filles &#8211; Histoire d&rsquo;une emprise<\/a><\/li>\n<li><a href=\"https:\/\/www.cgjung.net\/publications\/le-reve-sa-creativite-ses-bizarreries.htm\">Le R\u00eave, sa cr\u00e9ativit\u00e9, ses bizarreries<\/a><\/li>\n<li><a href=\"https:\/\/www.cgjung.net\/publications\/roman-psychiatrique.htm\">Histoire d&rsquo;un qui s&rsquo;en alla<\/a>&nbsp;(roman)<\/li>\n<li><a href=\"https:\/\/www.cgjung.net\/espace\/ressources\/deluges-des-sens-pierre-willequet\/\">D\u00e9luges des sens<\/a> (roman)<\/li>\n<li><a href=\"https:\/\/www.cgjung.net\/publications\/jung-elan-createur.htm\">Jung et l&rsquo;\u00e9lan cr\u00e9ateur<\/a> (intervenant au colloque de Bruxelles)<\/li>\n<li><a href=\"https:\/\/www.cgjung.net\/espace\/ressources\/colloque-bruxelles-image\/\">L&rsquo;Image, entre nuisance, inanit\u00e9 et n\u00e9cessit\u00e9<\/a> (intervenant au colloque de Bruxelles)<\/li>\n<li><a href=\"https:\/\/www.cgjung.net\/espace\/ressources\/accueillir-parents-et-enfants\/\">Accueillir parents et enfants<\/a> (intervenant au Cerf-Volant)<\/li>\n<\/ul>\n\n","protected":false},"excerpt":{"rendered":"<p>Avec pour sous titre \u00ab\u00a0Spiritualit\u00e9 et opposition \u00e2me\/esprit dans une perspective jungienne\u00a0\u00bb cet ouvrage de Pierre Willequet a pour ambition d&rsquo;analyser le d\u00e9sarroi, tout autant que l&rsquo;atomisation du monde spirituel chez la plupart de nos contemporains. Cet ouvrage remplace l&rsquo;\u00e9dition pr\u00e9c\u00e9dente du livre Le Vide Spirituel, enrichie de nouveaux contenus. \u00c9ditions C\u00e9nacle de France \u2013 [&hellip;]<\/p>\n","protected":false},"author":1,"featured_media":0,"parent":9713,"menu_order":13,"comment_status":"closed","ping_status":"closed","template":"","meta":{"footnotes":""},"class_list":["post-12050","page","type-page","status-publish","hentry"],"_links":{"self":[{"href":"https:\/\/www.cgjung.net\/espace\/wp-json\/wp\/v2\/pages\/12050","targetHints":{"allow":["GET"]}}],"collection":[{"href":"https:\/\/www.cgjung.net\/espace\/wp-json\/wp\/v2\/pages"}],"about":[{"href":"https:\/\/www.cgjung.net\/espace\/wp-json\/wp\/v2\/types\/page"}],"author":[{"embeddable":true,"href":"https:\/\/www.cgjung.net\/espace\/wp-json\/wp\/v2\/users\/1"}],"replies":[{"embeddable":true,"href":"https:\/\/www.cgjung.net\/espace\/wp-json\/wp\/v2\/comments?post=12050"}],"version-history":[{"count":12,"href":"https:\/\/www.cgjung.net\/espace\/wp-json\/wp\/v2\/pages\/12050\/revisions"}],"predecessor-version":[{"id":12112,"href":"https:\/\/www.cgjung.net\/espace\/wp-json\/wp\/v2\/pages\/12050\/revisions\/12112"}],"up":[{"embeddable":true,"href":"https:\/\/www.cgjung.net\/espace\/wp-json\/wp\/v2\/pages\/9713"}],"wp:attachment":[{"href":"https:\/\/www.cgjung.net\/espace\/wp-json\/wp\/v2\/media?parent=12050"}],"curies":[{"name":"wp","href":"https:\/\/api.w.org\/{rel}","templated":true}]}}