{"id":11546,"date":"2020-03-27T12:00:59","date_gmt":"2020-03-27T11:00:59","guid":{"rendered":"https:\/\/www.cgjung.net\/espace\/?page_id=11546"},"modified":"2020-04-13T04:51:24","modified_gmt":"2020-04-13T02:51:24","slug":"education-selon-c-g-jung","status":"publish","type":"page","link":"https:\/\/www.cgjung.net\/espace\/ressources\/education-selon-c-g-jung\/","title":{"rendered":"Propos sur l&rsquo;\u00e9ducation selon C.G. Jung"},"content":{"rendered":"<p><strong>Plusieurs th\u00e9matiques sont abord\u00e9es dans cet ouvrage qui concernent l&rsquo;\u00e9ducation selon C.G. Jung. Cinq auteurs : Chrystel Delaigue, Florent Serina, Bruno Traversi, Bertrand de la Vaissi\u00e8re, Jean-Jacques Wunenburger, ont r\u00e9dig\u00e9 les articles ci-dessous.<br \/>\n<\/strong><\/p>\n<p><img loading=\"lazy\" decoding=\"async\" class=\"size-full wp-image-11547 aligncenter\" src=\"https:\/\/www.cgjung.net\/espace\/wp-content\/uploads\/2020\/03\/education-selon-cg-jung.png\" alt=\"\" width=\"280\" height=\"420\" \/><\/p>\n<p style=\"text-align: center;\"><a href=\"https:\/\/www.amazon.fr\/exec\/obidos\/ASIN\/2916537260\/carlgustavjungen\" target=\"_blank\" rel=\"noopener noreferrer\"><img loading=\"lazy\" decoding=\"async\" class=\"size-full wp-image-9645 aligncenter\" src=\"https:\/\/www.cgjung.net\/espace\/wp-content\/uploads\/2019\/08\/achat-amazon-fr.png\" alt=\"\" width=\"300\" height=\"25\" \/><\/a>Editions C\u00e9nacle de France &#8211; 14 x 21 x 1,6 cm &#8211; 194 pages<\/p>\n<h2>Table des mati\u00e8res<\/h2>\n<p>Pr\u00e9face<br \/>\n<em>Chrystel DELAIGUE<\/em><\/p>\n<p>Introduction<br \/>\n<strong>Carl Gustav Jung, l&rsquo;\u00e9ducation et le nouveau paradigme de la science moderne<br \/>\n<\/strong><em>Bruno TRAVERSI<\/em><\/p>\n<p style=\"padding-left: 40px;\">I- \u00c9ducation et th\u00e9orie de la connaissance<br \/>\nII- Physique moderne et psychologie des profondeurs<br \/>\nIII-L&rsquo;inconscient collectif<br \/>\nIV-L&rsquo;inconscient collectif psycho\u00efde<br \/>\nV- Le mod\u00e8le platonicien<br \/>\nVI- Individuation : le moi et le collectif<\/p>\n<p><strong>C.G. Jung, une \u00e9ducation alternative ?<br \/>\n<\/strong><em>Jean-Jacques WUNENBURGER<\/em><\/p>\n<p style=\"padding-left: 40px;\">I- Les deux conceptions de l&rsquo;universel<br \/>\nII- Le tiers-inclus de l&rsquo;\u00e2me<br \/>\nIII-L&rsquo;inconscient, source et obstacle \u00e0 l&rsquo;\u00e9ducation<br \/>\nIV-La sexuation de l&rsquo;\u00e9ducation<br \/>\nV- Les figures de l&rsquo;autorit\u00e9<\/p>\n<p><strong>Monter sur l&rsquo;estrade. L&rsquo;individuation et la figure du ma\u00eetre dans le renouveau du savoir scientifique selon C.G. Jung et W. Pauli<br \/>\n<\/strong><em>Bruno TRAVERSI<\/em><\/p>\n<p style=\"padding-left: 40px;\">I- Le nouveau paradigme scientifique<br \/>\nII- La rencontre entre Cari Gustav Jung et Wolfgang Pauli : les angoisses de Wolfgang<br \/>\nIII-Les angoisses du physicien<br \/>\nIV- La guerre int\u00e9rieure de Pauli et les probl\u00e8mes de la physique moderne<br \/>\nV- Le probl\u00e8me de la totalit\u00e9<br \/>\nVI-Connaissance de soi et observation scientifique<br \/>\nVII- Conclusion : La relation \u00e9ducative et la figure du ma\u00eetre<\/p>\n<p style=\"padding-left: 80px;\">A. Finalit\u00e9s de l&rsquo;\u00e9ducation<br \/>\nB. La relation \u00e9ducative<br \/>\nC. La figure du ma\u00eetre<\/p>\n<p><strong>De Pestalozzi aux \u00e9cueils d&rsquo;une institution ; r\u00e9flexion autour de l&rsquo;ouvrage Psychologie et \u00e9ducation, Carl Gustav Jung<br \/>\n<\/strong><em>Chrystel DELAIGUE<\/em><\/p>\n<p style=\"padding-left: 40px;\">I- Pestalozzi, la voie d&rsquo;une d\u00e9sali\u00e9nation<br \/>\nII- De la voie de l&rsquo;\u00e9ducation \u00e0 celle de l&rsquo;individuation<br \/>\nIII-La\u00efcit\u00e9 et \u00e9cueils<br \/>\nIV-Conclusion<\/p>\n<p><strong>Individuation et massification<br \/>\n<\/strong><em>Bertrand de la VAISSIERE<\/em><\/p>\n<p style=\"padding-left: 40px;\">I- La probl\u00e9matique<br \/>\nII- Imaginaire et virtuel<br \/>\nIII-L&rsquo;homme est esclave du divertissement<br \/>\nIV-Caract\u00e9ristiques du cyberespace<br \/>\nV- Effets sur les tr\u00e8s jeunes enfants<br \/>\nVI-En ce qui concerne les enfants et les adolescents<br \/>\nVII- La vie symbolique<br \/>\nVIII- La probl\u00e9matique de l&rsquo;incarnation \u00e0 l&rsquo;adolescence<br \/>\nIX-En ce qui concerne plut\u00f4t les adultes<br \/>\nX- En guise de conclusion<\/p>\n<p><strong>Carl Gustav Jung et les mouvements francophones de p\u00e9dagogie nouvelle : histoire d&rsquo;un d\u00e9sint\u00e9r\u00eat r\u00e9ciproque (1912-1932)<br \/>\n<\/strong><em>Florent Serina<\/em><\/p>\n<p style=\"padding-left: 40px;\">I- Autour de l&rsquo;Institut Rousseau (Clapar\u00e8de, Bovet, Le Lay)<br \/>\nII- Adolphe Ferri\u00e8re, typologue de l&rsquo;enfance<br \/>\nIII-Des attentes d\u00e9\u00e7ues<\/p>\n","protected":false},"excerpt":{"rendered":"<p>Plusieurs th\u00e9matiques sont abord\u00e9es dans cet ouvrage qui concernent l&rsquo;\u00e9ducation selon C.G. Jung. Cinq auteurs : Chrystel Delaigue, Florent Serina, Bruno Traversi, Bertrand de la Vaissi\u00e8re, Jean-Jacques Wunenburger, ont r\u00e9dig\u00e9 les articles ci-dessous. Editions C\u00e9nacle de France &#8211; 14 x 21 x 1,6 cm &#8211; 194 pages Table des mati\u00e8res Pr\u00e9face Chrystel DELAIGUE Introduction Carl [&hellip;]<\/p>\n","protected":false},"author":1,"featured_media":0,"parent":9713,"menu_order":13,"comment_status":"closed","ping_status":"closed","template":"","meta":{"footnotes":""},"class_list":["post-11546","page","type-page","status-publish","hentry"],"_links":{"self":[{"href":"https:\/\/www.cgjung.net\/espace\/wp-json\/wp\/v2\/pages\/11546","targetHints":{"allow":["GET"]}}],"collection":[{"href":"https:\/\/www.cgjung.net\/espace\/wp-json\/wp\/v2\/pages"}],"about":[{"href":"https:\/\/www.cgjung.net\/espace\/wp-json\/wp\/v2\/types\/page"}],"author":[{"embeddable":true,"href":"https:\/\/www.cgjung.net\/espace\/wp-json\/wp\/v2\/users\/1"}],"replies":[{"embeddable":true,"href":"https:\/\/www.cgjung.net\/espace\/wp-json\/wp\/v2\/comments?post=11546"}],"version-history":[{"count":5,"href":"https:\/\/www.cgjung.net\/espace\/wp-json\/wp\/v2\/pages\/11546\/revisions"}],"predecessor-version":[{"id":12111,"href":"https:\/\/www.cgjung.net\/espace\/wp-json\/wp\/v2\/pages\/11546\/revisions\/12111"}],"up":[{"embeddable":true,"href":"https:\/\/www.cgjung.net\/espace\/wp-json\/wp\/v2\/pages\/9713"}],"wp:attachment":[{"href":"https:\/\/www.cgjung.net\/espace\/wp-json\/wp\/v2\/media?parent=11546"}],"curies":[{"name":"wp","href":"https:\/\/api.w.org\/{rel}","templated":true}]}}