{"id":11513,"date":"2020-04-01T16:44:01","date_gmt":"2020-04-01T14:44:01","guid":{"rendered":"https:\/\/www.cgjung.net\/espace\/?page_id=11513"},"modified":"2020-04-01T17:30:13","modified_gmt":"2020-04-01T15:30:13","slug":"bore-borax","status":"publish","type":"page","link":"https:\/\/www.cgjung.net\/espace\/bernard-long-homeopathie\/bore-borax\/","title":{"rendered":"Le bore, borax, rem\u00e8de hom\u00e9opathique"},"content":{"rendered":"<p style=\"text-align: justify;\"><strong>Les peurs et l\u2019expression orale de borax correspondent certainement \u00e0 une probl\u00e9matique ancienne, peut-\u00eatre ut\u00e9rine, o\u00f9 le monde est v\u00e9cu comme un danger imminent, \u00e9trange, inhospitalier, dans lequel le sujet est \u00ab\u00a0pr\u00e9cipit\u00e9\u00a0\u00bb et o\u00f9 il est redoutable de na\u00eetre.<\/strong><\/p>\n<p><img loading=\"lazy\" decoding=\"async\" class=\"aligncenter wp-image-11524\" src=\"https:\/\/www.cgjung.net\/espace\/wp-content\/uploads\/2020\/03\/bore.jpg\" alt=\"\" width=\"400\" height=\"295\" srcset=\"https:\/\/www.cgjung.net\/espace\/wp-content\/uploads\/2020\/03\/bore.jpg 565w, https:\/\/www.cgjung.net\/espace\/wp-content\/uploads\/2020\/03\/bore-300x221.jpg 300w\" sizes=\"auto, (max-width: 400px) 100vw, 400px\" \/><\/p>\n<h2 style=\"text-align: justify;\">Le bore<\/h2>\n<p style=\"text-align: justify;\">L\u2019acide borique existe \u00e0 l\u2019\u00e9tat naturel dans les vapeurs volcaniques et dans certains lacs de Toscane. On trouve du borate de sodium dans des lacs de l\u2019Inde, dans les eaux de Bagn\u00e8res de Luchon (Haute-Garonne, France), etc. L\u2019acide borique se d\u00e9pose sous forme de paillettes nacr\u00e9es.<\/p>\n<h2 style=\"text-align: justify;\">Borax hom\u00e9opathique<\/h2>\n<p style=\"text-align: justify;\">Il est aussi nomm\u00e9 <em>natrum boricum,<\/em> c\u2019est du borate de soude ou t\u00e9traborate disodique Na2B4O7, 10H2O. On le trouve chez Hahnemann, dans les \u00ab\u00a0Maladies chroniques\u00a0\u00bb sous le nom de <em>natron boracicum,<\/em> <em>boras natricus<\/em> (d\u2019apr\u00e8s les observations pathog\u00e9n\u00e9tiques de Schreter).<\/p>\n<h2>Le sujet borax<\/h2>\n<p style=\"text-align: justify;\">En r\u00e9sum\u00e9, le sujet borax pr\u00e9sente souvent :<\/p>\n<ul style=\"text-align: justify;\">\n<li>un muguet, une aphtose : elle emp\u00eache la t\u00e9t\u00e9e chez le nourrisson<\/li>\n<li>une aversion au mouvement descendant qui le terrorise<\/li>\n<li>une aversion aux bruits soudains :un coup de feu, un coup de tonnerre, un \u00e9ternuement<\/li>\n<li>une photophobie<\/li>\n<\/ul>\n<p style=\"text-align: justify;\">C\u2019est un rem\u00e8de de mal des transports. Il a la phobie du mouvement de descente : les balan\u00e7oires, certains man\u00e8ges, une pente, la descente en avion lui provoquent un malaise anxieux.<\/p>\n<h2>Quelques sympt\u00f4mes<\/h2>\n<p style=\"text-align: justify;\">Le b\u00e9b\u00e9 que l\u2019on pose dans son berceau sursaute, se raidit et refuse la man\u0153uvre au grand dam de ses parents qui aimeraient le voir s\u2018endormir. L\u2019enfant port\u00e9 pour descendre un escalier est angoiss\u00e9. Il a tendance \u00e0 s\u2019agripper \u00e0 ceux qui l\u2019entourent lorsqu\u2019on le descend ou bien m\u00eame, lorsqu\u2019au r\u00e9veil, terrifi\u00e9, il ne reconnait personne.<\/p>\n<p style=\"text-align: justify;\">Borax craint terriblement les bruits soudains, le tonnerre, un \u00e9ternuement intempestif, une sonnerie brutale, un coup de fusil ou une explosion.<\/p>\n<p style=\"text-align: justify;\">Enfin il a tendance aux aphtes qui sont blanch\u00e2tres, saignent sont douloureuses et rendent l\u2019allaitement ou l\u2019alimentation difficiles. Rem\u00e8de de muguet.<\/p>\n<p style=\"text-align: justify;\">L\u2019allaitement est parfois probl\u00e9matique : la maman a une sensation d\u00e9sagr\u00e9able de vide dans les seins apr\u00e8s la t\u00e9t\u00e9e, endolorissement dans le sein gauche quand l\u2019enfant t\u00eate \u00e0 droite ; le lait est trop \u00e9pais et a mauvais go\u00fbt, il est trop abondant.<\/p>\n<h2 style=\"text-align: justify;\">Le sens de borax<\/h2>\n<p style=\"text-align: justify;\">Borax a la phobie du mouvement descendant. Cette peur est certainement li\u00e9e \u00e0 une histoire symbiotique mal v\u00e9cue.<\/p>\n<p style=\"text-align: justify;\">Je me rappelle une femme qui me disait avoir \u00e9t\u00e9 accept\u00e9e \u00ab\u00a0par obligation\u00a0\u00bb, qu\u2019elle n\u2019avait pas de place dans sa famille. Elle parlait d\u2019une tr\u00e8s grande instabilit\u00e9 au niveau du travail, des logements. Elle disait qu\u2019elle n\u2019\u00e9tait bien que dans les meubles des autres, dans les v\u00eatements des autres, mieux que dans les siens !<\/p>\n<p style=\"text-align: justify;\">Enfant elle affirmait avoir plusieurs mamans. Elle avait toujours des gens qui l\u2019h\u00e9bergeaient, elle avait les clefs et pouvait aller chez eux quand elle voulait car ils faisaient relais. Elle s\u2019agrippait ainsi \u00e0 ceux qui voulaient bien l\u2019accueillir.<\/p>\n<h2>Des \u00e9motions bloqu\u00e9es<\/h2>\n<p style=\"text-align: justify;\">Il y a chez borax une histoire difficile, celle ne pas avoir \u00e9t\u00e9 d\u00e9sir\u00e9, ou bien le sentiment d\u2019avoir \u00e9t\u00e9 expuls\u00e9.<\/p>\n<p style=\"text-align: justify;\">Cette \u00e9motion reste bloqu\u00e9e dans la bouche, la gorge, sous forme aphteuse. Il revit cette naissance comme un saut \u00e0 l\u2019\u00e9lastique angoissant. Il craint le caract\u00e8re brutal de cette descente, les bruits inattendus, comme un coup de tonnerre soudain hors de la qui\u00e9tude de l\u2019amnios. Il craint l\u2019\u00e9blouissement brutal de la naissance.<\/p>\n<p style=\"text-align: justify;\">Plus tard, la femme borax craindra la grossesse et l\u2019allaitement qu\u2019elle trouvera insuffisant et douloureux. Marc Brunson parle \u00e0 propos de borax de quelqu\u2019un qui ne trouve plus d\u2019endroit bien \u00e0 lui, de nid douillet et s\u00fbr, un abri suffisamment discret pour \u00eatre respect\u00e9 du monde ext\u00e9rieur.<\/p>\n<p>Il existe aussi chez ce rem\u00e8de une peur de ne pas nourrir correctement (lors de l\u2019allaitement), voire une peur de la grossesse (chez la femme borax) ou un obstacle \u00e0 \u00eatre nourri (lors de ses troubles digestifs et oraux).<\/p>\n<h2>Le traumatisme de la naissance<\/h2>\n<p style=\"text-align: justify;\">Nous sommes devant la probl\u00e9matique \u00e9voqu\u00e9e par Otto Rank. La naissance semble le premier traumatisme v\u00e9cu par l\u2019\u00eatre humain, lors de la s\u00e9paration brutale de la m\u00e8re. L\u2019enfant passe brutalement d\u2019un environnement protecteur \u00e0 un environnement hostile.<\/p>\n<p style=\"text-align: justify;\">Le nouveau-n\u00e9, longtemps dans l\u2019obscurit\u00e9, est plong\u00e9 dans la lumi\u00e8re, comme si un \u00e9clair violent survenait. L\u2019amnios-athanor feutr\u00e9 est remplac\u00e9 par un univers bruyant qui heurte ses tympans, comme un fracas de tonnerre.<\/p>\n<p style=\"text-align: justify;\">De plus, comme le souligne C.G. Jung, la m\u00e8re ram\u00e8ne \u00e0 l&rsquo;inconscient :<\/p>\n<blockquote>\n<p style=\"text-align: justify;\">\u00ab\u00a0La m\u00e8re, premi\u00e8re incarnation de l&rsquo;arch\u00e9type anima, personnifie m\u00eame l&rsquo;inconscient tout entier. Ce n&rsquo;est donc qu&rsquo;en apparence que la r\u00e9gression ram\u00e8ne \u00e0 la m\u00e8re; cette derni\u00e8re n&rsquo;est en r\u00e9alit\u00e9 que la grande porte qui s&rsquo;ouvre sur l&rsquo;inconscient, sur le <em>royaume des m\u00e8res.<\/em><\/p>\n<p style=\"text-align: justify;\">Quiconque y p\u00e9n\u00e8tre soumet la personnalit\u00e9 consciente de son moi \u00e0 l&rsquo;influence dominante de l&rsquo;inconscient, ou, s&rsquo;il a l&rsquo;impression d&rsquo;y \u00eatre entr\u00e9 par m\u00e9garde ou que quelqu&rsquo;un lui ait fait la mauvaise plaisanterie de l&rsquo;y pr\u00e9cipiter, alors il se d\u00e9fendra d\u00e9sesp\u00e9r\u00e9ment sans que sa r\u00e9sistance puisse lui \u00eatre de quelque avantage.\u00a0\u00bb<br \/>\n<a href=\"https:\/\/www.cgjung.net\/oeuvre\/metamorphoses_poche.htm\">M\u00e9tamorphoses de l\u2019\u00c2me et ses symboles<\/a>, p 546<\/p>\n<\/blockquote>\n<p style=\"text-align: justify;\">La symbiose, souvent v\u00e9cue comme un \u00e9tat id\u00e9al perdu, est ambig\u00fce chez borax. Le sujet va \u00eatre \u00e0 la recherche d\u2019un substitut de havre qu\u2019il va fantasmer, poursuivant un milieu accueillant, ou bien il aura la m\u00e9moire obs\u00e9dante d\u2019un monde agressif qui pourrait le blesser.<\/p>\n<p style=\"text-align: justify;\"><em><strong>Important<\/strong> : il est possible que l&rsquo;un des rem\u00e8des d\u00e9crits sur ce site vous convienne, mais on ne peut l&rsquo;affirmer sans un interrogatoire et un examen s\u00e9rieux effectu\u00e9s par un m\u00e9decin hom\u00e9opathe. Le site est fait pour faire conna\u00eetre l&rsquo;hom\u00e9opathie, en aucun cas il ne peut se substituer \u00e0 un th\u00e9rapeute. Le docteur Bernard Long n&rsquo;assure plus de consultations.<\/em><\/p>\n<p><a href=\"https:\/\/www.cgjung.net\/contact.htm\"><strong>Adresser un message \u00e0 Bernard Long<\/strong><\/a>&nbsp;<span style=\"color: #ff0000;\">(Il ne doit pas concerner une consultation \u00e0 caract\u00e8re m\u00e9dical).<\/span><\/p>\n<h2>Bernard Long<\/h2>\n<p><a href=\"https:\/\/www.cgjung.net\/espace\/bernard-long-homeopathie\/\">Pr\u00e9sentation du docteur Bernard Long<\/a><\/p>\n<h2>Ouvrages<\/h2>\n<ul>\n<li><a href=\"https:\/\/www.cgjung.net\/espace\/bernard-long-homeopathie\/symboles-archetypes\/\">Symboles et arch\u00e9types en hom\u00e9opathie<\/a>, reprend un certain nombre d\u2019articles publi\u00e9s sur ce site et les compl\u00e8te.<\/li>\n<li><a href=\"https:\/\/www.cgjung.net\/espace\/bernard-long-homeopathie\/symboles-archetypes\/#repertoire\">Le R\u00e9pertoire hom\u00e9opathique des maladies aigu\u00ebs<\/a> compl\u00e8te utilement cet ouvrage.<\/li>\n<li><a href=\"https:\/\/www.cgjung.net\/espace\/bernard-long-homeopathie\/enfant-mere-homeopathie\/\">L&rsquo;enfant, la m\u00e8re et l&rsquo;hom\u00e9opathie<\/a><\/li>\n<\/ul>\n<h2>Articles de Bernard Long<\/h2>\n<div class=\"menu-bernard-long-container\">\n<ul id=\"menu-bernard-long\" class=\"menu\">\n<li id=\"menu-item-2211\" class=\"menu-item menu-item-type-post_type menu-item-object-page current-page-ancestor menu-item-2211\"><a href=\"https:\/\/www.cgjung.net\/espace\/bernard-long-homeopathie\/lexique-de-lhomeopathie\/\">Lexique de l\u2019hom\u00e9opathie<\/a><\/li>\n<li id=\"menu-item-3010\" class=\"menu-item menu-item-type-post_type menu-item-object-page menu-item-3010\"><a href=\"https:\/\/www.cgjung.net\/espace\/bernard-long-homeopathie\/homeopathie-et-synchronicite\/\">Hom\u00e9opathie et synchronicit\u00e9<\/a><\/li>\n<li id=\"menu-item-2212\" class=\"menu-item menu-item-type-post_type menu-item-object-page menu-item-2212\"><a href=\"https:\/\/www.cgjung.net\/espace\/bernard-long-homeopathie\/le-reve-en-pratique-homeopathique\/\">R\u00eave en hom\u00e9opathie<\/a><\/li>\n<li id=\"menu-item-2213\" class=\"menu-item menu-item-type-post_type menu-item-object-page menu-item-2213\"><a href=\"https:\/\/www.cgjung.net\/espace\/bernard-long-homeopathie\/homeopathie-mandala\/\">Hom\u00e9opathie et mandala<\/a><\/li>\n<li id=\"menu-item-2214\" class=\"menu-item menu-item-type-post_type menu-item-object-page menu-item-2214\"><a href=\"https:\/\/www.cgjung.net\/espace\/bernard-long-homeopathie\/le-mercure\/\">Le Mercure<\/a><\/li>\n<li id=\"menu-item-2215\" class=\"menu-item menu-item-type-post_type menu-item-object-page menu-item-2215\"><a href=\"https:\/\/www.cgjung.net\/espace\/bernard-long-homeopathie\/coquille-philosophique\/\">Calcarea carbonica<\/a><\/li>\n<li id=\"menu-item-2216\" class=\"menu-item menu-item-type-post_type menu-item-object-page menu-item-2216\"><a href=\"https:\/\/www.cgjung.net\/espace\/bernard-long-homeopathie\/pulsatilla\/\">Pulsatilla<\/a><\/li>\n<li id=\"menu-item-2217\" class=\"menu-item menu-item-type-post_type menu-item-object-page menu-item-2217\"><a href=\"https:\/\/www.cgjung.net\/espace\/bernard-long-homeopathie\/jung-et-lhomeopathie\/\">Jung et l\u2019hom\u00e9opathie<\/a><\/li>\n<li id=\"menu-item-2218\" class=\"menu-item menu-item-type-post_type menu-item-object-page menu-item-2218\"><a href=\"https:\/\/www.cgjung.net\/espace\/bernard-long-homeopathie\/aconit\/\">Aconit<\/a><\/li>\n<li id=\"menu-item-2257\" class=\"menu-item menu-item-type-post_type menu-item-object-page menu-item-has-children menu-item-2257\"><a href=\"https:\/\/www.cgjung.net\/espace\/bernard-long-homeopathie\/arsenic\/\">Arsenic : aspects philosophique et psychologique<\/a><\/li>\n<li id=\"menu-item-2219\" class=\"menu-item menu-item-type-post_type menu-item-object-page menu-item-2219\"><a href=\"https:\/\/www.cgjung.net\/espace\/bernard-long-homeopathie\/arsenic\/vie-maladie-mortelle\/\">Arsenic : la vie est une maladie mortelle<\/a><\/li>\n<li id=\"menu-item-2220\" class=\"menu-item menu-item-type-post_type menu-item-object-page menu-item-has-children menu-item-2220\"><a href=\"https:\/\/www.cgjung.net\/espace\/bernard-long-homeopathie\/plante-belladona-belladone\/\">Belladona, la belle qui a du chien<\/a><\/li>\n<li id=\"menu-item-2446\" class=\"menu-item menu-item-type-post_type menu-item-object-page menu-item-2446\"><a href=\"https:\/\/www.cgjung.net\/espace\/bernard-long-homeopathie\/plante-belladona-belladone\/plante-homeopathique-belladona-belladone\/\">Belladona, un combat pour la vie<\/a><\/li>\n<li id=\"menu-item-3433\" class=\"menu-item menu-item-type-post_type menu-item-object-page menu-item-3433\"><a href=\"https:\/\/www.cgjung.net\/espace\/bernard-long-homeopathie\/information-compensatoire\/\">Hom\u00e9opathie : information compensatoire ?<\/a><\/li>\n<li id=\"menu-item-4301\" class=\"menu-item menu-item-type-post_type menu-item-object-page menu-item-4301\"><a href=\"https:\/\/www.cgjung.net\/espace\/bernard-long-homeopathie\/alumine-matiere-alchimie-symbolique\/\">D\u2019alumine \u00e0 alumina : mati\u00e8re, alchimie, symbolique<\/a><\/li>\n<li id=\"menu-item-5163\" class=\"menu-item menu-item-type-post_type menu-item-object-page menu-item-5163\"><a href=\"https:\/\/www.cgjung.net\/espace\/bernard-long-homeopathie\/symbolisme-du-sel\/\">Symbolisme du sel et hom\u00e9opathie<\/a><\/li>\n<li id=\"menu-item-5686\" class=\"menu-item menu-item-type-post_type menu-item-object-page menu-item-5686\"><a href=\"https:\/\/www.cgjung.net\/espace\/bernard-long-homeopathie\/ambre-gris\/\">L\u2019ambre gris, ambra grisea<\/a><\/li>\n<li id=\"menu-item-6253\" class=\"menu-item menu-item-type-post_type menu-item-object-page menu-item-6253\"><a href=\"https:\/\/www.cgjung.net\/espace\/bernard-long-homeopathie\/de-soleil-dor-aurum-metallicum\/\">De soleil et d\u2019or : aurum m\u00e9tallicum<\/a><\/li>\n<li id=\"menu-item-6699\" class=\"menu-item menu-item-type-post_type menu-item-object-page menu-item-6699\"><a href=\"https:\/\/www.cgjung.net\/espace\/bernard-long-homeopathie\/argent-argentum\/\">Lune d\u2019argent : argentum<\/a><\/li>\n<li id=\"menu-item-7142\" class=\"menu-item menu-item-type-post_type menu-item-object-page menu-item-7142\"><a href=\"https:\/\/www.cgjung.net\/espace\/bernard-long-homeopathie\/le-charbon-de-bois-carbo-vegetabilis\/\">Le charbon de bois : carbo vegetabilis<\/a><\/li>\n<li id=\"menu-item-7203\" class=\"menu-item menu-item-type-post_type menu-item-object-page menu-item-7203\"><a href=\"https:\/\/www.cgjung.net\/espace\/bernard-long-homeopathie\/cuivre-et-remede\/\">Cuivre et rem\u00e8de \u2013 Cuprum metallicum<\/a><\/li>\n<li id=\"menu-item-7266\" class=\"menu-item menu-item-type-post_type menu-item-object-page menu-item-7266\"><a href=\"https:\/\/www.cgjung.net\/espace\/bernard-long-homeopathie\/symptomes-symboles\/\">Sympt\u00f4mes et Symboles en hom\u00e9opathie<\/a><\/li>\n<li id=\"menu-item-7975\" class=\"menu-item menu-item-type-post_type menu-item-object-page menu-item-7975\"><a href=\"https:\/\/www.cgjung.net\/espace\/bernard-long-homeopathie\/soufre-sulfur\/\">Le soufre, sulfur<\/a><\/li>\n<li id=\"menu-item-8444\" class=\"menu-item menu-item-type-post_type menu-item-object-page menu-item-8444\"><a href=\"https:\/\/www.cgjung.net\/espace\/bernard-long-homeopathie\/serpent-lachesis-mutus\/\">Le serpent : Lachesis mutus<\/a><\/li>\n<li id=\"menu-item-8857\" class=\"menu-item menu-item-type-post_type menu-item-object-page menu-item-8857\"><a href=\"https:\/\/www.cgjung.net\/espace\/bernard-long-homeopathie\/la-belle-et-le-crapaud\/\">La belle et le crapaud<\/a><\/li>\n<li id=\"menu-item-9847\" class=\"menu-item menu-item-type- menu-item-object- menu-item-9847\"><a href=\"https:\/\/www.cgjung.net\/espace\/bernard-long-homeopathie\/lycopodium\/\">Au loup ! Le rem\u00e8de hom\u00e9opathique lycopodium clavatum<\/a><\/li>\n<li><a href=\"https:\/\/www.cgjung.net\/espace\/bernard-long-homeopathie\/le-plomb-plumbum-metallicum\/\">Le plomb, plumbum m\u00e9tallicum hom\u00e9opathique<\/a><\/li>\n<li><a href=\"https:\/\/www.cgjung.net\/espace\/bernard-long-homeopathie\/camomille-remede\/\">La camomille : le rem\u00e8de hom\u00e9opathique chamomilla<\/a><\/li>\n<li><a href=\"https:\/\/www.cgjung.net\/espace\/bernard-long-homeopathie\/bore-borax\/\">Le bore, borax, rem\u00e8de hom\u00e9opathique<\/a><\/li>\n<li><a href=\"https:\/\/www.cgjung.net\/espace\/bernard-long-homeopathie\/rhus-toxicodendron\/\">Rhus toxicodendron, le rem\u00e8de et le sujet<\/a><\/li>\n<li><a href=\"https:\/\/www.cgjung.net\/espace\/bernard-long-homeopathie\/bryonia-alba-le-remede-du-confine\/\">Bryonia alba le rem\u00e8de du confin\u00e9<\/a><\/li>\n<li><a href=\"https:\/\/www.cgjung.net\/espace\/bernard-long-homeopathie\/staphysagria-remede-pouilleux\/\">Staphysagria le rem\u00e8de du pouilleux<\/a><\/li>\n<li><a href=\"https:\/\/www.cgjung.net\/espace\/bernard-long-homeopathie\/veratrum-album-remede-vantard\/\">Veratrum album, rem\u00e8de pr\u00e9tentieux et vantard<\/a><\/li>\n<li><a href=\"https:\/\/www.cgjung.net\/espace\/bernard-long-homeopathie\/hepar-sulfur-calcareum-un-pyromane-frileux\/\">Hepar Sulfur Calcareum, un pyromane frileux<\/a><\/li>\n<li><a href=\"https:\/\/www.cgjung.net\/espace\/bernard-long-homeopathie\/sepia-sang-encre\/\">Le sujet sepia se fait un sang d\u2019encre<\/a><\/li>\n<li><a href=\"https:\/\/www.cgjung.net\/espace\/bernard-long-homeopathie\/zincum-metallicum\/\">Zincum metallicum&nbsp;un sujet galvanis\u00e9<\/a><\/li>\n<li><a href=\"https:\/\/www.cgjung.net\/espace\/bernard-long-homeopathie\/natrum-carbonicum-lessive-alchimique\/\">Natrum carbonicum : la grande lessive alchimique<\/a><\/li>\n<li><a href=\"https:\/\/www.cgjung.net\/espace\/bernard-long-homeopathie\/silicea\/\">Silicea sent le sol se d\u00e9rober sous ses pieds<\/a><\/li>\n<li><a href=\"https:\/\/www.cgjung.net\/espace\/bernard-long-homeopathie\/hyoscyamus-niger\/\">La jusquiame noire, hyoscyamus niger, au pays des sorci\u00e8res<\/a><\/li>\n<li><a href=\"https:\/\/www.cgjung.net\/espace\/bernard-long-homeopathie\/ammonium-muriaticum\/\">Ammonium muriaticum et l&rsquo;histoire du Petit Poucet<\/a><\/li>\n<li><a href=\"https:\/\/www.cgjung.net\/espace\/bernard-long-homeopathie\/capsicum-annuum\/\">La nostalgie du pays de Capsicum annuum<\/a><\/li>\n<li><a href=\"https:\/\/www.cgjung.net\/espace\/bernard-long-homeopathie\/kalium-carbonicum\/\">Kalium carbonicum, purification et destruction<\/a><\/li>\n<li><a href=\"https:\/\/www.cgjung.net\/espace\/bernard-long-homeopathie\/causticum-caustique\/\">Causticum : un \u00eatre caustique et empathique<\/a><\/li>\n<li><a href=\"https:\/\/www.cgjung.net\/espace\/bernard-long-homeopathie\/thuya-occidentalis\/\">Thuya occidentalis et le mythe d\u2019osiris<\/a><\/li>\n<li><a href=\"https:\/\/www.cgjung.net\/espace\/bernard-long-homeopathie\/anacardium-orientale-ange-ou-demon\/\">Anacardium orientale, ange ou d\u00e9mon ?<\/a><\/li>\n<li><a href=\"https:\/\/www.cgjung.net\/espace\/bernard-long-homeopathie\/china-officinalis\/\">China officinalis, Hahnemann et les d\u00e9buts de l\u2019hom\u00e9opathie<\/a><\/li>\n<li><a href=\"https:\/\/www.cgjung.net\/espace\/bernard-long-homeopathie\/ignatia-amara-est-fou-damour\/\">Ignatia amara est fou d\u2019amour<\/a><\/li>\n<li><a href=\"https:\/\/www.cgjung.net\/espace\/bernard-long-homeopathie\/nux-vomica\/\">Nux vomica, le juste milieu entre l\u2019abus et la rigueur<\/a><\/li>\n<li><a href=\"https:\/\/www.cgjung.net\/espace\/bernard-long-homeopathie\/ombre-lumiere\/\">Datura Stramonium, ombre, lumi\u00e8re, symbiose et magie<\/a><\/li>\n<li><a href=\"https:\/\/www.cgjung.net\/espace\/bernard-long-homeopathie\/alchimie-homeopathie\/\">Le cinabre : alchimie et hom\u00e9opathie<\/a><\/li>\n<li><a href=\"https:\/\/www.cgjung.net\/espace\/bernard-long-homeopathie\/cicuta-virosa\/\">Cicuta virosa, une ombellif\u00e8re infantile<\/a><\/li>\n<li><a href=\"https:\/\/www.cgjung.net\/espace\/bernard-long-homeopathie\/tuberculinum\/\">Tuberculinum, un rem\u00e8de pneumatique<\/a><\/li>\n<li><a href=\"https:\/\/www.cgjung.net\/espace\/bernard-long-homeopathie\/camphora\/\">Camphora &#8211; La solitude de ces espaces infinis me glace !<\/a><\/li>\n<li id=\"menu-item-3149\" class=\"menu-item menu-item-type-post_type menu-item-object-page menu-item-3149\"><a href=\"https:\/\/www.cgjung.net\/espace\/bernard-long-homeopathie\/poesies-de-bernard-long\/\">Po\u00e9sies de Bernard Long<\/a><\/li>\n<\/ul>\n<\/div>\n\n","protected":false},"excerpt":{"rendered":"<p>Les peurs et l\u2019expression orale de borax correspondent certainement \u00e0 une probl\u00e9matique ancienne, peut-\u00eatre ut\u00e9rine, o\u00f9 le monde est v\u00e9cu comme un danger imminent, \u00e9trange, inhospitalier, dans lequel le sujet est \u00ab\u00a0pr\u00e9cipit\u00e9\u00a0\u00bb et o\u00f9 il est redoutable de na\u00eetre. Le bore L\u2019acide borique existe \u00e0 l\u2019\u00e9tat naturel dans les vapeurs volcaniques et dans certains lacs [&hellip;]<\/p>\n","protected":false},"author":1,"featured_media":0,"parent":61,"menu_order":164,"comment_status":"closed","ping_status":"closed","template":"","meta":{"footnotes":""},"class_list":["post-11513","page","type-page","status-publish","hentry"],"_links":{"self":[{"href":"https:\/\/www.cgjung.net\/espace\/wp-json\/wp\/v2\/pages\/11513","targetHints":{"allow":["GET"]}}],"collection":[{"href":"https:\/\/www.cgjung.net\/espace\/wp-json\/wp\/v2\/pages"}],"about":[{"href":"https:\/\/www.cgjung.net\/espace\/wp-json\/wp\/v2\/types\/page"}],"author":[{"embeddable":true,"href":"https:\/\/www.cgjung.net\/espace\/wp-json\/wp\/v2\/users\/1"}],"replies":[{"embeddable":true,"href":"https:\/\/www.cgjung.net\/espace\/wp-json\/wp\/v2\/comments?post=11513"}],"version-history":[{"count":17,"href":"https:\/\/www.cgjung.net\/espace\/wp-json\/wp\/v2\/pages\/11513\/revisions"}],"predecessor-version":[{"id":11666,"href":"https:\/\/www.cgjung.net\/espace\/wp-json\/wp\/v2\/pages\/11513\/revisions\/11666"}],"up":[{"embeddable":true,"href":"https:\/\/www.cgjung.net\/espace\/wp-json\/wp\/v2\/pages\/61"}],"wp:attachment":[{"href":"https:\/\/www.cgjung.net\/espace\/wp-json\/wp\/v2\/media?parent=11513"}],"curies":[{"name":"wp","href":"https:\/\/api.w.org\/{rel}","templated":true}]}}