{"id":10923,"date":"2020-03-04T13:54:47","date_gmt":"2020-03-04T12:54:47","guid":{"rendered":"https:\/\/www.cgjung.net\/espace\/?page_id=10923"},"modified":"2020-03-04T13:54:47","modified_gmt":"2020-03-04T12:54:47","slug":"camomille-remede","status":"publish","type":"page","link":"https:\/\/www.cgjung.net\/espace\/bernard-long-homeopathie\/camomille-remede\/","title":{"rendered":"La camomille : le rem\u00e8de hom\u00e9opathique chamomilla"},"content":{"rendered":"<p><strong>La symbolique\u00a0 et le rem\u00e8de hom\u00e9opathique de l&rsquo;humble camomille. Son lien avec\u00a0 la pens\u00e9e de Jung.<\/strong><\/p>\n<p><img loading=\"lazy\" decoding=\"async\" class=\" wp-image-10987 aligncenter\" src=\"https:\/\/www.cgjung.net\/espace\/wp-content\/uploads\/2020\/03\/camomille.jpg\" alt=\"\" width=\"391\" height=\"336\" \/><\/p>\n<h2>La camomille sauvage<\/h2>\n<p style=\"text-align: justify;\">Hahnemann a choisi pour sa <a href=\"https:\/\/www.cgjung.net\/espace\/bernard-long-homeopathie\/lexique-de-lhomeopathie\/#pathogenesie\">pathog\u00e9n\u00e9sie<\/a> hom\u00e9opathique d\u2019exprimer le suc de la plante enti\u00e8re fra\u00eeche, la matricaire, <em>(matricaria recutita ou chamomilla recutita)<\/em> m\u00eal\u00e9 avec des parties \u00e9gales d\u2019alcool. Il s\u2019agit de la petite camomille, camomille vraie, camomille sauvage ou camomille allemande, diff\u00e9rente de la camomille romaine.<\/p>\n<p style=\"text-align: justify;\"><strong>La matricaire<\/strong> (<em>matricaria recutita ou chamomilla recutita<\/em>) est une petite plante annuelle, de la famille des ast\u00e9rac\u00e9es ou compos\u00e9es, qui se rencontre \u00e0 l\u2019\u00e9tat sauvage au bord des chemins et dans les zones en friches des campagnes. Elle est souvent cultiv\u00e9e.<\/p>\n<h2>\u00c9tymologie du nom camomille<\/h2>\n<p style=\"text-align: justify;\"><strong>Le nom camomille est issu du grec<\/strong>. Il fait r\u00e9f\u00e9rence au fait que la camomille pousse pr\u00e8s de la terre (\u03c7\u03b1\u03bc\u03b1\u03b9, \u00e0 terre , au ras du sol) et que ses fleurs en capitules arrondis ont un parfum qui rappelle celui de la pomme (\u03bc\u03b7\u03bb\u03bf\u03bd).<\/p>\n<p style=\"text-align: justify;\">Matricaire vient du latin m\u00e9di\u00e9val <em>matricaria<\/em>, d\u00e9riv\u00e9 de <em>matrix<\/em>, matrice (ut\u00e9rus), lui m\u00eame d\u00e9riv\u00e9 de <em>mater<\/em>. Les vertus emm\u00e9nagogues de la plante lui ont certainement valu cette d\u00e9nomination.<\/p>\n<p style=\"text-align: justify;\">Quant \u00e0<em> recutitum,<\/em> cela signifie circoncis ou plus g\u00e9n\u00e9ralement <strong>ulc\u00e9r\u00e9, \u00e9corch\u00e9, d\u00e9chir\u00e9<\/strong> et peut se r\u00e9f\u00e9rer aux parties apicales des fleurs.<\/p>\n<p style=\"text-align: justify;\">On entend bien que la matricaire est \u00e9tymologiquement centr\u00e9e sur <strong>la matrice, le ventre, le giron<\/strong>, \u00ab\u00a0cet espace qui s\u2019\u00e9tend de la ceinture aux genoux d\u2019une personne assise\u00a0\u00bb. En anglais on parle de<em> womb <\/em>: ventre, ut\u00e9rus.<\/p>\n<p>&nbsp;<\/p>\n<h2 style=\"text-align: center;\">Le rem\u00e8de<em> chamomilla<\/em> hom\u00e9opathique<\/h2>\n<p>&nbsp;<\/p>\n<h2>Chamomilla et l&rsquo;enfant<\/h2>\n<p style=\"text-align: justify;\"><strong>Chamomilla est tr\u00e8s souvent utilis\u00e9 comme rem\u00e8de pendant la dentition des enfants.<\/strong> Beaucoup de pharmacies conseillent ce rem\u00e8de aux parents. Ce conseil est louable mais <strong>il peut \u00eatre inexact<\/strong>.<\/p>\n<p style=\"text-align: justify;\"><em>Chamomilla<\/em> est souvent utile mais <strong>il n\u2019est pas le seul m\u00e9dicament \u00e0 donner<\/strong> dans ce cas de figure. Si les sympt\u00f4mes de l\u2019enfant ne sont pas semblables \u00e0 ceux du m\u00e9dicament, il n\u2019aura aucune efficacit\u00e9 et contribuera \u00e0 ajouter de l\u2019eau au moulin des d\u00e9tracteurs de l\u2019hom\u00e9opathie.<\/p>\n<p style=\"text-align: justify;\">L\u2019enfant<em> chamomilla<\/em> pr\u00e9sente une joue rouge, une transpiration abondante de la t\u00eate. Il est de mauvaise humeur, pleure, crie. On sent en lui une sorte de <strong>col\u00e8re<\/strong>, une intol\u00e9rance marqu\u00e9e \u00e0 la moindre frustration. Il va opposer une r\u00e9sistance farouche \u00e0 tout ce qu\u2019on veut lui imposer.<\/p>\n<p style=\"text-align: justify;\"><strong>L\u2019enfant veut \u00eatre port\u00e9<\/strong> ou roul\u00e9. Il exige diff\u00e9rentes choses et d\u00e8s qu\u2019il les obtient, il les rejette. Il frappe, donne des coups de pied, ne supporte personne \u00e0 c\u00f4t\u00e9 de lui, d\u00e9teste qu\u2019on le regarde, qu\u2019on l\u2019approche. Il est parfois mieux lorsqu\u2019il est berc\u00e9 par les vibrations d&rsquo;une voiture, d\u2019un moteur.<\/p>\n<h2>L&rsquo;hypersensibilit\u00e9 \u00e0 la douleur<\/h2>\n<p style=\"text-align: justify;\">Un autre point caract\u00e9ristique de <em>chamomilla<\/em> est son <strong>hypersensibilit\u00e9 \u00e0 la douleur<\/strong> qui est intol\u00e9rable. Ces douleurs insupportables sont situ\u00e9es \u00e0 l\u2019abdomen, aux dents, aux oreilles, aux articulations, \u00e0 la face, au nerf sciatique et tout <strong>particuli\u00e8rement \u00e0 l\u2019ut\u00e9rus<\/strong>.<\/p>\n<p style=\"text-align: justify;\">Si <em>Chamomilla<\/em> est un important rem\u00e8de de l\u2019enfant, il est aussi celui de la femme, comme le nom <em>matricaire<\/em> l\u2019indique : douleurs d\u2019accouchement, dysm\u00e9norrh\u00e9e. On note aussi des douleurs de type crampes, avec une sensation d\u2019engourdissement.<\/p>\n<h2 style=\"text-align: justify;\">La signification de<em> chamomilla<\/em><\/h2>\n<p style=\"text-align: justify;\">Le tableau typique de <em>chamomilla<\/em> est un enfant exasp\u00e9r\u00e9, transpirant de la t\u00eate, une joue rouge, dans les bras de sa m\u00e8re (ou de quelqu\u2019un qui s\u2019occupe de lui), calm\u00e9 lorsqu\u2019on le porte.<\/p>\n<p style=\"text-align: justify;\">Il y a chez l\u2019enfant <em>chamomilla<\/em> la coexistence entre deux faits :<br \/>\n\u2022 le fait d\u2019avoir les dents qui poussent, ce qui l\u2019entrainerait irr\u00e9sistiblement vers une autonomie.<br \/>\n\u2022 le fait de ne se calmer que dans un giron o\u00f9 il recherche la pr\u00e9sence d\u2019un corps vibrant, pulsatile et rassurant.<\/p>\n<p style=\"text-align: justify;\"><em>Chamomilla<\/em> a la nostalgie du giron, comme une pulsion irr\u00e9sistible \u00e0 revenir vers le sein maternel.<\/p>\n<h2 style=\"text-align: justify;\">Jung et <em>chamomilla<\/em><\/h2>\n<p style=\"text-align: justify;\"><strong>Pour Jung<\/strong> le d\u00e9sir incestueux repose peu sur la cohabitation, mais sur l<strong>\u2019id\u00e9e de redevenir enfant<\/strong>, de retourner sous la protection maternelle, de<strong> revenir dans la m\u00e8re<\/strong>, pour \u00eatre \u00e0 nouveau r\u00e9enfant\u00e9 par elle.<\/p>\n<p style=\"text-align: justify;\">On trouve particuli\u00e8rement cette id\u00e9e dans le rem\u00e8de<a href=\"https:\/\/www.cgjung.net\/espace\/bernard-long-homeopathie\/ambre-gris\/\"> <em>ambra grisea<\/em><\/a>. L\u2019antidote qui va pond\u00e9rer ce d\u00e9sir est ce que Jung appelle \u00ab\u00a0le sacrifice\u00a0\u00bb qui permettra de prendre de l\u2019autonomie et de positiver ce retour pulsionnel \u00e0 l\u2019inconscient. Il s&rsquo;agit d&rsquo;un processus de participation active et volontaire du moi pour aboutir \u00e0 l\u2019individuation, \u00e0 une nouvelle naissance.<\/p>\n<p style=\"text-align: justify;\">Nous sommes en pr\u00e9sence de cette probl\u00e9matique r\u00e9gressive Jungienne chez <em>chamomilla<\/em> :<br \/>\n\u2022 il revient dans le giron ; l\u2019enfant veut qu\u2019on le porte, ce qui l\u2019am\u00e9liore et le calme,<br \/>\n\u2022 l\u2019enfant mouille sa t\u00eate comme s\u2019il revivait un accouchement,<br \/>\n\u2022 il a peur de tomber dans le gouffre : r\u00eave de chute dans un ab\u00eeme, dans l\u2019ab\u00eeme de l\u2019inconscient,<br \/>\n\u2022 il a maintenant des dents mais cette pouss\u00e9e est difficile, comme s\u2019il la refusait,<br \/>\n\u2022 il doit r\u00e9agir, il doit s\u2019opposer, il perd patience et se met en col\u00e8re.<\/p>\n<h2 style=\"text-align: justify;\">Le portage de l&rsquo;enfant<\/h2>\n<p style=\"text-align: justify;\">Le portage de l\u2019enfant par la m\u00e8re est tr\u00e8s appr\u00e9ci\u00e9 dans de nombreuses civilisations, notamment en Afrique. On ne pose pas l\u2019enfant au sol par peur des mauvais g\u00e9nies, des animaux, de la vermine.<\/p>\n<p style=\"text-align: justify;\">C\u2019est une fa\u00e7on de prot\u00e9ger l\u2019enfant, qui avait disparu en Europe au XIXe si\u00e8cle dans les milieux bourgeois.<\/p>\n<p style=\"text-align: justify;\"><strong>Le portage pr\u00e9sente de nombreux avantages :<\/strong><\/p>\n<p style=\"text-align: justify;\">\u2022 il renforce l\u2019attachement, au niveau physiologique,<br \/>\n\u2022 il est favorable \u00e0 la digestion, \u00e0 l\u2019appareil musculo-squelettique,<br \/>\n\u2022 il est r\u00e9confortant, et stimule le d\u00e9veloppement cognitif et le sommeil\u2026<\/p>\n<p style=\"text-align: justify;\">Finalement on peut comprendre l\u2019insistance du petit <em>chamomilla<\/em> pour \u00eatre port\u00e9.<\/p>\n<h2 style=\"text-align: justify;\"><em>Chamomilla<\/em> est aussi centr\u00e9 sur la matrice<\/h2>\n<p style=\"text-align: justify;\">La femme<em> chamomilla<\/em> a des r\u00e8gles douloureuses. Son accouchement est p\u00e9nible comme si la s\u00e9paration \u00e9tait insupportable. La parturiente souffre, d\u00e9sire s\u2019enfuir ; elle est impatiente, en col\u00e8re, ne peut supporter personne aupr\u00e8s d\u2019elle, pousse des cris per\u00e7ants, g\u00e9mit, se lamente, r\u00e9clame assistance. Elle renvoie le m\u00e9decin puis demande d&rsquo;aller le chercher peu apr\u00e8s\u2026<\/p>\n<p style=\"text-align: justify;\"><em>Chamomilla<\/em> est une hypersensible. Sa situation est insupportable.<\/p>\n<h2 style=\"text-align: justify;\">Pour r\u00e9sumer <em>chamomilla<\/em><\/h2>\n<p style=\"text-align: justify;\">Le sujet<em> Chamomilla<\/em> vit <strong>un combat entre l\u2019enfance et la sortie de l\u2019enfance<\/strong> :<\/p>\n<p style=\"text-align: justify;\">1 &#8211; je suis encore un enfant &#8211; je veux \u00eatre port\u00e9<br \/>\n2 &#8211; foutez moi la paix<br \/>\n3 &#8211; je ne veux pas de dents<br \/>\n4 &#8211; c\u2019est insupportable<\/p>\n<p style=\"text-align: justify;\"><em><strong>Important<\/strong> : il est possible que l&rsquo;un des rem\u00e8des d\u00e9crits sur ce site vous convienne, mais on ne peut l&rsquo;affirmer sans un interrogatoire et un examen s\u00e9rieux effectu\u00e9s par un m\u00e9decin hom\u00e9opathe. Le site est fait pour faire conna\u00eetre l&rsquo;hom\u00e9opathie, en aucun cas il ne peut se substituer \u00e0 un th\u00e9rapeute. Le docteur Bernard Long n&rsquo;assure plus de consultations.<\/em><\/p>\n<p><a href=\"https:\/\/www.cgjung.net\/contact.htm\"><strong>Adresser un message \u00e0 Bernard Long<\/strong><\/a>&nbsp;<span style=\"color: #ff0000;\">(Il ne doit pas concerner une consultation \u00e0 caract\u00e8re m\u00e9dical).<\/span><\/p>\n<h2>Bernard Long<\/h2>\n<p><a href=\"https:\/\/www.cgjung.net\/espace\/bernard-long-homeopathie\/\">Pr\u00e9sentation du docteur Bernard Long<\/a><\/p>\n<h2>Ouvrages<\/h2>\n<ul>\n<li><a href=\"https:\/\/www.cgjung.net\/espace\/bernard-long-homeopathie\/symboles-archetypes\/\">Symboles et arch\u00e9types en hom\u00e9opathie<\/a>, reprend un certain nombre d\u2019articles publi\u00e9s sur ce site et les compl\u00e8te.<\/li>\n<li><a href=\"https:\/\/www.cgjung.net\/espace\/bernard-long-homeopathie\/symboles-archetypes\/#repertoire\">Le R\u00e9pertoire hom\u00e9opathique des maladies aigu\u00ebs<\/a> compl\u00e8te utilement cet ouvrage.<\/li>\n<li><a href=\"https:\/\/www.cgjung.net\/espace\/bernard-long-homeopathie\/enfant-mere-homeopathie\/\">L&rsquo;enfant, la m\u00e8re et l&rsquo;hom\u00e9opathie<\/a><\/li>\n<\/ul>\n<h2>Articles de Bernard Long<\/h2>\n<div class=\"menu-bernard-long-container\">\n<ul id=\"menu-bernard-long\" class=\"menu\">\n<li id=\"menu-item-2211\" class=\"menu-item menu-item-type-post_type menu-item-object-page current-page-ancestor menu-item-2211\"><a href=\"https:\/\/www.cgjung.net\/espace\/bernard-long-homeopathie\/lexique-de-lhomeopathie\/\">Lexique de l\u2019hom\u00e9opathie<\/a><\/li>\n<li id=\"menu-item-3010\" class=\"menu-item menu-item-type-post_type menu-item-object-page menu-item-3010\"><a href=\"https:\/\/www.cgjung.net\/espace\/bernard-long-homeopathie\/homeopathie-et-synchronicite\/\">Hom\u00e9opathie et synchronicit\u00e9<\/a><\/li>\n<li id=\"menu-item-2212\" class=\"menu-item menu-item-type-post_type menu-item-object-page menu-item-2212\"><a href=\"https:\/\/www.cgjung.net\/espace\/bernard-long-homeopathie\/le-reve-en-pratique-homeopathique\/\">R\u00eave en hom\u00e9opathie<\/a><\/li>\n<li id=\"menu-item-2213\" class=\"menu-item menu-item-type-post_type menu-item-object-page menu-item-2213\"><a href=\"https:\/\/www.cgjung.net\/espace\/bernard-long-homeopathie\/homeopathie-mandala\/\">Hom\u00e9opathie et mandala<\/a><\/li>\n<li id=\"menu-item-2214\" class=\"menu-item menu-item-type-post_type menu-item-object-page menu-item-2214\"><a href=\"https:\/\/www.cgjung.net\/espace\/bernard-long-homeopathie\/le-mercure\/\">Le Mercure<\/a><\/li>\n<li id=\"menu-item-2215\" class=\"menu-item menu-item-type-post_type menu-item-object-page menu-item-2215\"><a href=\"https:\/\/www.cgjung.net\/espace\/bernard-long-homeopathie\/coquille-philosophique\/\">Calcarea carbonica<\/a><\/li>\n<li id=\"menu-item-2216\" class=\"menu-item menu-item-type-post_type menu-item-object-page menu-item-2216\"><a href=\"https:\/\/www.cgjung.net\/espace\/bernard-long-homeopathie\/pulsatilla\/\">Pulsatilla<\/a><\/li>\n<li id=\"menu-item-2217\" class=\"menu-item menu-item-type-post_type menu-item-object-page menu-item-2217\"><a href=\"https:\/\/www.cgjung.net\/espace\/bernard-long-homeopathie\/jung-et-lhomeopathie\/\">Jung et l\u2019hom\u00e9opathie<\/a><\/li>\n<li id=\"menu-item-2218\" class=\"menu-item menu-item-type-post_type menu-item-object-page menu-item-2218\"><a href=\"https:\/\/www.cgjung.net\/espace\/bernard-long-homeopathie\/aconit\/\">Aconit<\/a><\/li>\n<li id=\"menu-item-2257\" class=\"menu-item menu-item-type-post_type menu-item-object-page menu-item-has-children menu-item-2257\"><a href=\"https:\/\/www.cgjung.net\/espace\/bernard-long-homeopathie\/arsenic\/\">Arsenic : aspects philosophique et psychologique<\/a><\/li>\n<li id=\"menu-item-2219\" class=\"menu-item menu-item-type-post_type menu-item-object-page menu-item-2219\"><a href=\"https:\/\/www.cgjung.net\/espace\/bernard-long-homeopathie\/arsenic\/vie-maladie-mortelle\/\">Arsenic : la vie est une maladie mortelle<\/a><\/li>\n<li id=\"menu-item-2220\" class=\"menu-item menu-item-type-post_type menu-item-object-page menu-item-has-children menu-item-2220\"><a href=\"https:\/\/www.cgjung.net\/espace\/bernard-long-homeopathie\/plante-belladona-belladone\/\">Belladona, la belle qui a du chien<\/a><\/li>\n<li id=\"menu-item-2446\" class=\"menu-item menu-item-type-post_type menu-item-object-page menu-item-2446\"><a href=\"https:\/\/www.cgjung.net\/espace\/bernard-long-homeopathie\/plante-belladona-belladone\/plante-homeopathique-belladona-belladone\/\">Belladona, un combat pour la vie<\/a><\/li>\n<li id=\"menu-item-3433\" class=\"menu-item menu-item-type-post_type menu-item-object-page menu-item-3433\"><a href=\"https:\/\/www.cgjung.net\/espace\/bernard-long-homeopathie\/information-compensatoire\/\">Hom\u00e9opathie : information compensatoire ?<\/a><\/li>\n<li id=\"menu-item-4301\" class=\"menu-item menu-item-type-post_type menu-item-object-page menu-item-4301\"><a href=\"https:\/\/www.cgjung.net\/espace\/bernard-long-homeopathie\/alumine-matiere-alchimie-symbolique\/\">D\u2019alumine \u00e0 alumina : mati\u00e8re, alchimie, symbolique<\/a><\/li>\n<li id=\"menu-item-5163\" class=\"menu-item menu-item-type-post_type menu-item-object-page menu-item-5163\"><a href=\"https:\/\/www.cgjung.net\/espace\/bernard-long-homeopathie\/symbolisme-du-sel\/\">Symbolisme du sel et hom\u00e9opathie<\/a><\/li>\n<li id=\"menu-item-5686\" class=\"menu-item menu-item-type-post_type menu-item-object-page menu-item-5686\"><a href=\"https:\/\/www.cgjung.net\/espace\/bernard-long-homeopathie\/ambre-gris\/\">L\u2019ambre gris, ambra grisea<\/a><\/li>\n<li id=\"menu-item-6253\" class=\"menu-item menu-item-type-post_type menu-item-object-page menu-item-6253\"><a href=\"https:\/\/www.cgjung.net\/espace\/bernard-long-homeopathie\/de-soleil-dor-aurum-metallicum\/\">De soleil et d\u2019or : aurum m\u00e9tallicum<\/a><\/li>\n<li id=\"menu-item-6699\" class=\"menu-item menu-item-type-post_type menu-item-object-page menu-item-6699\"><a href=\"https:\/\/www.cgjung.net\/espace\/bernard-long-homeopathie\/argent-argentum\/\">Lune d\u2019argent : argentum<\/a><\/li>\n<li id=\"menu-item-7142\" class=\"menu-item menu-item-type-post_type menu-item-object-page menu-item-7142\"><a href=\"https:\/\/www.cgjung.net\/espace\/bernard-long-homeopathie\/le-charbon-de-bois-carbo-vegetabilis\/\">Le charbon de bois : carbo vegetabilis<\/a><\/li>\n<li id=\"menu-item-7203\" class=\"menu-item menu-item-type-post_type menu-item-object-page menu-item-7203\"><a href=\"https:\/\/www.cgjung.net\/espace\/bernard-long-homeopathie\/cuivre-et-remede\/\">Cuivre et rem\u00e8de \u2013 Cuprum metallicum<\/a><\/li>\n<li id=\"menu-item-7266\" class=\"menu-item menu-item-type-post_type menu-item-object-page menu-item-7266\"><a href=\"https:\/\/www.cgjung.net\/espace\/bernard-long-homeopathie\/symptomes-symboles\/\">Sympt\u00f4mes et Symboles en hom\u00e9opathie<\/a><\/li>\n<li id=\"menu-item-7975\" class=\"menu-item menu-item-type-post_type menu-item-object-page menu-item-7975\"><a href=\"https:\/\/www.cgjung.net\/espace\/bernard-long-homeopathie\/soufre-sulfur\/\">Le soufre, sulfur<\/a><\/li>\n<li id=\"menu-item-8444\" class=\"menu-item menu-item-type-post_type menu-item-object-page menu-item-8444\"><a href=\"https:\/\/www.cgjung.net\/espace\/bernard-long-homeopathie\/serpent-lachesis-mutus\/\">Le serpent : Lachesis mutus<\/a><\/li>\n<li id=\"menu-item-8857\" class=\"menu-item menu-item-type-post_type menu-item-object-page menu-item-8857\"><a href=\"https:\/\/www.cgjung.net\/espace\/bernard-long-homeopathie\/la-belle-et-le-crapaud\/\">La belle et le crapaud<\/a><\/li>\n<li id=\"menu-item-9847\" class=\"menu-item menu-item-type- menu-item-object- menu-item-9847\"><a href=\"https:\/\/www.cgjung.net\/espace\/bernard-long-homeopathie\/lycopodium\/\">Au loup ! Le rem\u00e8de hom\u00e9opathique lycopodium clavatum<\/a><\/li>\n<li><a href=\"https:\/\/www.cgjung.net\/espace\/bernard-long-homeopathie\/le-plomb-plumbum-metallicum\/\">Le plomb, plumbum m\u00e9tallicum hom\u00e9opathique<\/a><\/li>\n<li><a href=\"https:\/\/www.cgjung.net\/espace\/bernard-long-homeopathie\/camomille-remede\/\">La camomille : le rem\u00e8de hom\u00e9opathique chamomilla<\/a><\/li>\n<li><a href=\"https:\/\/www.cgjung.net\/espace\/bernard-long-homeopathie\/bore-borax\/\">Le bore, borax, rem\u00e8de hom\u00e9opathique<\/a><\/li>\n<li><a href=\"https:\/\/www.cgjung.net\/espace\/bernard-long-homeopathie\/rhus-toxicodendron\/\">Rhus toxicodendron, le rem\u00e8de et le sujet<\/a><\/li>\n<li><a href=\"https:\/\/www.cgjung.net\/espace\/bernard-long-homeopathie\/bryonia-alba-le-remede-du-confine\/\">Bryonia alba le rem\u00e8de du confin\u00e9<\/a><\/li>\n<li><a href=\"https:\/\/www.cgjung.net\/espace\/bernard-long-homeopathie\/staphysagria-remede-pouilleux\/\">Staphysagria le rem\u00e8de du pouilleux<\/a><\/li>\n<li><a href=\"https:\/\/www.cgjung.net\/espace\/bernard-long-homeopathie\/veratrum-album-remede-vantard\/\">Veratrum album, rem\u00e8de pr\u00e9tentieux et vantard<\/a><\/li>\n<li><a href=\"https:\/\/www.cgjung.net\/espace\/bernard-long-homeopathie\/hepar-sulfur-calcareum-un-pyromane-frileux\/\">Hepar Sulfur Calcareum, un pyromane frileux<\/a><\/li>\n<li><a href=\"https:\/\/www.cgjung.net\/espace\/bernard-long-homeopathie\/sepia-sang-encre\/\">Le sujet sepia se fait un sang d\u2019encre<\/a><\/li>\n<li><a href=\"https:\/\/www.cgjung.net\/espace\/bernard-long-homeopathie\/zincum-metallicum\/\">Zincum metallicum&nbsp;un sujet galvanis\u00e9<\/a><\/li>\n<li><a href=\"https:\/\/www.cgjung.net\/espace\/bernard-long-homeopathie\/natrum-carbonicum-lessive-alchimique\/\">Natrum carbonicum : la grande lessive alchimique<\/a><\/li>\n<li><a href=\"https:\/\/www.cgjung.net\/espace\/bernard-long-homeopathie\/silicea\/\">Silicea sent le sol se d\u00e9rober sous ses pieds<\/a><\/li>\n<li><a href=\"https:\/\/www.cgjung.net\/espace\/bernard-long-homeopathie\/hyoscyamus-niger\/\">La jusquiame noire, hyoscyamus niger, au pays des sorci\u00e8res<\/a><\/li>\n<li><a href=\"https:\/\/www.cgjung.net\/espace\/bernard-long-homeopathie\/ammonium-muriaticum\/\">Ammonium muriaticum et l&rsquo;histoire du Petit Poucet<\/a><\/li>\n<li><a href=\"https:\/\/www.cgjung.net\/espace\/bernard-long-homeopathie\/capsicum-annuum\/\">La nostalgie du pays de Capsicum annuum<\/a><\/li>\n<li><a href=\"https:\/\/www.cgjung.net\/espace\/bernard-long-homeopathie\/kalium-carbonicum\/\">Kalium carbonicum, purification et destruction<\/a><\/li>\n<li><a href=\"https:\/\/www.cgjung.net\/espace\/bernard-long-homeopathie\/causticum-caustique\/\">Causticum : un \u00eatre caustique et empathique<\/a><\/li>\n<li><a href=\"https:\/\/www.cgjung.net\/espace\/bernard-long-homeopathie\/thuya-occidentalis\/\">Thuya occidentalis et le mythe d\u2019osiris<\/a><\/li>\n<li><a href=\"https:\/\/www.cgjung.net\/espace\/bernard-long-homeopathie\/anacardium-orientale-ange-ou-demon\/\">Anacardium orientale, ange ou d\u00e9mon ?<\/a><\/li>\n<li><a href=\"https:\/\/www.cgjung.net\/espace\/bernard-long-homeopathie\/china-officinalis\/\">China officinalis, Hahnemann et les d\u00e9buts de l\u2019hom\u00e9opathie<\/a><\/li>\n<li><a href=\"https:\/\/www.cgjung.net\/espace\/bernard-long-homeopathie\/ignatia-amara-est-fou-damour\/\">Ignatia amara est fou d\u2019amour<\/a><\/li>\n<li><a href=\"https:\/\/www.cgjung.net\/espace\/bernard-long-homeopathie\/nux-vomica\/\">Nux vomica, le juste milieu entre l\u2019abus et la rigueur<\/a><\/li>\n<li><a href=\"https:\/\/www.cgjung.net\/espace\/bernard-long-homeopathie\/ombre-lumiere\/\">Datura Stramonium, ombre, lumi\u00e8re, symbiose et magie<\/a><\/li>\n<li><a href=\"https:\/\/www.cgjung.net\/espace\/bernard-long-homeopathie\/alchimie-homeopathie\/\">Le cinabre : alchimie et hom\u00e9opathie<\/a><\/li>\n<li><a href=\"https:\/\/www.cgjung.net\/espace\/bernard-long-homeopathie\/cicuta-virosa\/\">Cicuta virosa, une ombellif\u00e8re infantile<\/a><\/li>\n<li><a href=\"https:\/\/www.cgjung.net\/espace\/bernard-long-homeopathie\/tuberculinum\/\">Tuberculinum, un rem\u00e8de pneumatique<\/a><\/li>\n<li><a href=\"https:\/\/www.cgjung.net\/espace\/bernard-long-homeopathie\/camphora\/\">Camphora &#8211; La solitude de ces espaces infinis me glace !<\/a><\/li>\n<li id=\"menu-item-3149\" class=\"menu-item menu-item-type-post_type menu-item-object-page menu-item-3149\"><a href=\"https:\/\/www.cgjung.net\/espace\/bernard-long-homeopathie\/poesies-de-bernard-long\/\">Po\u00e9sies de Bernard Long<\/a><\/li>\n<\/ul>\n<\/div>\n\n","protected":false},"excerpt":{"rendered":"<p>La symbolique\u00a0 et le rem\u00e8de hom\u00e9opathique de l&rsquo;humble camomille. Son lien avec\u00a0 la pens\u00e9e de Jung. La camomille sauvage Hahnemann a choisi pour sa pathog\u00e9n\u00e9sie hom\u00e9opathique d\u2019exprimer le suc de la plante enti\u00e8re fra\u00eeche, la matricaire, (matricaria recutita ou chamomilla recutita) m\u00eal\u00e9 avec des parties \u00e9gales d\u2019alcool. Il s\u2019agit de la petite camomille, camomille vraie, [&hellip;]<\/p>\n","protected":false},"author":1,"featured_media":0,"parent":61,"menu_order":154,"comment_status":"closed","ping_status":"closed","template":"","meta":{"footnotes":""},"class_list":["post-10923","page","type-page","status-publish","hentry"],"_links":{"self":[{"href":"https:\/\/www.cgjung.net\/espace\/wp-json\/wp\/v2\/pages\/10923","targetHints":{"allow":["GET"]}}],"collection":[{"href":"https:\/\/www.cgjung.net\/espace\/wp-json\/wp\/v2\/pages"}],"about":[{"href":"https:\/\/www.cgjung.net\/espace\/wp-json\/wp\/v2\/types\/page"}],"author":[{"embeddable":true,"href":"https:\/\/www.cgjung.net\/espace\/wp-json\/wp\/v2\/users\/1"}],"replies":[{"embeddable":true,"href":"https:\/\/www.cgjung.net\/espace\/wp-json\/wp\/v2\/comments?post=10923"}],"version-history":[{"count":31,"href":"https:\/\/www.cgjung.net\/espace\/wp-json\/wp\/v2\/pages\/10923\/revisions"}],"predecessor-version":[{"id":11004,"href":"https:\/\/www.cgjung.net\/espace\/wp-json\/wp\/v2\/pages\/10923\/revisions\/11004"}],"up":[{"embeddable":true,"href":"https:\/\/www.cgjung.net\/espace\/wp-json\/wp\/v2\/pages\/61"}],"wp:attachment":[{"href":"https:\/\/www.cgjung.net\/espace\/wp-json\/wp\/v2\/media?parent=10923"}],"curies":[{"name":"wp","href":"https:\/\/api.w.org\/{rel}","templated":true}]}}