{"id":10568,"date":"2020-01-17T15:33:01","date_gmt":"2020-01-17T14:33:01","guid":{"rendered":"https:\/\/www.cgjung.net\/espace\/?page_id=10568"},"modified":"2025-02-06T18:12:47","modified_gmt":"2025-02-06T17:12:47","slug":"2019-11-psychologie-profondeurs","status":"publish","type":"page","link":"https:\/\/www.cgjung.net\/espace\/seminaires\/2019-11-psychologie-profondeurs\/","title":{"rendered":"D\u00e9couvrir si l&rsquo;on est extraverti ou introverti et ses fonctions"},"content":{"rendered":"<p><strong>En partage, voici quelques moments forts du s\u00e9minaire Psychologie des profondeurs, d\u00e9couverte de son int\u00e9riorit\u00e9, qui s&rsquo;est d\u00e9roul\u00e9 les 16 et 17 novembre 2019.<\/strong><\/p>\n<p><img loading=\"lazy\" decoding=\"async\" class=\"size-full wp-image-10584 aligncenter\" src=\"https:\/\/www.cgjung.net\/espace\/wp-content\/uploads\/2020\/01\/quatre-fonctions-cg-jung.png\" alt=\"\" width=\"300\" height=\"300\" srcset=\"https:\/\/www.cgjung.net\/espace\/wp-content\/uploads\/2020\/01\/quatre-fonctions-cg-jung.png 300w, https:\/\/www.cgjung.net\/espace\/wp-content\/uploads\/2020\/01\/quatre-fonctions-cg-jung-150x150.png 150w\" sizes=\"auto, (max-width: 300px) 100vw, 300px\" \/><\/p>\n<h2>Les types psychologiques de Jung<\/h2>\n<p>A chacune des sessions sont abord\u00e9s les types psychologiques que Jung a d\u00e9crit en 1920. Bien que ces types ont \u00e9t\u00e9 repris sous diff\u00e9rentes formes, ils sont le plus souvent mal compris et d\u00e9form\u00e9s.<\/p>\n<p>Chaque personne n&rsquo;a eu aucun mal \u00e0 positionner son attitude principale : extraverti ou introverti. Les fonctions sont plus difficiles \u00e0 cerner (pens\u00e9e, intuition, sentiment, sensation) et elles ont donn\u00e9 lieu \u00e0 de nombreux \u00e9changes. Pas facile au premier abord de voir que le sentiment est une fonction rationnelle&#8230; Et comment ne pas confondre l&rsquo;intuition et la sensation, qui sont des fonctions irrationnelles et oppos\u00e9es.<\/p>\n<p>Chacun, patiemment, s&rsquo;est attel\u00e9 \u00e0 la t\u00e2che. Le r\u00e9sultat a \u00e9t\u00e9 probant, chaque personne r\u00e9ussissant \u00e0 se positionner parmi les orientations possibles. Un premier positionnement, car aucune situation n&rsquo;est immuable.<\/p>\n<p>Un deuxi\u00e8me temps fort fut celui o\u00f9 nous avons abord\u00e9 les r\u00eaves. Voici quelques exemples, riches et vari\u00e9s, parmi ceux qui nous ont \u00e9t\u00e9 confi\u00e9s.<\/p>\n<h2>Le r\u00eaveur est entour\u00e9 de h\u00e9ros<\/h2>\n<p>Le r\u00eaveur, informaticien \u00e0 quelques ann\u00e9es de sa retraite, se d\u00e9finit comme introverti avec pour fonction principale la sensation, secondaire 1 la pens\u00e9e et secondaire 2 le sentiment. Il nous livre le r\u00eave de la nuit qui pr\u00e9c\u00e8de la deuxi\u00e8me journ\u00e9e de s\u00e9minaire.<\/p>\n<blockquote>\n<p>\u00ab\u00a0Je suis sur une plage, l&rsquo;eau monte, il y a beaucoup d&rsquo;enfants et il faut faire attention. Il y a un tr\u00e8s cher ami, deux rang\u00e9es de vagues et une b\u00e2che (ba\u00efne) entre les deux.<\/p>\n<p>Le d\u00e9cor change, je me retrouve aux USA, dans un d\u00e9sert, il y fait tr\u00e8s chaud. Nous sommes quatre avec des hommes tr\u00e8s grands, tr\u00e8s gros et tr\u00e8s forts. On s&rsquo;arr\u00eate derri\u00e8re une barri\u00e8re et on se fait tirer dessus. Un des hommes a la t\u00eate en bas (peut-\u00eatre dans la terre), il porte un blue-jean et se fait tirer dessus, dans le derri\u00e8re\u2026<\/p>\n<p>Puis je me retrouve au bord d\u2019un lac avec de l\u2019eau croupie qui sent le pourri. Je suis avec un autre homme, plut\u00f4t bel homme, il ressemble \u00e0 Brad Pitt. Il me demande de venir dans l\u2019eau, en me faisant un signe de la main. J\u2019y vais \u00e0 contrec\u0153ur. Il y a de la vie, des petits poissons. L\u2019ambiance est tr\u00e8s lumineuse avec une couleur dominante de jaune.\u00a0\u00bb<\/p>\n<\/blockquote>\n<p>Les enfants qui apparaissent dans ce r\u00eave sont en danger. Puis le d\u00e9cor change du tout au tout : le d\u00e9sert am\u00e9ricain autour d&rsquo;une sc\u00e8ne digne d&rsquo;un Western. L&rsquo;eau du lac est peu avenante, le r\u00eaveur r\u00e9pugne \u00e0 y entrer, suit le h\u00e9ros (Brad Pitt), puis, signe de transformation, il y d\u00e9couvre de la vie, des poissons &#8230;.<\/p>\n<p>Ce r\u00eave, au d\u00e9part plein de dangers, montre tout le chemin \u00e0 parcourir. Accompagn\u00e9 par de v\u00e9ritables h\u00e9ros, le r\u00eaveur pourra finalement aborder de mani\u00e8re plus sereine un inconscient plein de richesses.<\/p>\n<h2>Le r\u00eaveur d\u00e9couvre des personnes inconnues<\/h2>\n<p>Un jeune chef d&rsquo;entreprise, qui se d\u00e9finit comme extraverti avec pour fonction principale la pens\u00e9e, fonction secondaire 1 la sensation et fonction secondaire 2 l&rsquo;intuition, d\u00e9couvre les notions de base de la psychologie jungienne. Habituellement<span style=\"color: #000000;\">, il ne se souvient pas de ses r\u00eaves qui pour lui repr\u00e9sentent une nouveaut\u00e9. Dans la nuit qui suit le premier jour du s\u00e9minaire il note le r\u00eave suivant, qu&rsquo;il partage le lendemain matin :<\/span><\/p>\n<blockquote>\n<p>\u00ab\u00a0Par un temps ensoleill\u00e9, un groupe de personnes qui me sont inconnues longent le mur de cl\u00f4ture de la maison o\u00f9 j&rsquo;ai pass\u00e9 la plus grande partie de mon enfance. Ma chienne s&rsquo;est \u00e9chapp\u00e9e, c&rsquo;est le groupe qui la ram\u00e8ne et aussit\u00f4t je r\u00e9pare le grillage par lequel elle s&rsquo;est \u00e9chapp\u00e9e.<\/p>\n<p>Le groupe s&rsquo;avance dans la cour, en t\u00eate je vois une magnifique femme \u00e0 la peau de de couleur noire, de type africain, tr\u00e8s belle et tr\u00e8s sexy. Elle a un tr\u00e9pied \u00e0 roulettes et un appareil photo. Puis au fur et \u00e0 mesure qu&rsquo;elle avance, elle se transforme et devient difforme, short trop court, \u00e9norme fessier situ\u00e9 tr\u00e8s en arri\u00e8re, recouvert de cellulite. Je d\u00e9tourne mon regard, et voil\u00e0 que se rapprochant, il n&rsquo;y a plus de notion physique, elle n&rsquo;est plus ni attirante ni repoussante.<\/p>\n<p>Puis le groupe s&rsquo;\u00e9loigne vers le bas de la propri\u00e9t\u00e9, et la femme prend des photos, mais n&rsquo;arrive pas \u00e0 faire ce qu&rsquo;elle veut avec ses associ\u00e9s. Ce ne sont plus les m\u00eames personnes, elles sont diff\u00e9rentes. De mon c\u00f4t\u00e9 je fais quelque chose pour que leurs actions se passent bien. Ils s&rsquo;int\u00e9ressent \u00e0 moi, on \u00e9change\u00a0\u00bb.<\/p>\n<\/blockquote>\n<p>Le r\u00eaveur d\u00e9couvre, \u00e0 partir des personnes qui lui rendent visite, des parties de lui-m\u00eame qui lui sont inconnues. La chienne, partie instinctive et domestiqu\u00e9e, lui \u00e9chappe, le groupe de personnes la lui ram\u00e8ne. Ils entrent dans l&rsquo;enclos de la propri\u00e9t\u00e9, pas encore dans la maison.<\/p>\n<p>Le f\u00e9minin appara\u00eet sous des traits tr\u00e8s avenants, une belle Africaine, toute en apparence, qui repr\u00e9sente l&rsquo;\u00e9tape de la s\u00e9duction. Cette femme se transforme, elle est tr\u00e8s active et a des associ\u00e9s qui collaborent peu. Le r\u00eaveur commence \u00e0 se familiariser avec ces personnes qui participent \u00e0 sa vie et qui lui sont inconnues. La prise des photos montre l&rsquo;int\u00e9r\u00eat de l&rsquo;inconscient pour la vie du r\u00eaveur.<\/p>\n<h2>La rencontre avec l&rsquo;ombre<\/h2>\n<p>Le r\u00eaveur, retrait\u00e9 et qui habite un immeuble dans une ville de taille moyenne, se d\u00e9finit comme introverti, fonction principale la sensation avec comme fonction secondaire 1 le sentiment et fonction secondaire 2 la pens\u00e9e. Il a pr\u00e9sentement des difficult\u00e9s avec la locataire qui habite l&rsquo;appartement situ\u00e9 au-dessous du sien, en partie insalubre. Celles-ci sont reprises dans le r\u00eave :<\/p>\n<blockquote>\n<p>\u00ab\u00a0Le questionnaire contenant les \u00e9nonc\u00e9s successifs des nuisances qui sont li\u00e9es aux odeurs des gros chiens et des chats sauvages qui sont h\u00e9berg\u00e9s par la locataire qui r\u00e9side dans l&rsquo;appartement au-dessous du mien est complet. Je dois l&rsquo;envoyer au syndic pour qu&rsquo;il le transmette au propri\u00e9taire de l&rsquo;appartement.\u00a0\u00bb<\/p>\n<\/blockquote>\n<p>Puis, un deuxi\u00e8me r\u00eave :<\/p>\n<blockquote>\n<p>\u00ab\u00a0Un locataire a cass\u00e9 totalement et volontairement sa vasque de salle de bains et en plus il est n\u00e9cessaire de faire des travaux dans son appartement. Je n\u00e9gocie pour r\u00e9cup\u00e9rer gratuitement je ne sais plus quel objet qui doit \u00eatre mis \u00e0 la casse\u00a0\u00bb.<\/p>\n<\/blockquote>\n<p>Le r\u00eave reprend des \u00e9l\u00e9ments qui pr\u00e9occupent le r\u00eaveur. Mais au-del\u00e0 de la n\u00e9cessit\u00e9 de r\u00e9gler ces probl\u00e8mes sur le plan pratique, s&rsquo;impose une deuxi\u00e8me lecture renvoyant \u00e0 des personnes incarnant l&rsquo;ombre (femme et homme) dont le r\u00eaveur doit s&rsquo;occuper.<\/p>\n<h2>Elle r\u00eave d&rsquo;un homme en grandes difficult\u00e9s<\/h2>\n<p>Fonctionnaire au Minist\u00e8re de l&rsquo;Int\u00e9rieur, elle se d\u00e9finit comme de type introverti avec pour fonction principale la pens\u00e9e et fonctions secondaires, dans l&rsquo;ordre, sensation et intuition. Elle pr\u00e9cise que chez elle la fonction sentiment est peu d\u00e9velopp\u00e9e, elle en a conscience. Voici le r\u00eave qu&rsquo;elle nous confie :<\/p>\n<blockquote>\n<p>\u00ab\u00a0Je suis au travail avec la brigade de recherche. Nous partons acheter de la coca\u00efne. Nous sommes quatre, deux coll\u00e8gues masculins, une coll\u00e8gue f\u00e9minine et moi.<\/p>\n<p>Je ne comprends pas pourquoi nous allons acheter de la drogue. Nous n&rsquo;avons pas besoin d&rsquo;en prendre pour l&rsquo;enqu\u00eate. Je me demande m\u00eame si c&rsquo;est pour leur consommation personnelle.<\/p>\n<p>Les deux coll\u00e8gues s&rsquo;avancent dans un hangar. Les deux femmes restons en retrait, dans un angle pour ne pas \u00eatre vues. Au fond du hangar nos deux coll\u00e8gues et un groupe d&rsquo;hommes effectuent la transaction. Ma coll\u00e8gue me dit qu&rsquo;il faut que l&rsquo;on parte, pour ne pas \u00eatre vues et reconnues.<\/p>\n<p>Ensuite nous sommes tous dans le bureau sauf ma coll\u00e8gue. Il y a en plus deux hommes, deux toxicomanes que l&rsquo;on a arr\u00eat\u00e9s. L&rsquo;un d&rsquo;eux est tellement accroc qu&rsquo;il ne peut se passer de drogue sinon il pourrait faire une crise de manque. Je comprends que la coca\u00efne a \u00e9t\u00e9 achet\u00e9e au cas o\u00f9 il serait en \u00ab\u00a0manque\u00a0\u00bb. Mes deux coll\u00e8gues partent avec l&rsquo;un des hommes interpell\u00e9s et me laissent seul avec l&rsquo;autre.<\/p>\n<p>Il a vu que mes coll\u00e8gues avaient un pochon de drogue dans les mains m\u00eame si j&rsquo;ai essay\u00e9 de faire en sorte qu&rsquo;il ne le voit pas. L&rsquo;homme m&rsquo;interpelle en me disant qu&rsquo;il sait ce que c&rsquo;est. Je m&rsquo;approche de lui, il est au fond du bureau. Cet homme qui fait plus \u00e2g\u00e9 que son \u00e2ge, est ab\u00eem\u00e9 par ses exc\u00e8s de drogue et d&rsquo;alcool. Il a les cheveux mi-longs, gras, et le visage bouffi.<\/p>\n<p>Il me dit qu&rsquo;il ne voulait pas finir comme cela, qu&rsquo;il avait des r\u00eaves, un r\u00eave celui de faire \u00ab\u00a0l&rsquo;ultra trail du Mont-Blanc\u00a0\u00bb [Course de 160 km avec un d\u00e9nivel\u00e9 de 10km]. Je lui r\u00e9ponds alors que c&rsquo;est toujours possible, il me r\u00e9pond que \u00ab\u00a0non\u00a0\u00bb, vu son \u00e2ge. Je r\u00e9fl\u00e9chis et soudain lui dis que c&rsquo;est possible puisque je connais une personne qui veut faire cette course avant d&rsquo;avoir 65 ans.\u00a0\u00bb<\/p>\n<\/blockquote>\n<p>Ce r\u00eave nous donne \u00e0 d\u00e9couvrir un homme en grandes difficult\u00e9s, inconnu de la r\u00eaveuse, qui n&rsquo;a pu se d\u00e9velopper et dont l&rsquo;un des r\u00eaves \u00e9tait de participer \u00e0 \u00ab\u00a0l&rsquo;ultra trail du Mont-Blanc \u00ab\u00a0. La r\u00eaveuse a une attitude tr\u00e8s positive, lui prodiguant tous ses encouragements.<\/p>\n<p><em>Les interpr\u00e9tations ci-dessus sont le r\u00e9sultat d&rsquo;un premier \u00e9change. Elles constituent une simple \u00e9bauche et n\u00e9cessitent un travail plus approfondi de la part du r\u00eaveur et un suivi des r\u00eaves dans le temps.<\/em><\/p>\n<h2>S\u00e9minaire sous le signe du partage<\/h2>\n<p>A l&rsquo;issue de ce s\u00e9minaire, chacun a pu mesurer l&rsquo;importance de la vie int\u00e9rieure et voir comment elle est reli\u00e9e au v\u00e9cu ext\u00e9rieur. Une riche rencontre pour tous sous le signe du partage !<\/p>\n<p><em>Les \u00e9l\u00e9ments ci-dessus donnent un aper\u00e7u de la richesse des \u00e9changes. Ils ont \u00e9t\u00e9 recueillis par <a href=\"https:\/\/www.cgjung.net\/espace\/qui-sommes-nous\/chantal-armouet\/\" rel=\"noopener noreferrer\">Chantal Armouet<\/a> et Jean-Pierre Robert, animateurs du s\u00e9minaire.<\/em><\/p>\n<h1>Chroniques des s\u00e9minaires<\/h1>\n<ul>\n<li><a href=\"https:\/\/www.cgjung.net\/espace\/seminaires\/2019-10-que-disent-nos-reves\/\">Les images arch\u00e9typiques dans les r\u00eaves, les reconna\u00eetre<\/a> (octobre 2019)<\/li>\n<li><a href=\"https:\/\/www.cgjung.net\/espace\/seminaires\/2019-11-psychologie-profondeurs\/\">D\u00e9couvrir si l\u2019on est extraverti ou introverti et ses fonctions<\/a> (novembre 2019)<\/li>\n<li><a href=\"https:\/\/www.cgjung.net\/espace\/seminaires\/2019-12-harcelement-emprise\/\">Incroyable ! L\u2019imagination des manipulateurs d\u00e9fie l\u2019entendement<\/a> (d\u00e9cembre 2019)<\/li>\n<li><a href=\"https:\/\/www.cgjung.net\/espace\/seminaires\/2020-01-a-lecoute-des-reves\/\">A l&rsquo;\u00e9coute des r\u00eaves<\/a>\u00a0(janvier 2020)<\/li>\n<\/ul>\n\n<h1>S\u00e9minaires p\u00e9riode d&rsquo;avril 2017 \u00e0 avril 2023<\/h1>\n<ul>\n<li><a href=\"https:\/\/www.cgjung.net\/espace\/seminaires\/seminaires-2017-2023\/\">S\u00e9minaires de formation d&rsquo;avril 2017 \u00e0 avril 2023<\/a>\n<ul>\n<li><a href=\"https:\/\/www.cgjung.net\/espace\/seminaires\/que-disent-nos-reves-seminaire-en-ligne\/\">Approche jungienne des r\u00eaves<\/a><\/li>\n<li><a href=\"https:\/\/www.cgjung.net\/espace\/seminaires\/psychologie-des-profondeurs-seminaire-en-ligne\/\">Psychologie des profondeurs selon C.G. Jung<\/a><\/li>\n<li><a href=\"https:\/\/www.cgjung.net\/espace\/seminaires\/harcelement-relations-emprise\/\">Harc\u00e8lement et relations d\u2019emprise : comment s\u2019en lib\u00e9rer ?<\/a><\/li>\n<\/ul>\n<\/li>\n<\/ul>\n\n","protected":false},"excerpt":{"rendered":"<p>En partage, voici quelques moments forts du s\u00e9minaire Psychologie des profondeurs, d\u00e9couverte de son int\u00e9riorit\u00e9, qui s&rsquo;est d\u00e9roul\u00e9 les 16 et 17 novembre 2019. Les types psychologiques de Jung A chacune des sessions sont abord\u00e9s les types psychologiques que Jung a d\u00e9crit en 1920. Bien que ces types ont \u00e9t\u00e9 repris sous diff\u00e9rentes formes, ils [&hellip;]<\/p>\n","protected":false},"author":1,"featured_media":0,"parent":8959,"menu_order":36,"comment_status":"closed","ping_status":"closed","template":"","meta":{"footnotes":""},"class_list":["post-10568","page","type-page","status-publish","hentry"],"_links":{"self":[{"href":"https:\/\/www.cgjung.net\/espace\/wp-json\/wp\/v2\/pages\/10568","targetHints":{"allow":["GET"]}}],"collection":[{"href":"https:\/\/www.cgjung.net\/espace\/wp-json\/wp\/v2\/pages"}],"about":[{"href":"https:\/\/www.cgjung.net\/espace\/wp-json\/wp\/v2\/types\/page"}],"author":[{"embeddable":true,"href":"https:\/\/www.cgjung.net\/espace\/wp-json\/wp\/v2\/users\/1"}],"replies":[{"embeddable":true,"href":"https:\/\/www.cgjung.net\/espace\/wp-json\/wp\/v2\/comments?post=10568"}],"version-history":[{"count":25,"href":"https:\/\/www.cgjung.net\/espace\/wp-json\/wp\/v2\/pages\/10568\/revisions"}],"predecessor-version":[{"id":28527,"href":"https:\/\/www.cgjung.net\/espace\/wp-json\/wp\/v2\/pages\/10568\/revisions\/28527"}],"up":[{"embeddable":true,"href":"https:\/\/www.cgjung.net\/espace\/wp-json\/wp\/v2\/pages\/8959"}],"wp:attachment":[{"href":"https:\/\/www.cgjung.net\/espace\/wp-json\/wp\/v2\/media?parent=10568"}],"curies":[{"name":"wp","href":"https:\/\/api.w.org\/{rel}","templated":true}]}}