{"id":10337,"date":"2020-01-31T14:07:35","date_gmt":"2020-01-31T13:07:35","guid":{"rendered":"https:\/\/www.cgjung.net\/espace\/?page_id=10337"},"modified":"2020-02-07T17:45:42","modified_gmt":"2020-02-07T16:45:42","slug":"soi-archetype","status":"publish","type":"page","link":"https:\/\/www.cgjung.net\/espace\/cg-jung\/soi-archetype\/","title":{"rendered":"Le  Soi de Jung : arch\u00e9type central et organisateur"},"content":{"rendered":"<p style=\"text-align: justify;\"><strong>Les manifestations des arch\u00e9types ne surviennent pas au hasard. Elles sont r\u00e9gul\u00e9es par un syst\u00e8me que Jung a nomm\u00e9 le Soi<\/strong>.<\/p>\n<p style=\"text-align: center;\"><a href=\"https:\/\/www.cgjung.net\/livrerouge\/livre-rouge-jung-page-125.htm\"><img loading=\"lazy\" decoding=\"async\" class=\"size-full wp-image-10668 aligncenter\" src=\"https:\/\/www.cgjung.net\/espace\/wp-content\/uploads\/2020\/01\/moi-soi.jpg\" alt=\"\" width=\"550\" height=\"425\" srcset=\"https:\/\/www.cgjung.net\/espace\/wp-content\/uploads\/2020\/01\/moi-soi.jpg 550w, https:\/\/www.cgjung.net\/espace\/wp-content\/uploads\/2020\/01\/moi-soi-300x232.jpg 300w\" sizes=\"auto, (max-width: 550px) 100vw, 550px\" \/><\/a><a href=\"https:\/\/www.cgjung.net\/livrerouge\/livre-rouge-jung-page-125.htm\"><span style=\"font-size: 10pt;\">C.G. Jung, Livre rouge, page 125<\/span><\/a><\/p>\n<h2>Le Soi est central et sans limites<\/h2>\n<p style=\"text-align: justify;\">Le soi est une totalit\u00e9 de l\u2019ensemble conscient-inconscient de la psych\u00e9, totalit\u00e9 illimit\u00e9e, transcendant la conscience et nos possibilit\u00e9s de cognition. A propos du Soi Jung pr\u00e9cise :<\/p>\n<blockquote>\n<p style=\"text-align: justify;\">\u00ab\u00a0Une partie de mon propre \u00eatre, de grandeur inconnue, y est certes incluse, mais je ne peux pas, puisqu\u2019elle est l\u2019inconscient, en pr\u00e9ciser les limites et l\u2019extension. C\u2019est pourquoi le Soi est un concept limite dont les processus psychiques n\u2019\u00e9puisent pas le contenu, \u00e0 beaucoup pr\u00e8s.\u00a0\u00bb<br \/>\n<span style=\"font-size: 10pt;\"><a href=\"https:\/\/www.cgjung.net\/oeuvre\/correspondance_1955_1957.htm\">C.G. Jung, Correspondance, Tome 4<\/a>, page 20<\/span><\/p>\n<\/blockquote>\n<h2>La qu\u00eate du soi de Jung<\/h2>\n<p style=\"text-align: justify;\">Jung, arriv\u00e9 aux derni\u00e8res ann\u00e9es de sa vie, nous donne une magnifique description de sa qu\u00eate du Soi :<\/p>\n<blockquote>\n<p style=\"text-align: justify;\">\u00ab\u00a0Tous tant que nous sommes, nous \u00e9pions ce <em>miroir d\u00e9poli<\/em> sur lequel d\u00e9filent les figures d\u2019un mythe obscur, cherchant \u00e0 en extraire l\u2019invisible v\u00e9rit\u00e9.<\/p>\n<p style=\"text-align: justify;\">Tout ce que je puis dire c\u2019est que regardant pour mon compte dans le dit miroir, l\u2019\u0153il de mon esprit y a discern\u00e9 une forme ; je l\u2019ai appel\u00e9e le Soi, tout en restant parfaitement conscient du fait qu\u2019il s\u2019agit l\u00e0 d\u2019une image anthropomorphe ; nomm\u00e9e par cette expression, cette forme n\u2019est pas pour autant expliqu\u00e9e.<\/p>\n<p style=\"text-align: justify;\">Certes, par ce terme de Soi, nous voulons d\u00e9signer la totalit\u00e9 psychique. Mais nous ne savons, et ne saurions savoir, quelles sont les r\u00e9alit\u00e9s qui se cimentent dans cette notion.<br \/>\n<span style=\"font-size: 10pt;\"><a href=\"https:\/\/www.cgjung.net\/oeuvre\/mythe_moderne.htm\">C.G. Jung, Un mythe moderne<\/a>, page 243<\/span><\/p>\n<\/blockquote>\n<h2>Le moi et le Soi<\/h2>\n<ul>\n<li>Le moi doit rester fort pour \u00e9viter la dissolution ou l&rsquo;inflation.<\/li>\n<li>Le Soi ordonne et oriente l&rsquo;aspiration du conscient vers la Totalit\u00e9.<\/li>\n<li>Le Soi est un lieu o\u00f9 l&rsquo;opposition des contraires est suspendue.<\/li>\n<li>Le soi propose une possibilit\u00e9 d\u2019accomplir le processus d&rsquo;individuation.<\/li>\n<\/ul>\n<p>Jung nous dit :<\/p>\n<blockquote>\n<p style=\"text-align: justify;\">\u00ab\u00a0L\u2019ancrage du moi dans le Monde conscient et le renforcement de la conscience par une adaptation aussi rigoureuse que possible sont de la plus grande importance.\u00a0\u00bb<br \/>\n<span style=\"font-size: 10pt;\"><a href=\"https:\/\/www.cgjung.net\/oeuvre\/aion.htm\">C.G. Jung, A\u00efon,<\/a> page 38<\/span><\/p>\n<\/blockquote>\n<h2>La pens\u00e9e de Jung au sujet du Soi est fluctuante<\/h2>\n<p style=\"text-align: justify;\">Ajoutons que la pens\u00e9e de Jung a parfois \u00e9t\u00e9 contradictoire au sujet du Soi car cette notion essentielle a \u00e9t\u00e9 fortement influenc\u00e9e par sa personnalit\u00e9 et ses d\u00e9couvertes ext\u00e9rieures et int\u00e9rieures. Ajoutons aussi que les interpr\u00e9tations au sujet du Soi de Jung sont nombreuses et parfois divergentes \u2026<\/p>\n<p>Voir \u00e9galement le texte <a href=\"https:\/\/www.cgjung.net\/espace\/cg-jung\/archetypes\/\">Les arch\u00e9types selon Jung<\/a>.<\/p>\n<p style=\"text-align: justify;\"><em>Une partie des textes et des citations sont extraits de la page<\/em> <a href=\"https:\/\/www.cgjung.net\/espace\/cg-jung\/les-archetypes-le-soi\/\"><em>Les arch\u00e9types et le Soi organisateur.<\/em><\/a><\/p>\n<p style=\"text-align: right;\"><a href=\"https:\/\/www.cgjung.net\/espace\/cg-jung\/linconscient-complexes\/\">Article pr\u00e9c\u00e9dent<\/a>\u00a0| <a href=\"https:\/\/www.cgjung.net\/espace\/cg-jung\/reponse-a-job\/\">Article suivant<\/a><\/p>\n","protected":false},"excerpt":{"rendered":"<p>Les manifestations des arch\u00e9types ne surviennent pas au hasard. Elles sont r\u00e9gul\u00e9es par un syst\u00e8me que Jung a nomm\u00e9 le Soi. C.G. Jung, Livre rouge, page 125 Le Soi est central et sans limites Le soi est une totalit\u00e9 de l\u2019ensemble conscient-inconscient de la psych\u00e9, totalit\u00e9 illimit\u00e9e, transcendant la conscience et nos possibilit\u00e9s de cognition. [&hellip;]<\/p>\n","protected":false},"author":1,"featured_media":0,"parent":110,"menu_order":434,"comment_status":"closed","ping_status":"closed","template":"","meta":{"footnotes":""},"class_list":["post-10337","page","type-page","status-publish","hentry"],"_links":{"self":[{"href":"https:\/\/www.cgjung.net\/espace\/wp-json\/wp\/v2\/pages\/10337","targetHints":{"allow":["GET"]}}],"collection":[{"href":"https:\/\/www.cgjung.net\/espace\/wp-json\/wp\/v2\/pages"}],"about":[{"href":"https:\/\/www.cgjung.net\/espace\/wp-json\/wp\/v2\/types\/page"}],"author":[{"embeddable":true,"href":"https:\/\/www.cgjung.net\/espace\/wp-json\/wp\/v2\/users\/1"}],"replies":[{"embeddable":true,"href":"https:\/\/www.cgjung.net\/espace\/wp-json\/wp\/v2\/comments?post=10337"}],"version-history":[{"count":23,"href":"https:\/\/www.cgjung.net\/espace\/wp-json\/wp\/v2\/pages\/10337\/revisions"}],"predecessor-version":[{"id":10741,"href":"https:\/\/www.cgjung.net\/espace\/wp-json\/wp\/v2\/pages\/10337\/revisions\/10741"}],"up":[{"embeddable":true,"href":"https:\/\/www.cgjung.net\/espace\/wp-json\/wp\/v2\/pages\/110"}],"wp:attachment":[{"href":"https:\/\/www.cgjung.net\/espace\/wp-json\/wp\/v2\/media?parent=10337"}],"curies":[{"name":"wp","href":"https:\/\/api.w.org\/{rel}","templated":true}]}}